000
CXUS52 KFFC 011010
CF6GVL
PRELIMINARY LOCAL CLIMATOLOGICAL DATA (WS FORM: F-6)
STATION: GAINESVILLE
MONTH: APRIL
YEAR: 2021
LATITUDE: 34 16 N
LONGITUDE: 83 50 W
TEMPERATURE IN F: :PCPN: SNOW: WIND :SUNSHINE: SKY :PK WND
================================================================================
1 2 3 4 5 6A 6B 7 8 9 10 11 12 13 14 15 16 17 18
12Z AVG MX 2MIN
DY MAX MIN AVG DEP HDD CDD WTR SNW DPTH SPD SPD DIR MIN PSBL S-S WX SPD DR
================================================================================
1 51 38 45 -12 20 0 0.00 M M 14.5 22 320 M M 0 8 40 320
2 57 32 45 -12 20 0 0.00 M M 7.0 14 260 M M 0 21 340
3 61 32 47 -10 18 0 0.00 M M 4.7 14 100 M M 0 20 100
4 72 39 56 -2 9 0 0.00 M M 6.0 14 250 M M 0 22 210
5 76 46 61 3 4 0 0.00 M M 4.5 14 250 M M 0 19 240
6 78 51 65 7 0 0 0.00 M M 5.3 15 240 M M 0 21 230
7 80 53 67 9 0 2 0.00 M M 4.8 14 250 M M 0 19 270
8 74 59 67 8 0 2 T M M 5.3 13 150 M M 4 21 140
9 79 58 69 10 0 4 0.00 M M 5.1 14 200 M M 4 23 180
10 66 60 63 4 2 0 0.86 M M 6.1 13 150 M M 8 1 21 140
11 72 55 64 5 1 0 0.00 M M 8.4 17 260 M M 1 26 260
12 81 50 66 6 0 1 0.00 M M 9.2 23 250 M M 0 38 270
13 83 54 69 9 0 4 0.00 M M 4.0 14 240 M M 0 22 210
14 81 54 68 8 0 3 T M M 6.8 23 260 M M 4 34 280
15 71 52 62 2 3 0 0.00 M M 9.8 18 280 M M 3 34 280
16 67 46 57 -4 8 0 0.00 M M 3.8 12 240 M M 0 15 230
17 69 53 61 0 4 0 T M M 5.2 14 240 M M 6 20 240
18 71 48 60 -1 5 0 0.00 M M 6.3 16 250 M M 0 25 260
19 72 50 61 0 4 0 0.00 M M 8.7 16 260 M M 1 29 290
20 74 49 62 0 3 0 0.00 M M 3.3 15 240 M M 2 20 140
21 61 40 51 -11 14 0 0.00 M M 11.7 22 280 M M 0 45 280
22 62 34 48 -14 17 0 0.00 M M 6.3 18 250 M M 0 30 250
23 66 40 53 -9 12 0 0.01 M M 4.6 12 110 M M 2 16 100
24 59 48 54 -9 11 0 1.86 M M 8.1 28 100 M M 9 13 37 100
25 72 53 63 0 2 0 0.00 M M 10.0 18 340 M M 2 1 25 350
26 76 48 62 -1 3 0 0.00 M M 4.7 14 100 M M 0 20 100
27 80 55 68 5 0 3 0.00 M M 4.0 12 260 M M 1 17 170
28 82 62 72 8 0 7 0.00 M M 4.1 12 240 M M 2 16 260
29 79 62 71 7 0 6 0.07 M M 8.8 22 260 M M 4 1 36 270
30 76 60 68 4 0 3 0.00 M M 9.4 18 320 M M 1 34 280
================================================================================
SM 2148 1481 160 35 2.80 M 200.5 M 54
================================================================================
AV 71.6 49.4 6.7 FASTST M M 2 MAX(MPH)
MISC ----> 28 100 45 280
================================================================================
NOTES:
# LAST OF SEVERAL OCCURRENCES
COLUMN 17 PEAK WIND IN M.P.H.
PRELIMINARY LOCAL CLIMATOLOGICAL DATA (WS FORM: F-6) , PAGE 2
STATION: GAINESVILLE
MONTH: APRIL
YEAR: 2021
LATITUDE: 34 16 N
LONGITUDE: 83 50 W
[TEMPERATURE DATA] [PRECIPITATION DATA] SYMBOLS USED IN COLUMN 16
AVERAGE MONTHLY: 60.5 TOTAL FOR MONTH: 2.80 1 = FOG OR MIST
DPTR FM NORMAL: 0.0 DPTR FM NORMAL: -0.76 2 = FOG REDUCING VISIBILITY
HIGHEST: 83 ON 13 GRTST 24HR 1.86 ON 24-24 TO 1/4 MILE OR LESS
LOWEST: 32 ON 3, 2 3 = THUNDER
SNOW, ICE PELLETS, HAIL 4 = ICE PELLETS
TOTAL MONTH: 0.0 INCH 5 = HAIL
GRTST 24HR M ON M 6 = FREEZING RAIN OR DRIZZLE
GRTST DEPTH: M ON M 7 = DUSTSTORM OR SANDSTORM:
VSBY 1/2 MILE OR LESS
8 = SMOKE OR HAZE
[NO. OF DAYS WITH] [WEATHER - DAYS WITH] 9 = BLOWING SNOW
X = TORNADO
MAX 32 OR BELOW: 0 0.01 INCH OR MORE: 4
MAX 90 OR ABOVE: 0 0.10 INCH OR MORE: 2
MIN 32 OR BELOW: 2 0.50 INCH OR MORE: 2
MIN 0 OR BELOW: 0 1.00 INCH OR MORE: 1
[HDD (BASE 65) ]
TOTAL THIS MO. 160 CLEAR (SCALE 0-3) 22
DPTR FM NORMAL -13 PTCLDY (SCALE 4-7) 7
TOTAL FM JUL 1 2583 CLOUDY (SCALE 8-10) 1
DPTR FM NORMAL -443
[CDD (BASE 65) ]
TOTAL THIS MO. 35
DPTR FM NORMAL 1 [PRESSURE DATA]
TOTAL FM JAN 1 49 HIGHEST SLP 30.50 ON 3
DPTR FM NORMAL 10 LOWEST SLP 29.62 ON 11
[REMARKS]
#FINAL-04-21#