000
CXUS52 KFFC 011010
CF6GVL
PRELIMINARY LOCAL CLIMATOLOGICAL DATA (WS FORM: F-6)
STATION: GAINESVILLE
MONTH: SEPTEMBER
YEAR: 2023
LATITUDE: 34 16 N
LONGITUDE: 83 50 W
TEMPERATURE IN F: :PCPN: SNOW: WIND :SUNSHINE: SKY :PK WND
================================================================================
1 2 3 4 5 6A 6B 7 8 9 10 11 12 13 14 15 16 17 18
12Z AVG MX 2MIN
DY MAX MIN AVG DEP HDD CDD WTR SNW DPTH SPD SPD DIR MIN PSBL S-S WX SPD DR
================================================================================
1 80 68 74 -2 0 9 0.00 M M 9.2 18 90 M M 1 28 70
2 82 67 75 -1 0 10 0.00 M M 4.6 12 80 M M 3 16 100
3 86 65 76 0 0 11 0.00 M M 1.8 9 70 M M 1 13 70
4 89 67 78 2 0 13 0.00 M M 2.3 8 310 M M 0 14 300
5 86 69 78 3 0 13 0.00 M M 4.3 10 250 M M 0 13 250
6 90 68 79 4 0 14 0.00 M M 5.8 14 280 M M 0 19 290
7 88 71 80 5 0 15 0.00 M M 6.5 16 240 M M 1 25 260
8 85 65 75 0 0 10 0.00 M M 2.9 9 120 M M 3 13 70
9 85 65 75 1 0 10 1.44 M M 6.2 16 180 M M 4 13 29 180
10 84 65 75 1 0 10 0.01 M M 4.2 10 70 M M 6 123 14 80
11 89 68 79 5 0 14 0.00 M M 4.6 9 340 M M 2 13 270
12 86 69 78 4 0 13 0.14 M M 2.6 25 310 M M 3 13 39 310
13 85 69 77 4 0 12 0.09 M M 4.5 14 310 M M 5 13 20 100
14 78 69 74 1 0 9 0.02 M M 6.6 14 80 M M 7 21 70
15 76 65 71 -2 0 6 0.13 M M 5.6 10 50 M M 9 1 16 70
16 73 63 68 -4 0 3 0.14 M M 2.6 8 130 M M 8 1 12 100
17 79 63 71 -1 0 6 0.72 M M 6.5 17 320 M M 6 1 24 320
18 78 59 69 -3 0 4 0.00 M M 6.0 14 260 M M 1 18 300
19 80 57 69 -3 0 4 0.00 M M 2.8 8 150 M M 1 14 130
20 80 60 70 -1 0 5 0.00 M M 4.3 10 70 M M 2 16 130
21 80 61 71 0 0 6 0.00 M 0 6.3 14 100 M M 3 19 110
22 80 61 71 0 0 6 0.00 M M 4.7 15 90 M M 3 23 80
23 82 58 70 0 0 5 0.00 M M 5.8 14 290 M M 0 19 290
24 83 57 70 0 0 5 0.00 M M 4.2 12 270 M M 0 17 260
25 84 62 73 3 0 8 0.00 M M 3.3 12 280 M M 0 17 280
26 81 66 74 5 0 9 0.00 M M 8.3 16 70 M M 1 23 50
27 70 61 66 -3 0 1 T M M 8.6 15 70 M M 10 22 60
28 76 61 69 1 0 4 0.00 M M 5.4 14 60 M M 5 19 60
29 83 60 72 4 0 7 0.00 M 0 2.5 9 90 M M 1 12 160
30 86 62 74 6 0 9 0.00 M M 3.5 9 60 M M 0 12 140
================================================================================
SM 2464 1921 0 251 2.69 M 146.5 M 86
================================================================================
AV 82.1 64.0 4.9 FASTST M M 3 MAX(MPH)
MISC ----> 25 310 39 310
================================================================================
NOTES:
# LAST OF SEVERAL OCCURRENCES
COLUMN 17 PEAK WIND IN M.P.H.
PRELIMINARY LOCAL CLIMATOLOGICAL DATA (WS FORM: F-6) , PAGE 2
STATION: GAINESVILLE
MONTH: SEPTEMBER
YEAR: 2023
LATITUDE: 34 16 N
LONGITUDE: 83 50 W
[TEMPERATURE DATA] [PRECIPITATION DATA] SYMBOLS USED IN COLUMN 16
AVERAGE MONTHLY: 73.1 TOTAL FOR MONTH: 2.69 1 = FOG OR MIST
DPTR FM NORMAL: 0.7 DPTR FM NORMAL: -1.20 2 = FOG REDUCING VISIBILITY
HIGHEST: 90 ON 6 GRTST 24HR 1.44 ON 9- 9 TO 1/4 MILE OR LESS
LOWEST: 57 ON 24,19 3 = THUNDER
SNOW, ICE PELLETS, HAIL 4 = ICE PELLETS
TOTAL MONTH: M 5 = HAIL
GRTST 24HR M ON M 6 = FREEZING RAIN OR DRIZZLE
GRTST DEPTH: 0 7 = DUSTSTORM OR SANDSTORM:
VSBY 1/2 MILE OR LESS
8 = SMOKE OR HAZE
[NO. OF DAYS WITH] [WEATHER - DAYS WITH] 9 = BLOWING SNOW
X = TORNADO
MAX 32 OR BELOW: 0 0.01 INCH OR MORE: 8
MAX 90 OR ABOVE: 1 0.10 INCH OR MORE: 5
MIN 32 OR BELOW: 0 0.50 INCH OR MORE: 2
MIN 0 OR BELOW: 0 1.00 INCH OR MORE: 1
[HDD (BASE 65) ]
TOTAL THIS MO. 0 CLEAR (SCALE 0-3) 20
DPTR FM NORMAL -10 PTCLDY (SCALE 4-7) 8
TOTAL FM JUL 1 0 CLOUDY (SCALE 8-10) 2
DPTR FM NORMAL -7
[CDD (BASE 65) ]
TOTAL THIS MO. 251
DPTR FM NORMAL 19 [PRESSURE DATA]
TOTAL FM JAN 1 1642 HIGHEST SLP 30.26 ON 2
DPTR FM NORMAL 61 LOWEST SLP 29.81 ON 7
[REMARKS]
#FINAL-09-23#