000
CXUS54 KFWD 240731
CF6GVT
PRELIMINARY LOCAL CLIMATOLOGICAL DATA (WS FORM: F-6)
STATION: GREENVILLE
MONTH: APRIL
YEAR: 2024
LATITUDE: 33 4 N
LONGITUDE: 96 4 W
TEMPERATURE IN F: :PCPN: SNOW: WIND :SUNSHINE: SKY :PK WND
================================================================================
1 2 3 4 5 6A 6B 7 8 9 10 11 12 13 14 15 16 17 18
12Z AVG MX 2MIN
DY MAX MIN AVG DEP HDD CDD WTR SNW DPTH SPD SPD DIR MIN PSBL S-S WX SPD DR
================================================================================
1 79 68 74 13 0 9 0.07 M M 11.7 20 170 M M 6 18 28 180
2 67 49 58 -3 7 0 0.05 M M 12.1 21 310 M M 7 1 28 310
3 70 44 57 -4 8 0 0.00 M M 9.3 21 320 M M 0 31 320
4 79 40 60 -2 5 0 0.00 M M 4.0 9 260 M M 0 18 300
5 83 50 67 5 0 2 0.00 M M 7.3 13 170 M M 0 8 17 130
6 80 56 68 6 0 3 0.00 M M 13.9 26 190 M M 3 31 170
7 78 50 64 2 1 0 0.00 M M 9.4 14 290 M M 3 22 220
8 81 45 63 0 2 0 0.35 M M 6.8 17 130 M M 6 1 38 80
9 65 60 63 0 2 0 1.25 M M 10.0 18 140 M M 9 1 28 20
10 63 55 59 -4 6 0 0.66 M M 11.4 28 300 M M 9 1 38 300
11 71 50 61 -2 4 0 0.00 M M 11.1 21 350 M M 0 30 300
12 78 42 60 -4 5 0 0.00 M M 5.9 13 190 M M 0 20 130
13 80 58 69 5 0 4 0.00 M M 13.3 22 180 M M 0 31 180
14 78 61 70 6 0 5 0.00 M M 12.5 21 210 M M 5 1 27 210
15 76 66 71 7 0 6 0.00 M M 10.9 22 140 M M 6 1 28 140
16 79 68 74 9 0 9 0.00 M M 12.6 17 200 M M 7 18 25 170
17 84 66 75 10 0 10 0.00 M M 7.8 13 130 M M 5 18 M M
18 82 64 73 8 0 8 0.00 M M 9.4 16 350 M M 7 18 24 350
19 69 58 64 -2 1 0 0.00 M M 9.1 17 350 M M 10 1 23 350
20 61 47 54 -12 11 0 0.65 M M 10.7 20 100 M M 10 1 32 100
21 65 46 56 -10 9 0 0.00 M M 8.2 14 350 M M 3 20 350
22 69 40 55 -11 10 0 0.00 M M 6.1 13 170 M M 0 1 17 150
23 76 53 65 -2 0 0 0.01 M M 12.0 21 200 M M 4 29 200
================================================================================
SM 1713 1236 71 56 3.04 M 225.4 M 100
================================================================================
AV 74.5 53.7 9.8 FASTST M M 4 MAX(MPH)
MISC ----> 28 300 38 300
================================================================================
NOTES:
# LAST OF SEVERAL OCCURRENCES
COLUMN 17 PEAK WIND IN M.P.H.
PRELIMINARY LOCAL CLIMATOLOGICAL DATA (WS FORM: F-6) , PAGE 2
STATION: GREENVILLE
MONTH: APRIL
YEAR: 2024
LATITUDE: 33 4 N
LONGITUDE: 96 4 W
[TEMPERATURE DATA] [PRECIPITATION DATA] SYMBOLS USED IN COLUMN 16
AVERAGE MONTHLY: 64.1 TOTAL FOR MONTH: 3.04 1 = FOG OR MIST
DPTR FM NORMAL: 0.4 DPTR FM NORMAL: 0.38 2 = FOG REDUCING VISIBILITY
HIGHEST: 84 ON 17 GRTST 24HR 1.25 ON 9- 9 TO 1/4 MILE OR LESS
LOWEST: 40 ON 22, 4 3 = THUNDER
SNOW, ICE PELLETS, HAIL 4 = ICE PELLETS
TOTAL MONTH: M 5 = HAIL
GRTST 24HR M ON M 6 = FREEZING RAIN OR DRIZZLE
GRTST DEPTH: M ON M 7 = DUSTSTORM OR SANDSTORM:
VSBY 1/2 MILE OR LESS
8 = SMOKE OR HAZE
[NO. OF DAYS WITH] [WEATHER - DAYS WITH] 9 = BLOWING SNOW
X = TORNADO
MAX 32 OR BELOW: 0 0.01 INCH OR MORE: 7
MAX 90 OR ABOVE: 0 0.10 INCH OR MORE: 4
MIN 32 OR BELOW: 0 0.50 INCH OR MORE: 3
MIN 0 OR BELOW: 0 1.00 INCH OR MORE: 1
[HDD (BASE 65) ]
TOTAL THIS MO. 71 CLEAR (SCALE 0-3) 10
DPTR FM NORMAL -18 PTCLDY (SCALE 4-7) 9
TOTAL FM JUL 1 2173 CLOUDY (SCALE 8-10) 4
DPTR FM NORMAL -210
[CDD (BASE 65) ]
TOTAL THIS MO. 56
DPTR FM NORMAL -4 [PRESSURE DATA]
TOTAL FM JAN 1 119 HIGHEST SLP M ON M
DPTR FM NORMAL 26 LOWEST SLP M ON M
[REMARKS]