000
CXUS54 KFWD 010730
CF6GVT
PRELIMINARY LOCAL CLIMATOLOGICAL DATA (WS FORM: F-6)
STATION: GREENVILLE
MONTH: OCTOBER
YEAR: 2022
LATITUDE: 33 4 N
LONGITUDE: 96 4 W
TEMPERATURE IN F: :PCPN: SNOW: WIND :SUNSHINE: SKY :PK WND
================================================================================
1 2 3 4 5 6A 6B 7 8 9 10 11 12 13 14 15 16 17 18
12Z AVG MX 2MIN
DY MAX MIN AVG DEP HDD CDD WTR SNW DPTH SPD SPD DIR MIN PSBL S-S WX SPD DR
================================================================================
1 83 44 64 -8 1 0 0.00 M M 3.5 12 120 M M 0 M M
2 85 45 65 -7 0 0 0.00 M M 3.6 9 120 M M 0 18 10
3 87 49 68 -3 0 3 0.00 M M 3.7 9 70 M M 0 8 16 190
4 87 51 69 -2 0 4 0.00 M M 3.8 10 120 M M 0 M M
5 88 49 69 -1 0 4 0.00 M M 2.4 9 170 M M 0 M M
6 91 52 72 2 0 7 0.00 M M 3.0 9 350 M M 0 18 310
7 88 58 73 3 0 8 0.00 M M 4.9 9 10 M M 2 17 10
8 77 58 68 -2 0 3 0.00 M M 7.2 13 70 M M 6 18 50
9 82 52 67 -2 0 2 0.00 M M 2.4 7 170 M M 4 M M
10 88 54 71 2 0 6 0.00 M M 5.9 15 140 M M 0 17 250
11 85 58 72 4 0 7 0.00 M M 10.5 23 190 M M 2 24 190
12 92 68 80 12 0 15 0.00 M M 11.9 18 210 M M 1 28 210
13 83 50 67 -1 0 2 0.00 M M 5.6 13 340 M M 0 20 20
14 88 45 67 -1 0 2 0.00 M M 6.0 13 220 M M 0 8 21 250
15 91 68 80 13 0 15 0.00 M M 11.1 18 200 M M 0 25 210
16 76 63 70 3 0 5 0.01 M M 8.2 15 180 M M 7 1 22 360
17 69 47 58 -9 7 0 0.00 M M 10.4 18 350 M M 3 29 340
18 61 38 50 -16 15 0 0.00 0.0 0 9.0 22 350 M M 0 28 350
19 65 29 47 -19 18 0 0.00 M M 3.5 7 180 M M 0 M M
20 82 45 64 -2 1 0 0.00 M M 7.0 16 250 M M 0 21 260
21 89 42 66 0 0 1 0.00 M M 8.1 17 180 M M 0 22 180
22 85 63 74 9 0 9 0.00 M M 18.9 29 180 M M 1 35 180
23 87 67 77 12 0 12 0.00 M M 19.2 26 170 M M 4 38 190
24 75 61 68 4 0 3 0.00 M M 11.5 22 190 M M 10 1 31 190
25 68 42 55 -9 10 0 0.00 M M 12.6 25 260 M M 4 40 260
26 72 40 56 -8 9 0 0.00 M M 3.3 9 60 M M 0 M M
27 73 43 58 -6 7 0 0.00 M M 6.6 13 120 M M 0 20 130
28 60 52 56 -7 9 0 M M M 9.1 15 20 M M 10 1 35 340
29 65 57 61 -2 4 0 0.01 M M 8.6 13 310 M M 10 1 18 20
30 73 51 62 -1 3 0 0.00 M M 6.0 13 290 M M 3 21 330
31 77 45 61 -1 4 0 0.00 M M 1.0 6 270 M M 0 1 M M
================================================================================
SM 2472 1586 88 108 0.02 0.0 228.7 M 67
================================================================================
AV 79.7 51.2 7.4 FASTST M M 2 MAX(MPH)
MISC ----> 29 180 40 260
================================================================================
NOTES:
# LAST OF SEVERAL OCCURRENCES
COLUMN 17 PEAK WIND IN M.P.H.
PRELIMINARY LOCAL CLIMATOLOGICAL DATA (WS FORM: F-6) , PAGE 2
STATION: GREENVILLE
MONTH: OCTOBER
YEAR: 2022
LATITUDE: 33 4 N
LONGITUDE: 96 4 W
[TEMPERATURE DATA] [PRECIPITATION DATA] SYMBOLS USED IN COLUMN 16
AVERAGE MONTHLY: 65.5 TOTAL FOR MONTH: 0.02 1 = FOG OR MIST
DPTR FM NORMAL: -1.5 DPTR FM NORMAL: -5.07 2 = FOG REDUCING VISIBILITY
HIGHEST: 92 ON 12 GRTST 24HR 0.01 ON 16-16 TO 1/4 MILE OR LESS
LOWEST: 29 ON 19 3 = THUNDER
SNOW, ICE PELLETS, HAIL 4 = ICE PELLETS
TOTAL MONTH: 0.0 INCH 5 = HAIL
GRTST 24HR 0.0 6 = FREEZING RAIN OR DRIZZLE
GRTST DEPTH: 0 7 = DUSTSTORM OR SANDSTORM:
VSBY 1/2 MILE OR LESS
8 = SMOKE OR HAZE
[NO. OF DAYS WITH] [WEATHER - DAYS WITH] 9 = BLOWING SNOW
X = TORNADO
MAX 32 OR BELOW: 0 0.01 INCH OR MORE: 2
MAX 90 OR ABOVE: 3 0.10 INCH OR MORE: 0
MIN 32 OR BELOW: 1 0.50 INCH OR MORE: 0
MIN 0 OR BELOW: 0 1.00 INCH OR MORE: 0
[HDD (BASE 65) ]
TOTAL THIS MO. 88 CLEAR (SCALE 0-3) 22
DPTR FM NORMAL 14 PTCLDY (SCALE 4-7) 6
TOTAL FM JUL 1 88 CLOUDY (SCALE 8-10) 3
DPTR FM NORMAL 6
[CDD (BASE 65) ]
TOTAL THIS MO. 108
DPTR FM NORMAL -28 [PRESSURE DATA]
TOTAL FM JAN 1 2852 HIGHEST SLP M ON M
DPTR FM NORMAL 236 LOWEST SLP M ON M
[REMARKS]
#FINAL-10-22#