000
CXUS54 KFWD 010830
CF6GVT
PRELIMINARY LOCAL CLIMATOLOGICAL DATA (WS FORM: F-6)
STATION: GREENVILLE
MONTH: JANUARY
YEAR: 2022
LATITUDE: 33 4 N
LONGITUDE: 96 4 W
TEMPERATURE IN F: :PCPN: SNOW: WIND :SUNSHINE: SKY :PK WND
================================================================================
1 2 3 4 5 6A 6B 7 8 9 10 11 12 13 14 15 16 17 18
12Z AVG MX 2MIN
DY MAX MIN AVG DEP HDD CDD WTR SNW DPTH SPD SPD DIR MIN PSBL S-S WX SPD DR
================================================================================
1 72 26 49 4 16 0 0.01 M M 12.9 24 320 M M 10 1 30 320
2 38 19 29 -16 36 0 0.00 M M 13.7 21 320 M M 6 28 320
3 51 19 35 -10 30 0 0.00 M M 3.9 10 140 M M 0 M M
4 61 23 42 -3 23 0 0.00 M M 10.8 22 180 M M 0 31 170
5 63 31 47 2 18 0 0.00 M M 6.4 13 350 M M 0 21 50
6 42 26 34 -11 31 0 0.00 M M 12.7 18 350 M M 0 30 340
7 48 20 34 -11 31 0 0.00 M M 7.2 14 140 M M 5 M M
8 66 45 56 11 9 0 0.01 M M 9.1 15 190 M M 10 1 24 180
9 66 40 53 8 12 0 0.00 M M 14.3 23 350 M M 8 1 30 350
10 56 29 43 -2 22 0 0.00 M M 5.9 13 350 M M 0 M M
11 61 23 42 -3 23 0 0.00 M M 5.0 13 200 M M 0 18 200
12 63 31 47 2 18 0 0.00 M M 7.5 13 250 M M 0 17 190
13 75 30 53 8 12 0 0.00 M M 5.0 12 320 M M 0 8 M M
14 74 33 54 9 11 0 0.00 M M 7.4 15 140 M M 0 16 120
15 56 29 43 -2 22 0 0.00 M M 20.2 32 330 M M 8 39 330
16 51 25 38 -7 27 0 0.00 M M 7.3 13 330 M M 0 18 330
17 63 26 45 0 20 0 0.00 M M 4.1 7 140 M M 0 M M
18 73 32 53 8 12 0 0.00 M M 14.4 25 180 M M 0 36 180
19 65 35 50 5 15 0 0.02 M M 15.0 24 340 M M 8 35 340
20 37 24 31 -14 34 0 0.00 M M 15.9 21 340 M M 6 32 350
21 44 19 32 -13 33 0 0.00 M M 6.3 12 350 M M 2 M M
22 49 18 34 -12 31 0 0.00 M M 2.0 7 140 M M 0 M M
23 63 21 42 -4 23 0 0.00 M M 5.6 15 260 M M 0 21 260
24 57 37 47 1 18 0 0.01 M M 6.0 10 170 M M 8 1 16 240
25 59 38 49 3 16 0 0.00 M M 9.3 15 60 M M 2 1 22 40
26 50 28 39 -7 26 0 0.00 M M 6.6 13 70 M M 1 18 360
27 54 38 46 0 19 0 0.00 M M 4.8 10 300 M M 8 16 260
28 56 28 42 -4 23 0 0.00 M M 8.9 22 330 M M 1 29 330
29 66 21 44 -2 21 0 0.00 M M 6.6 17 240 M M 0 21 250
30 70 26 48 2 17 0 0.00 M M 6.6 12 220 M M 0 M M
31 68 37 53 7 12 0 0.00 M M 9.5 18 140 M M 5 22 140
================================================================================
SM 1817 877 661 0 0.05 M 271.1 M 88
================================================================================
AV 58.6 28.3 8.7 FASTST M M 3 MAX(MPH)
MISC ----> 32 330 39 330
================================================================================
NOTES:
# LAST OF SEVERAL OCCURRENCES
COLUMN 17 PEAK WIND IN M.P.H.
PRELIMINARY LOCAL CLIMATOLOGICAL DATA (WS FORM: F-6) , PAGE 2
STATION: GREENVILLE
MONTH: JANUARY
YEAR: 2022
LATITUDE: 33 4 N
LONGITUDE: 96 4 W
[TEMPERATURE DATA] [PRECIPITATION DATA] SYMBOLS USED IN COLUMN 16
AVERAGE MONTHLY: 43.5 TOTAL FOR MONTH: 0.05 1 = FOG OR MIST
DPTR FM NORMAL: -1.8 DPTR FM NORMAL: -2.70 2 = FOG REDUCING VISIBILITY
HIGHEST: 75 ON 13 GRTST 24HR 0.02 ON 19-19 TO 1/4 MILE OR LESS
LOWEST: 18 ON 22 3 = THUNDER
SNOW, ICE PELLETS, HAIL 4 = ICE PELLETS
TOTAL MONTH: M 5 = HAIL
GRTST 24HR M ON M 6 = FREEZING RAIN OR DRIZZLE
GRTST DEPTH: M ON M 7 = DUSTSTORM OR SANDSTORM:
VSBY 1/2 MILE OR LESS
8 = SMOKE OR HAZE
[NO. OF DAYS WITH] [WEATHER - DAYS WITH] 9 = BLOWING SNOW
X = TORNADO
MAX 32 OR BELOW: 0 0.01 INCH OR MORE: 4
MAX 90 OR ABOVE: 0 0.10 INCH OR MORE: 0
MIN 32 OR BELOW: 23 0.50 INCH OR MORE: 0
MIN 0 OR BELOW: 0 1.00 INCH OR MORE: 0
[HDD (BASE 65) ]
TOTAL THIS MO. 661 CLEAR (SCALE 0-3) 20
DPTR FM NORMAL 46 PTCLDY (SCALE 4-7) 5
TOTAL FM JUL 1 1246 CLOUDY (SCALE 8-10) 6
DPTR FM NORMAL -310
[CDD (BASE 65) ]
TOTAL THIS MO. 0
DPTR FM NORMAL -3 [PRESSURE DATA]
TOTAL FM JAN 1 0 HIGHEST SLP M ON M
DPTR FM NORMAL -3 LOWEST SLP M ON M
[REMARKS]
#FINAL-01-22#