000
CXUS54 KEWX 011010
CF6GYB
PRELIMINARY LOCAL CLIMATOLOGICAL DATA (WS FORM: F-6)
STATION: Giddings-Lee County Airport
MONTH: OCTOBER
YEAR: 2020
LATITUDE: 30 10 N
LONGITUDE: 96 59 W
TEMPERATURE IN F: :PCPN: SNOW: WIND :SUNSHINE: SKY :PK WND
================================================================================
1 2 3 4 5 6A 6B 7 8 9 10 11 12 13 14 15 16 17 18
12Z AVG MX 2MIN
DY MAX MIN AVG DEP HDD CDD WTR SNW DPTH SPD SPD DIR MIN PSBL S-S WX SPD DR
================================================================================
1 91 55 73 M 0 8 0.00 M M 2.5 6 20 M M 0 M M
2 83 59 71 M 0 6 0.00 M M 2.8 8 90 M M 0 M M
3 86 55 71 M 0 6 0.00 M M 2.8 9 160 M M 0 M M
4 89 58 74 M 0 9 0.00 M M 2.0 7 100 M M 1 1 M M
5 86 63 75 M 0 10 0.00 M M 3.4 7 90 M M 0 M M
6 89 65 77 M 0 12 0.00 M M 1.5 6 60 M M 2 1 M M
7 88 60 74 M 0 9 0.00 M M 2.1 9 90 M M 0 M M
8 89 64 77 M 0 12 0.00 M M 3.3 8 50 M M 3 M M
9 91 72 82 M 0 17 0.00 M M 5.7 12 20 M M 5 21 40
10 96 65 81 M 0 16 0.00 M M 1.4 7 210 M M 0 1 M M
11 96 70 83 M 0 18 0.00 M M 6.2 12 200 M M 0 1 18 210
12 89 69 79 M 0 14 0.03 M M 6.6 12 200 M M 4 8 18 200
13 91 62 77 M 0 12 0.00 M M 2.4 5 80 M M 0 M M
14 92 63 78 M 0 13 0.00 M M 4.6 12 200 M M 4 12 17 190
15 89 69 79 M 0 14 0.00 M M 7.9 18 10 M M 5 8 27 10
16 78 56 67 M 0 2 0.00 M M 7.4 15 30 M M 4 21 30
17 85 63 74 M 0 9 0.00 M M 5.3 10 180 M M 6 16 170
18 92 73 83 M 0 18 0.00 M M 8.7 16 200 M M 4 1 22 200
19 94 72 83 M 0 18 0.00 M M 5.8 10 190 M M 4 1 M M
20 92 73 83 M 0 18 0.00 M M 5.7 8 170 M M 4 1 17 170
21 91 72 82 M 0 17 0.00 M M 4.1 9 130 M M 3 1 M M
22 92 71 82 M 0 17 0.00 M M 4.1 8 150 M M 5 1 16 160
23 86 57 72 M 0 7 0.04 M M 6.1 16 20 M M 8 27 20
24 67 55 61 M 4 0 0.00 M M 5.6 13 350 M M 8 18 350
25 83 57 70 M 0 5 0.00 M M 4.5 10 200 M M 8 M M
26 82 47 65 M 0 0 0.00 M M 7.9 16 350 M M 10 1 23 350
27 47 44 46 M 19 0 0.01 M M 10.1 14 10 M M 10 1 20 10
28 62 42 52 M 13 0 0.05 M M 9.8 18 330 M M 5 1 24 320
29 63 43 53 M 12 0 0.00 M M 8.3 21 330 M M 1 29 320
30 73 47 60 M 5 0 0.00 M M 3.4 8 360 M M 0 M M
31 79 41 60 M 5 0 0.00 M M 2.1 8 230 M M 0 M M
================================================================================
SM 2611 1862 58 287 0.13 M 154.1 M 104
================================================================================
AV 84.2 60.1 5.0 FASTST M M 3 MAX(MPH)
MISC ----> # 21 330 # 29 320
================================================================================
NOTES:
# LAST OF SEVERAL OCCURRENCES
COLUMN 17 PEAK WIND IN M.P.H.
PRELIMINARY LOCAL CLIMATOLOGICAL DATA (WS FORM: F-6) , PAGE 2
STATION: Giddings-Lee County Airport
MONTH: OCTOBER
YEAR: 2020
LATITUDE: 30 10 N
LONGITUDE: 96 59 W
[TEMPERATURE DATA] [PRECIPITATION DATA] SYMBOLS USED IN COLUMN 16
AVERAGE MONTHLY: 72.2 TOTAL FOR MONTH: 0.13 1 = FOG OR MIST
DPTR FM NORMAL: M DPTR FM NORMAL: M 2 = FOG REDUCING VISIBILITY
HIGHEST: 96 ON 11,10 GRTST 24HR 0.05 ON 28-28 TO 1/4 MILE OR LESS
LOWEST: 41 ON 31 3 = THUNDER
SNOW, ICE PELLETS, HAIL 4 = ICE PELLETS
TOTAL MONTH: M 5 = HAIL
GRTST 24HR M ON M 6 = FREEZING RAIN OR DRIZZLE
GRTST DEPTH: M ON M 7 = DUSTSTORM OR SANDSTORM:
VSBY 1/2 MILE OR LESS
8 = SMOKE OR HAZE
[NO. OF DAYS WITH] [WEATHER - DAYS WITH] 9 = BLOWING SNOW
X = TORNADO
MAX 32 OR BELOW: 0 0.01 INCH OR MORE: 4
MAX 90 OR ABOVE: 11 0.10 INCH OR MORE: 0
MIN 32 OR BELOW: 0 0.50 INCH OR MORE: 0
MIN 0 OR BELOW: 0 1.00 INCH OR MORE: 0
[HDD (BASE 65) ]
TOTAL THIS MO. 58 CLEAR (SCALE 0-3) 14
DPTR FM NORMAL M PTCLDY (SCALE 4-7) 15
TOTAL FM JUL 1 58 CLOUDY (SCALE 8-10) 2
DPTR FM NORMAL M
[CDD (BASE 65) ]
TOTAL THIS MO. 287
DPTR FM NORMAL M [PRESSURE DATA]
TOTAL FM JAN 1 3299 HIGHEST SLP M ON M
DPTR FM NORMAL M LOWEST SLP M ON M
[REMARKS]
#FINAL-10-20#