000
CXUS53 KGID 011613
CF6HJH
PRELIMINARY LOCAL CLIMATOLOGICAL DATA (WS FORM: F-6)
STATION: HEBRON
MONTH: SEPTEMBER
YEAR: 2020
LATITUDE: 40 9 N
LONGITUDE: 97 35 W
TEMPERATURE IN F: :PCPN: SNOW: WIND :SUNSHINE: SKY :PK WND
================================================================================
1 2 3 4 5 6A 6B 7 8 9 10 11 12 13 14 15 16 17 18
12Z AVG MX 2MIN
DY MAX MIN AVG DEP HDD CDD WTR SNW DPTH SPD SPD DIR MIN PSBL S-S WX SPD DR
================================================================================
1 80 61 71 -1 0 6 0.00 M M 2.0 7 180 M M 6 1 M M
2 89 56 73 1 0 8 0.00 M M 2.8 9 190 M M 0 1 M M
3 78 51 65 -6 0 0 0.00 M M 7.3 20 20 M M 0 31 20
4 85 47 66 -5 0 1 0.00 M M 2.7 9 160 M M 0 M M
5 94 58 76 6 0 11 0.00 M M 5.5 13 210 M M 0 1 18 230
6 94 70 82 12 0 17 0.00 M M 10.7 18 240 M M 0 33 210
7 77 57 67 -3 0 2 0.00 M M 12.4 22 40 M M 6 31 40
8 57 43 50 -19 15 0 2.01 M M 17.6 24 30 M M 10 3 33 40
9 48 43 46 -23 19 0 0.87 M M 11.7 15 30 M M 10 23 30
10 55 45 50 -18 15 0 M M M 6.9 10 10 M M 10 1 16 20
11 60 52 56 -12 9 0 0.04 M M 1.6 6 170 M M 10 1 M M
12 76 51 64 -4 1 0 0.00 M M 4.7 9 320 M M 5 1 17 320
13 83 47 65 -2 0 0 0.00 M M 0.6 6 150 M M 0 1 M M
14 79 49 64 -3 1 0 0.00 M M 3.1 8 150 M M 1 1 M M
15 79 55 67 1 0 2 0.00 M M 4.5 10 190 M M 0 M M
16 79 51 65 -1 0 0 0.00 M M 6.0 15 10 M M 1 128 21 10
17 74 48 61 -4 4 0 0.00 M M 1.4 6 150 M M 0 M M
18 74 47 61 -4 4 0 0.00 M M 4.1 9 130 M M 1 M M
19 77 53 65 1 0 0 0.00 M M 9.2 17 160 M M 0 8 23 170
20 80 58 69 5 0 4 0.00 M M 11.0 20 160 M M 0 8 30 160
21 82 54 68 4 0 3 0.00 M M 7.1 16 200 M M 0 3 22 200
22 82 51 67 4 0 2 0.00 M M 5.1 13 190 M M 0 1 18 200
23 82 55 69 7 0 4 0.00 M M 6.1 15 200 M M 3 2 22 200
24 88 60 74 12 0 9 0.00 M M 3.5 8 210 M M 0 M M
25 92 56 74 12 0 9 0.00 M M 2.9 12 180 M M 0 16 180
26 93 62 78 17 0 13 0.00 M M 7.0 17 240 M M 0 27 240
27 66 50 58 -3 7 0 0.01 M M 5.2 20 350 M M 5 3 27 350
28 69 43 56 -4 9 0 0.00 M M 10.4 21 340 M M 2 8 33 320
29 81 37 59 -1 6 0 0.00 M M 4.6 13 260 M M 0 20 300
30 72 48 60 0 5 0 0.00 M M 9.9 21 340 M M 0 29 350
================================================================================
SM 2325 1558 95 91 M M 187.6 M 70
================================================================================
AV 77.5 51.9 6.3 FASTST M M 2 MAX(MPH)
MISC ----> # 24 30 # M M
================================================================================
NOTES:
# LAST OF SEVERAL OCCURRENCES
COLUMN 17 PEAK WIND IN M.P.H.
PRELIMINARY LOCAL CLIMATOLOGICAL DATA (WS FORM: F-6) , PAGE 2
STATION: HEBRON
MONTH: SEPTEMBER
YEAR: 2020
LATITUDE: 40 9 N
LONGITUDE: 97 35 W
[TEMPERATURE DATA] [PRECIPITATION DATA] SYMBOLS USED IN COLUMN 16
AVERAGE MONTHLY: 64.7 TOTAL FOR MONTH: M 1 = FOG OR MIST
DPTR FM NORMAL: -1.2 DPTR FM NORMAL: M 2 = FOG REDUCING VISIBILITY
HIGHEST: 94 ON 6, 5 GRTST 24HR M ON M TO 1/4 MILE OR LESS
LOWEST: 37 ON 29 3 = THUNDER
SNOW, ICE PELLETS, HAIL 4 = ICE PELLETS
TOTAL MONTH: M 5 = HAIL
GRTST 24HR M ON M 6 = FREEZING RAIN OR DRIZZLE
GRTST DEPTH: M ON M 7 = DUSTSTORM OR SANDSTORM:
VSBY 1/2 MILE OR LESS
8 = SMOKE OR HAZE
[NO. OF DAYS WITH] [WEATHER - DAYS WITH] 9 = BLOWING SNOW
X = TORNADO
MAX 32 OR BELOW: 0 0.01 INCH OR MORE: M
MAX 90 OR ABOVE: 4 0.10 INCH OR MORE: M
MIN 32 OR BELOW: 0 0.50 INCH OR MORE: M
MIN 0 OR BELOW: 0 1.00 INCH OR MORE: M
[HDD (BASE 65) ]
TOTAL THIS MO. 95 CLEAR (SCALE 0-3) 21
DPTR FM NORMAL -1 PTCLDY (SCALE 4-7) 5
TOTAL FM JUL 1 96 CLOUDY (SCALE 8-10) 4
DPTR FM NORMAL -8
[CDD (BASE 65) ]
TOTAL THIS MO. 91
DPTR FM NORMAL -32 [PRESSURE DATA]
TOTAL FM JAN 1 1209 HIGHEST SLP M ON M
DPTR FM NORMAL 85 LOWEST SLP M ON M
[REMARKS]
#FINAL-09-20#