000
CXUS54 KJAN 011414
CF6HKS
PRELIMINARY LOCAL CLIMATOLOGICAL DATA (WS FORM: F-6)
STATION: JACKSON HAWKINS
MONTH: JULY
YEAR: 2020
LATITUDE: 32 20 N
LONGITUDE: 90 14 W
TEMPERATURE IN F: :PCPN: SNOW: WIND :SUNSHINE: SKY :PK WND
================================================================================
1 2 3 4 5 6A 6B 7 8 9 10 11 12 13 14 15 16 17 18
12Z AVG MX 2MIN
DY MAX MIN AVG DEP HDD CDD WTR SNW DPTH SPD SPD DIR MIN PSBL S-S WX SPD DR
================================================================================
1 91 72 82 1 0 17 0.20 0.0 0 6.6 23 70 M M 2 138 35 50
2 89 72 81 -1 0 16 1.43 0.0 0 3.6 24 30 M M 4 13 49 350
3 90 70 80 -2 0 15 0.00 0.0 0 3.3 10 290 M M 2 1 15 280
4 88 73 81 -1 0 16 0.96 0.0 0 4.1 25 100 M M 7 138 38 100
5 89 71 80 -2 0 15 0.52 0.0 0 2.3 13 80 M M 5 12 20 80
6 89 72 81 -1 0 16 2.12 0.0 0 1.6 12 60 M M 5 1238 17 70
7 87 73 80 -2 0 15 0.03 0.0 0 3.5 12 20 M M 5 12 21 30
8 81 73 77 -5 0 12 0.83 0.0 0 4.3 18 250 M M 7 138 28 240
9 92 74 83 1 0 18 0.00 0.0 0 6.1 14 230 M M 5 18 20 270
10 94 79 87 5 0 22 T 0.0 0 5.4 14 290 M M 4 3 21 320
11 94 77 86 4 0 21 0.00 0.0 0 2.3 9 290 M M 1 18 13 350
12 96 77 87 5 0 22 T 0.0 0 6.6 16 270 M M 1 1 22 300
13 95 76 86 4 0 21 0.00 0.0 0 1.9 9 320 M M 1 1 13 310
14 95 77 86 4 0 21 0.00 0.0 0 1.7 9 300 M M 1 8 12 270
15 93 76 85 3 0 20 T 0.0 0 5.4 22 110 M M 0 3 31 120
16 94 73 84 2 0 19 0.00 0.0 0 5.6 14 130 M M 2 18 140
17 94 73 84 2 0 19 0.48 0.0 0 3.3 21 150 M M 1 13 31 170
18 94 75 85 3 0 20 0.00 0.0 0 1.9 10 140 M M 2 1 15 160
19 95 75 85 3 0 20 T 0.0 0 3.3 15 70 M M 2 22 70
20 95 75 85 3 0 20 0.00 0.0 0 4.0 12 130 M M 1 18 18 120
21 95 75 85 3 0 20 T 0.0 0 4.4 21 120 M M 1 3 28 120
22 94 76 85 3 0 20 0.00 0.0 0 4.5 17 160 M M 1 24 170
23 94 74 84 2 0 19 0.03 0.0 0 6.8 15 110 M M 2 38 21 80
24 89 76 83 1 0 18 0.87 0.0 0 8.7 28 160 M M 5 13 38 160
25 89 74 82 0 0 17 0.02 0.0 0 7.9 22 180 M M 3 3 29 180
26 88 74 81 -1 0 16 T 0.0 0 3.9 12 170 M M 2 3 17 170
27 87 74 81 -1 0 16 0.10 0.0 0 2.5 13 100 M M 2 1 19 100
28 87 73 80 -2 0 15 0.12 0.0 0 3.3 12 190 M M 7 1 14 180
29 91 75 83 1 0 18 0.00 0.0 0 7.4 15 240 M M 5 22 260
30 91 76 84 2 0 19 T 0.0 0 8.9 17 230 M M 3 23 220
31 93 72 83 1 0 18 0.25 0.0 0 10.5 32 280 M M 3 38 43 280
================================================================================
SM 2833 2302 0 561 7.96 0.0 145.6 M 92
================================================================================
AV 91.4 74.3 4.7 FASTST M M 3 MAX(MPH)
MISC ----> # 32 280 # 49 350
================================================================================
NOTES:
# LAST OF SEVERAL OCCURRENCES
COLUMN 17 PEAK WIND IN M.P.H.
PRELIMINARY LOCAL CLIMATOLOGICAL DATA (WS FORM: F-6) , PAGE 2
STATION: JACKSON HAWKINS
MONTH: JULY
YEAR: 2020
LATITUDE: 32 20 N
LONGITUDE: 90 14 W
[TEMPERATURE DATA] [PRECIPITATION DATA] SYMBOLS USED IN COLUMN 16
AVERAGE MONTHLY: 82.8 TOTAL FOR MONTH: 7.96 1 = FOG OR MIST
DPTR FM NORMAL: 0.9 DPTR FM NORMAL: 3.41 2 = FOG REDUCING VISIBILITY
HIGHEST: 96 ON 12 GRTST 24HR 2.12 ON 6- 6 TO 1/4 MILE OR LESS
LOWEST: 70 ON 3 3 = THUNDER
SNOW, ICE PELLETS, HAIL 4 = ICE PELLETS
TOTAL MONTH: 0.0 INCH 5 = HAIL
GRTST 24HR 0.0 6 = FREEZING RAIN OR DRIZZLE
GRTST DEPTH: 0 7 = DUSTSTORM OR SANDSTORM:
VSBY 1/2 MILE OR LESS
8 = SMOKE OR HAZE
[NO. OF DAYS WITH] [WEATHER - DAYS WITH] 9 = BLOWING SNOW
X = TORNADO
MAX 32 OR BELOW: 0 0.01 INCH OR MORE: 14
MAX 90 OR ABOVE: 20 0.10 INCH OR MORE: 11
MIN 32 OR BELOW: 0 0.50 INCH OR MORE: 6
MIN 0 OR BELOW: 0 1.00 INCH OR MORE: 2
[HDD (BASE 65) ]
TOTAL THIS MO. 0 CLEAR (SCALE 0-3) 20
DPTR FM NORMAL 0 PTCLDY (SCALE 4-7) 11
TOTAL FM JUL 1 0 CLOUDY (SCALE 8-10) 0
DPTR FM NORMAL 0
[CDD (BASE 65) ]
TOTAL THIS MO. 561
DPTR FM NORMAL 37 [PRESSURE DATA]
TOTAL FM JAN 1 1464 HIGHEST SLP M ON M
DPTR FM NORMAL 133 LOWEST SLP 29.79 ON 12
[REMARKS]
#FINAL-07-20#