000
CXUS53 KGLD 010800
CF6HLC
PRELIMINARY LOCAL CLIMATOLOGICAL DATA (WS FORM: F-6)
STATION: HILL CITY KS
MONTH: NOVEMBER
YEAR: 2021
LATITUDE: 39 22 N
LONGITUDE: 99 50 W
TEMPERATURE IN F: :PCPN: SNOW: WIND :SUNSHINE: SKY :PK WND
================================================================================
1 2 3 4 5 6A 6B 7 8 9 10 11 12 13 14 15 16 17 18
12Z AVG MX 2MIN
DY MAX MIN AVG DEP HDD CDD WTR SNW DPTH SPD SPD DIR MIN PSBL S-S WX SPD DR
================================================================================
1 43 38 41 -6 24 0 T M M 6.8 15 80 M M 10 24 80
2 44 36 40 -7 25 0 0.10 M M 4.4 12 210 M M 10 1 18 200
3 46 33 40 -6 25 0 0.00 M M 5.7 14 240 M M 8 1 19 240
4 69 27 48 2 17 0 0.00 M M 5.5 16 170 M M 0 1 26 180
5 71 43 57 11 8 0 0.00 M M 8.1 18 200 M M 0 8 27 200
6 78 33 56 11 9 0 0.00 M M 6.6 18 180 M M 0 18 26 180
7 83 39 61 16 4 0 0.00 M M 5.2 13 180 M M 0 8 19 180
8 62 36 49 5 16 0 0.00 M M 11.1 22 20 M M 1 31 350
9 58 38 48 4 17 0 0.00 M M 5.7 16 350 M M 8 8 21 340
10 61 40 51 8 14 0 0.00 M M 9.7 30 350 M M 4 43 350
11 56 31 44 1 21 0 0.00 M M 15.8 36 310 M M 2 56 300
12 47 26 37 -5 28 0 0.00 M M 16.0 37 330 M M 0 52 330
13 73 23 48 6 17 0 0.00 M M 7.3 31 10 M M 1 46 10
14 62 31 47 5 18 0 0.00 M M 9.0 18 220 M M 0 27 240
15 79 38 59 18 6 0 0.00 M M 7.6 23 320 M M 0 32 320
16 67 46 57 16 8 0 0.00 M M 7.0 29 20 M M 0 41 20
17 53 23 38 -2 27 0 0.00 M M 14.5 30 10 M M 3 41 360
18 55 15 35 -5 30 0 0.00 M M 7.2 17 180 M M 0 28 190
19 57 27 42 2 23 0 0.00 M M 7.7 21 190 M M 0 8 30 170
20 65 24 45 6 20 0 0.00 M M 4.9 12 340 M M 1 8 13 340
21 57 24 41 2 24 0 0.00 M M 8.1 23 340 M M 0 8 30 340
22 66 24 45 7 20 0 0.00 M M 6.3 17 320 M M 0 8 23 330
23 73 28 51 13 14 0 0.00 M M 7.7 25 180 M M 0 8 35 190
24 56 30 43 5 22 0 0.00 M M 16.0 28 360 M M 2 8 37 350
25 49 21 35 -2 30 0 0.00 M M 6.9 14 320 M M 0 8 20 200
26 76 31 54 17 11 0 0.00 M M 7.0 16 270 M M 0 8 22 230
27 66 36 51 15 14 0 0.00 M M 13.4 28 360 M M 0 8 36 360
28 63 23 43 7 22 0 0.00 M M 7.1 17 220 M M 0 8 25 230
29 75 34 55 19 10 0 M M M 7.4 22 320 M M 0 8 28 310
30 59 31 45 10 20 0 T M M 5.5 13 20 M M 2 18 50
================================================================================
SM 1869 929 544 0 0.10 M 251.2 M 52
================================================================================
AV 62.3 31.0 8.4 FASTST M M 2 MAX(MPH)
MISC ----> 37 330 56 300
================================================================================
NOTES:
# LAST OF SEVERAL OCCURRENCES
COLUMN 17 PEAK WIND IN M.P.H.
PRELIMINARY LOCAL CLIMATOLOGICAL DATA (WS FORM: F-6) , PAGE 2
STATION: HILL CITY KS
MONTH: NOVEMBER
YEAR: 2021
LATITUDE: 39 22 N
LONGITUDE: 99 50 W
[TEMPERATURE DATA] [PRECIPITATION DATA] SYMBOLS USED IN COLUMN 16
AVERAGE MONTHLY: 46.6 TOTAL FOR MONTH: 0.10 1 = FOG OR MIST
DPTR FM NORMAL: 5.5 DPTR FM NORMAL: -0.56 2 = FOG REDUCING VISIBILITY
HIGHEST: 83 ON 7 GRTST 24HR 0.10 ON 2- 2 TO 1/4 MILE OR LESS
LOWEST: 15 ON 18 3 = THUNDER
SNOW, ICE PELLETS, HAIL 4 = ICE PELLETS
TOTAL MONTH: M 5 = HAIL
GRTST 24HR M ON M 6 = FREEZING RAIN OR DRIZZLE
GRTST DEPTH: M ON M 7 = DUSTSTORM OR SANDSTORM:
VSBY 1/2 MILE OR LESS
8 = SMOKE OR HAZE
[NO. OF DAYS WITH] [WEATHER - DAYS WITH] 9 = BLOWING SNOW
X = TORNADO
MAX 32 OR BELOW: 0 0.01 INCH OR MORE: 1
MAX 90 OR ABOVE: 0 0.10 INCH OR MORE: 1
MIN 32 OR BELOW: 17 0.50 INCH OR MORE: 0
MIN 0 OR BELOW: 0 1.00 INCH OR MORE: 0
[HDD (BASE 65) ]
TOTAL THIS MO. 544 CLEAR (SCALE 0-3) 24
DPTR FM NORMAL -173 PTCLDY (SCALE 4-7) 4
TOTAL FM JUL 1 812 CLOUDY (SCALE 8-10) 2
DPTR FM NORMAL -321
[CDD (BASE 65) ]
TOTAL THIS MO. 0
DPTR FM NORMAL 0 [PRESSURE DATA]
TOTAL FM JAN 1 1630 HIGHEST SLP M ON M
DPTR FM NORMAL 237 LOWEST SLP 29.54 ON 16
[REMARKS]
#FINAL-11-21#