000
CXUS53 KGLD 041404
CF6HLC
PRELIMINARY LOCAL CLIMATOLOGICAL DATA (WS FORM: F-6)
STATION: HILL CITY KS
MONTH: APRIL
YEAR: 2021
LATITUDE: 39 22 N
LONGITUDE: 99 50 W
TEMPERATURE IN F: :PCPN: SNOW: WIND :SUNSHINE: SKY :PK WND
================================================================================
1 2 3 4 5 6A 6B 7 8 9 10 11 12 13 14 15 16 17 18
12Z AVG MX 2MIN
DY MAX MIN AVG DEP HDD CDD WTR SNW DPTH SPD SPD DIR MIN PSBL S-S WX SPD DR
================================================================================
1 68 22 45 -2 20 0 0.00 M M 12.8 26 190 M M 0 40 170
2 77 46 62 15 3 0 0.00 M M 16.1 28 200 M M 0 39 200
3 82 37 60 13 5 0 0.00 M M 7.2 16 210 M M 0 8 24 220
4 91 49 70 22 0 5 0.00 M M 13.6 28 190 M M 0 40 190
5 87 53 70 22 0 5 0.00 M M 11.9 22 180 M M 0 35 190
6 84 42 63 15 2 0 0.00 M M 17.3 35 320 M M 1 28 52 320
7 50 38 44 -5 21 0 0.28 M M 21.9 36 330 M M 10 18 46 330
8 74 40 57 8 8 0 0.00 M M 13.0 24 290 M M 0 35 280
9 55 34 45 -4 20 0 0.02 M M 13.8 37 330 M M 3 51 340
10 66 30 48 -2 17 0 0.00 M M 7.4 17 330 M M 0 25 320
11 70 30 50 0 15 0 0.00 M M 14.2 30 340 M M 0 41 350
12 61 39 50 0 15 0 0.00 M M 12.1 22 20 M M 5 32 10
13 56 28 42 -9 23 0 0.00 M M 5.7 14 310 M M 1 18 360
14 56 27 42 -9 23 0 0.00 M M 9.8 16 60 M M 2 30 30
15 50 33 42 -9 23 0 0.02 M M 8.1 15 90 M M 8 21 90
16 47 33 40 -12 25 0 0.49 M M 11.9 23 360 M M 9 1 29 360
17 55 34 45 -7 20 0 0.00 M M 11.8 21 350 M M 8 29 360
18 66 29 48 -4 17 0 0.00 M M 6.9 18 360 M M 1 26 340
19 48 29 39 -14 26 0 0.02 M M 16.6 25 30 M M 7 1 33 40
20 50 24 37 -16 28 0 0.06 M M 11.7 26 330 M M 4 1 34 320
21 52 26 39 -15 26 0 0.00 M M 7.1 16 330 M M 1 23 330
22 61 34 48 -6 17 0 0.00 M M 14.6 31 170 M M 4 46 170
23 66 39 53 -1 12 0 0.00 M M 7.0 16 60 M M 4 23 120
24 66 38 52 -3 13 0 0.00 M M 9.2 22 10 M M 3 27 10
25 85 46 66 11 0 1 0.00 M M 11.5 23 170 M M 0 39 170
26 97 53 75 20 0 10 0.00 M M 14.1 28 200 M M 0 46 200
27 70 54 62 6 3 0 0.00 M M 11.4 20 70 M M 2 30 200
28 59 50 55 -1 10 0 0.00 M M 11.9 21 350 M M 9 8 26 360
29 78 43 61 5 4 0 0.00 M M 11.5 22 20 M M 0 36 10
30 86 43 65 8 0 0 0.00 M M 10.8 21 210 M M 0 29 230
================================================================================
SM 2013 1123 396 21 0.89 M 352.9 M 82
================================================================================
AV 67.1 37.4 11.8 FASTST M M 3 MAX(MPH)
MISC ----> 37 330 52 320
================================================================================
NOTES:
# LAST OF SEVERAL OCCURRENCES
COLUMN 17 PEAK WIND IN M.P.H.
PRELIMINARY LOCAL CLIMATOLOGICAL DATA (WS FORM: F-6) , PAGE 2
STATION: HILL CITY KS
MONTH: APRIL
YEAR: 2021
LATITUDE: 39 22 N
LONGITUDE: 99 50 W
[TEMPERATURE DATA] [PRECIPITATION DATA] SYMBOLS USED IN COLUMN 16
AVERAGE MONTHLY: 52.3 TOTAL FOR MONTH: 0.89 1 = FOG OR MIST
DPTR FM NORMAL: 0.7 DPTR FM NORMAL: -1.23 2 = FOG REDUCING VISIBILITY
HIGHEST: 97 ON 26 GRTST 24HR 0.51 ON 15-16 TO 1/4 MILE OR LESS
LOWEST: 22 ON 1 3 = THUNDER
SNOW, ICE PELLETS, HAIL 4 = ICE PELLETS
TOTAL MONTH: M 5 = HAIL
GRTST 24HR M ON M 6 = FREEZING RAIN OR DRIZZLE
GRTST DEPTH: M ON M 7 = DUSTSTORM OR SANDSTORM:
VSBY 1/2 MILE OR LESS
8 = SMOKE OR HAZE
[NO. OF DAYS WITH] [WEATHER - DAYS WITH] 9 = BLOWING SNOW
X = TORNADO
MAX 32 OR BELOW: 0 0.01 INCH OR MORE: 6
MAX 90 OR ABOVE: 2 0.10 INCH OR MORE: 2
MIN 32 OR BELOW: 9 0.50 INCH OR MORE: 0
MIN 0 OR BELOW: 0 1.00 INCH OR MORE: 0
[HDD (BASE 65) ]
TOTAL THIS MO. 396 CLEAR (SCALE 0-3) 19
DPTR FM NORMAL -12 PTCLDY (SCALE 4-7) 7
TOTAL FM JUL 1 5131 CLOUDY (SCALE 8-10) 4
DPTR FM NORMAL -243
[CDD (BASE 65) ]
TOTAL THIS MO. 21
DPTR FM NORMAL 14 [PRESSURE DATA]
TOTAL FM JAN 1 21 HIGHEST SLP 30.56 ON 1
DPTR FM NORMAL 14 LOWEST SLP 29.34 ON 6
[REMARKS]
#FINAL-04-21#