000
CXHW50 PHFO 011250
CF6HNL
PRELIMINARY LOCAL CLIMATOLOGICAL DATA (WS FORM: F-6)
STATION: HONOLULU HI
MONTH: FEBRUARY
YEAR: 2023
LATITUDE: 21 21 N
LONGITUDE: 157 56 W
TEMPERATURE IN F: :PCPN: SNOW: WIND :SUNSHINE: SKY :PK WND
================================================================================
1 2 3 4 5 6A 6B 7 8 9 10 11 12 13 14 15 16 17 18
12Z AVG MX 2MIN
DY MAX MIN AVG DEP HDD CDD WTR SNW DPTH SPD SPD DIR MIN PSBL S-S WX SPD DR
================================================================================
1 82 69 76 2 0 11 0.00 M M 4.4 12 200 M M 4 16 210
2 83 67 75 1 0 10 0.00 M M 5.8 16 150 M M 3 20 150
3 84 71 78 4 0 13 T M M 5.9 16 40 M M 5 21 60
4 79 70 75 1 0 10 1.20 M M 11.9 23 70 M M 6 13 29 70
5 85 73 79 5 0 14 T M M 14.9 24 90 M M 4 32 80
6 M M M M M M 0.00 M M 15.0 24 50 M M 2 30 60
7 85 74 80 6 0 15 0.00 M M 15.1 23 50 M M 4 29 50
8 86 72 79 5 0 14 0.00 M M 18.6 35 60 M M 5 49 80
9 84 72 78 4 0 13 T M M 21.3 37 80 M M 6 8 49 70
10 83 72 78 4 0 13 T M M 22.2 33 70 M M 3 45 70
11 83 73 78 4 0 13 T M M 18.1 29 70 M M 3 37 70
12 83 71 77 3 0 12 0.06 M M 16.3 28 60 M M 3 1 36 60
13 82 71 77 3 0 12 0.01 M M 9.9 22 60 M M 4 27 70
14 83 69 76 2 0 11 0.01 M M 9.0 20 50 M M 4 25 10
15 83 67 75 1 0 10 0.02 M M 7.6 17 320 M M 5 25 300
16 83 70 77 3 0 12 0.14 M M 8.6 20 80 M M 7 1 23 80
17 74 70 72 -2 0 7 0.37 M M 4.7 15 90 M M 9 1 17 90
18 80 71 76 2 0 11 0.28 M M 9.2 18 120 M M 7 1 26 110
19 84 68 76 2 0 11 0.15 M M 6.5 18 110 M M 7 1 26 130
20 78 71 75 1 0 10 0.71 M M 5.3 20 70 M M 8 138 22 70
21 83 71 77 3 0 12 0.03 M M 9.9 20 50 M M 8 13 27 60
22 80 73 77 3 0 12 T M M 7.6 14 70 M M 7 1 14 70
23 82 73 78 4 0 13 0.01 M M 8.9 14 50 M M 6 14 50
24 80 71 76 2 0 11 0.03 M M 12.6 26 60 M M 6 33 50
25 82 72 77 3 0 12 T M M 11.4 21 60 M M 4 33 70
26 82 70 76 2 0 11 T M M 10.3 18 90 M M 4 35 120
27 82 71 77 3 0 12 0.01 M M 11.2 16 60 M M 4 8 24 70
28 80 70 75 1 0 10 0.13 M M 12.0 17 60 M M 5 29 60
================================================================================
SM 2215 1912 0 315 3.16 M 314.2 M 143
================================================================================
AV 82.0 70.8 11.2 FASTST M M 5 MAX(MPH)
MISC ----> 37 80 # 49 80
================================================================================
NOTES:
# LAST OF SEVERAL OCCURRENCES
COLUMN 17 PEAK WIND IN M.P.H.
PRELIMINARY LOCAL CLIMATOLOGICAL DATA (WS FORM: F-6) , PAGE 2
STATION: HONOLULU HI
MONTH: FEBRUARY
YEAR: 2023
LATITUDE: 21 21 N
LONGITUDE: 157 56 W
[TEMPERATURE DATA] [PRECIPITATION DATA] SYMBOLS USED IN COLUMN 16
AVERAGE MONTHLY: 76.4 TOTAL FOR MONTH: 3.16 1 = FOG OR MIST
DPTR FM NORMAL: 2.6 DPTR FM NORMAL: 1.22 2 = FOG REDUCING VISIBILITY
HIGHEST: 86 ON 8 GRTST 24HR 1.20 ON 3- 4 TO 1/4 MILE OR LESS
LOWEST: 67 ON 15, 2 3 = THUNDER
SNOW, ICE PELLETS, HAIL 4 = ICE PELLETS
TOTAL MONTH: M 5 = HAIL
GRTST 24HR M ON M 6 = FREEZING RAIN OR DRIZZLE
GRTST DEPTH: M ON M 7 = DUSTSTORM OR SANDSTORM:
VSBY 1/2 MILE OR LESS
8 = SMOKE OR HAZE
[NO. OF DAYS WITH] [WEATHER - DAYS WITH] 9 = BLOWING SNOW
X = TORNADO
MAX 32 OR BELOW: 0 0.01 INCH OR MORE: 15
MAX 90 OR ABOVE: 0 0.10 INCH OR MORE: 7
MIN 32 OR BELOW: 0 0.50 INCH OR MORE: 2
MIN 0 OR BELOW: 0 1.00 INCH OR MORE: 1
[HDD (BASE 65) ]
TOTAL THIS MO. 0 CLEAR (SCALE 0-3) 5
DPTR FM NORMAL 0 PTCLDY (SCALE 4-7) 21
TOTAL FM JUL 1 0 CLOUDY (SCALE 8-10) 2
DPTR FM NORMAL 0
[CDD (BASE 65) ]
TOTAL THIS MO. 315
DPTR FM NORMAL 69 [PRESSURE DATA]
TOTAL FM JAN 1 595 HIGHEST SLP 30.20 ON 28
DPTR FM NORMAL 75 LOWEST SLP 29.78 ON 15
[REMARKS]
#FINAL-02-23#