000
CXUS54 KMAF 011110
CF6HOB
PRELIMINARY LOCAL CLIMATOLOGICAL DATA (WS FORM: F-6)
STATION: LEA AIRPORT, HOBBS
MONTH: MARCH
YEAR: 2022
LATITUDE: 32 40 N
LONGITUDE: 103-12 E
TEMPERATURE IN F: :PCPN: SNOW: WIND :SUNSHINE: SKY :PK WND
================================================================================
1 2 3 4 5 6A 6B 7 8 9 10 11 12 13 14 15 16 17 18
12Z AVG MX 2MIN
DY MAX MIN AVG DEP HDD CDD WTR SNW DPTH SPD SPD DIR MIN PSBL S-S WX SPD DR
================================================================================
1 64 32 48 M 17 0 0.00 M M 3.9 9 80 M M 0 13 170
2 72 34 53 M 12 0 0.00 M M 4.5 8 170 M M 0 M M
3 75 34 55 M 10 0 0.00 M M 8.1 13 150 M M 1 21 150
4 81 46 64 M 1 0 0.00 M M 10.7 22 140 M M 0 30 200
5 72 43 58 M 7 0 0.00 M M 14.0 28 220 M M 1 36 220
6 72 36 54 M 11 0 0.00 M M 13.8 38 250 M M 1 52 250
7 45 25 35 M 30 0 0.00 M M 9.3 16 10 M M 0 22 20
8 54 27 41 M 24 0 0.00 M M 6.7 12 300 M M 1 18 270
9 64 23 44 M 21 0 0.00 M M 12.8 25 160 M M 0 31 150
10 55 25 40 M 25 0 0.00 M M 13.8 24 30 M M 1 37 50
11 39 19 29 M 36 0 0.00 M M 13.3 23 10 M M 4 33 204
12 57 18 38 M 27 0 0.00 M M 11.8 22 180 M M 0 29 180
13 70 25 48 M 17 0 0.00 M M 12.0 20 180 M M 0 28 200
14 63 34 49 M 16 0 0.00 M M 13.9 29 320 M M 0 38 320
15 72 28 50 M 15 0 0.00 M M 7.9 12 170 M M 0 18 200
16 82 36 59 M 6 0 0.00 M M 11.4 22 240 M M 0 29 220
17 66 36 51 M 14 0 0.00 M M 18.7 32 290 M M 3 7 43 290
18 57 28 43 M 22 0 0.00 M M 8.2 16 340 M M 3 23 340
19 72 32 52 M 13 0 0.00 M M 8.4 14 170 M M 0 21 160
20 77 45 61 M 4 0 0.00 M M 19.4 30 150 M M 1 7 37 160
21 63 39 51 M 14 0 0.00 M M 17.0 26 10 M M 5 36 10
22 52 34 43 M 22 0 0.00 M M 19.2 29 350 M M 1 40 340
23 57 30 44 M 21 0 0.00 M M 15.8 29 280 M M 2 38 280
24 73 28 51 M 14 0 0.00 M M 10.1 18 280 M M 0 21 310
25 82 34 58 M 7 0 0.00 M M 5.1 9 230 M M 0 17 230
26 86 36 61 M 4 0 0.00 M M 5.6 9 20 M M 0 15 20
27 90 46 68 M 0 3 0.00 M M 9.0 15 190 M M 0 23 220
28 88 50 69 M 0 4 0.00 M M 10.7 21 230 M M 0 28 210
29 82 54 68 M 0 3 0.00 M M 18.1 35 260 M M 2 7 48 230
30 63 45 54 M 11 0 0.00 M M 12.7 28 360 M M 5 38 360
31 66 32 49 M 16 0 0.01 M M 8.9 23 10 M M 1 33 10
================================================================================
SM 2111 1054 437 10 0.01 M 354.5 M 32
================================================================================
AV 68.1 34.0 11.4 FASTST M M 1 MAX(MPH)
MISC ----> 38 250 52 250
================================================================================
NOTES:
# LAST OF SEVERAL OCCURRENCES
COLUMN 17 PEAK WIND IN M.P.H.
PRELIMINARY LOCAL CLIMATOLOGICAL DATA (WS FORM: F-6) , PAGE 2
STATION: LEA AIRPORT, HOBBS
MONTH: MARCH
YEAR: 2022
LATITUDE: 32 40 N
LONGITUDE: 103-12 E
[TEMPERATURE DATA] [PRECIPITATION DATA] SYMBOLS USED IN COLUMN 16
AVERAGE MONTHLY: 51.0 TOTAL FOR MONTH: 0.01 1 = FOG OR MIST
DPTR FM NORMAL: 0.0 DPTR FM NORMAL: M 2 = FOG REDUCING VISIBILITY
HIGHEST: 90 ON 27 GRTST 24HR 0.01 ON 31-31 TO 1/4 MILE OR LESS
LOWEST: 18 ON 12 3 = THUNDER
SNOW, ICE PELLETS, HAIL 4 = ICE PELLETS
TOTAL MONTH: M 5 = HAIL
GRTST 24HR M ON M 6 = FREEZING RAIN OR DRIZZLE
GRTST DEPTH: M ON M 7 = DUSTSTORM OR SANDSTORM:
VSBY 1/2 MILE OR LESS
8 = SMOKE OR HAZE
[NO. OF DAYS WITH] [WEATHER - DAYS WITH] 9 = BLOWING SNOW
X = TORNADO
MAX 32 OR BELOW: 0 0.01 INCH OR MORE: 1
MAX 90 OR ABOVE: 1 0.10 INCH OR MORE: 0
MIN 32 OR BELOW: 14 0.50 INCH OR MORE: 0
MIN 0 OR BELOW: 0 1.00 INCH OR MORE: 0
[HDD (BASE 65) ]
TOTAL THIS MO. 437 CLEAR (SCALE 0-3) 28
DPTR FM NORMAL M PTCLDY (SCALE 4-7) 3
TOTAL FM JUL 1 2712 CLOUDY (SCALE 8-10) 0
DPTR FM NORMAL M
[CDD (BASE 65) ]
TOTAL THIS MO. 10
DPTR FM NORMAL M [PRESSURE DATA]
TOTAL FM JAN 1 10 HIGHEST SLP M ON M
DPTR FM NORMAL M LOWEST SLP M ON M
[REMARKS]
#FINAL-03-22#