000
CXUS53 KFSD 012016
CF6HON
PRELIMINARY LOCAL CLIMATOLOGICAL DATA (WS FORM: F-6)
STATION: HURON
MONTH: APRIL
YEAR: 2023
LATITUDE: 44 22 N
LONGITUDE: 98 13 W
TEMPERATURE IN F: :PCPN: SNOW: WIND :SUNSHINE: SKY :PK WND
================================================================================
1 2 3 4 5 6A 6B 7 8 9 10 11 12 13 14 15 16 17 18
12Z AVG MX 2MIN
DY MAX MIN AVG DEP HDD CDD WTR SNW DPTH SPD SPD DIR MIN PSBL S-S WX SPD DR
================================================================================
1 38 16 27 -13 38 0 T T 2 12.3 30 340 M M 0 38 330
2 49 34 42 2 23 0 0.00 0.0 T 12.5 22 160 M M 2 32 150
3 40 29 35 -6 30 0 0.00 0.0 T 8.1 14 40 M M 4 17 50
4 32 25 29 -12 36 0 0.25 1.0 1 15.7 26 30 M M 10 16 37 30
5 28 19 24 -18 41 0 T T 1 23.0 36 310 M M 5 19 46 280
6 46 15 31 -11 34 0 0.00 0.0 T 4.9 15 80 M M 0 20 80
7 55 24 40 -2 25 0 0.00 0.0 T 9.4 17 90 M M 0 22 90
8 75 30 53 10 12 0 0.00 0.0 T 9.4 18 310 M M 0 1 25 170
9 65 32 49 6 16 0 0.00 0.0 0 5.1 14 320 M M 3 12 17 310
10 78 29 54 10 11 0 0.00 0.0 0 7.6 18 220 M M 0 1 26 210
11 92 50 71 27 0 6 0.00 0.0 0 15.8 32 200 M M 0 47 200
12 70 40 55 11 10 0 0.00 0.0 0 12.2 20 360 M M 0 25 360
13 77 36 57 12 8 0 0.00 0.0 0 9.5 21 340 M M 1 3 28 340
14 55 39 47 2 18 0 0.00 0.0 0 17.1 29 340 M M 7 36 330
15 41 36 39 -7 26 0 0.00 0.0 0 18.5 28 350 M M 10 34 340
16 53 27 40 -6 25 0 0.00 0.0 0 22.7 38 340 M M 3 50 350
17 60 25 43 -3 22 0 0.00 0.0 0 7.1 14 100 M M 0 20 30
18 66 31 49 2 16 0 0.00 0.0 0 16.8 28 130 M M 0 42 120
19 67 37 52 5 13 0 0.14 0.0 0 8.5 28 70 M M 4 13 37 80
20 49 35 42 -6 23 0 0.10 T 0 18.4 31 280 M M 10 1 40 280
21 39 30 35 -13 30 0 0.03 T 0 22.3 32 330 M M 10 12 44 330
22 47 27 37 -11 28 0 T T T 16.9 29 330 M M 4 39 330
23 52 22 37 -12 28 0 0.00 0.0 0 5.2 17 310 M M 1 24 340
24 57 24 41 -8 24 0 0.00 0.0 0 7.3 16 50 M M 0 20 50
25 56 28 42 -8 23 0 0.00 0.0 0 10.1 17 100 M M 3 24 80
26 72 41 57 7 8 0 T 0.0 0 13.5 25 210 M M 7 38 200
27 73 44 59 9 6 0 0.05 0.0 0 8.6 29 360 M M 7 1 39 360
28 59 36 48 -3 17 0 T 0.0 0 15.4 30 360 M M 7 1 41 10
29 64 34 49 -2 16 0 T 0.0 0 14.2 36 330 M M 7 51 320
30 60 33 47 -5 18 0 0.00 0.0 0 19.3 33 340 M M 3 43 10
================================================================================
SM 1715 928 625 6 0.57 1.0 387.4 M 108
================================================================================
AV 57.2 30.9 12.9 FASTST M M 4 MAX(MPH)
MISC ----> 38 340 51 320
================================================================================
NOTES:
# LAST OF SEVERAL OCCURRENCES
-COLUMN 17 PEAK WIND IN M.P.H.
-PRECIPITATION AMOUNTS IN COLUMNS 7,8 AND 9 ARE THE OFFICIAL
PRECIPITATION AMOUNTS FOR HURON, SD.
-SNOW DEPTH IN COLUMN 9 IS RECORDED AT 6 AM CST (12Z).
PRELIMINARY LOCAL CLIMATOLOGICAL DATA (WS FORM: F-6) , PAGE 2
STATION: HURON
MONTH: APRIL
YEAR: 2023
LATITUDE: 44 22 N
LONGITUDE: 98 13 W
[TEMPERATURE DATA] [PRECIPITATION DATA] SYMBOLS USED IN COLUMN 16
AVERAGE MONTHLY: 44.1 TOTAL FOR MONTH: 0.57 1 = FOG OR MIST
DPTR FM NORMAL: -1.7 DPTR FM NORMAL: -1.95 2 = FOG REDUCING VISIBILITY
HIGHEST: 92 ON 11 GRTST 24HR 0.25 ON 4 TO 1/4 MILE OR LESS
LOWEST: 15 ON 6 3 = THUNDER
SNOW, ICE PELLETS, HAIL 4 = ICE PELLETS
TOTAL MONTH: 3.0 INCHES 5 = HAIL
GRTST 24HR 1.0 ON 4 6 = FREEZING RAIN OR DRIZZLE
GRTST DEPTH: 2 ON 1 7 = DUSTSTORM OR SANDSTORM:
VSBY 1/2 MILE OR LESS
8 = SMOKE OR HAZE
[NO. OF DAYS WITH] [WEATHER - DAYS WITH] 9 = BLOWING SNOW
X = TORNADO
MAX 32 OR BELOW: 2 0.01 INCH OR MORE: 5
MAX 90 OR ABOVE: 1 0.10 INCH OR MORE: 3
MIN 32 OR BELOW: 17 0.50 INCH OR MORE: 0
MIN 0 OR BELOW: 0 1.00 INCH OR MORE: 0
[HDD (BASE 65) ]
TOTAL THIS MO. 625 CLEAR (SCALE 0-3) 15
DPTR FM NORMAL 45 PTCLDY (SCALE 4-7) 11
TOTAL FM JUL 1 7829 CLOUDY (SCALE 8-10) 4
DPTR FM NORMAL 441
[CDD (BASE 65) ]
TOTAL THIS MO. 6
DPTR FM NORMAL 4 [PRESSURE DATA]
TOTAL FM JAN 1 6 HIGHEST SLP 30.41 ON 6
DPTR FM NORMAL 4 LOWEST SLP 29.32 ON 19
[REMARKS]
RECORD DAILY MAXIMUM TEMPERATURE WAS ESTABLISHED ON THE 11TH WITH 92
DEGREES. THE PREVIOUS RECORD WAS 86 IN 1931.
#FINAL-04-23#