000
CXUS53 KFSD 012107
CF6HON
PRELIMINARY LOCAL CLIMATOLOGICAL DATA (WS FORM: F-6)
STATION: HURON
MONTH: OCTOBER
YEAR: 2023
LATITUDE: 44 22 N
LONGITUDE: 98 13 W
TEMPERATURE IN F: :PCPN: SNOW: WIND :SUNSHINE: SKY :PK WND
================================================================================
1 2 3 4 5 6A 6B 7 8 9 10 11 12 13 14 15 16 17 18
12Z AVG MX 2MIN
DY MAX MIN AVG DEP HDD CDD WTR SNW DPTH SPD SPD DIR MIN PSBL S-S WX SPD DR
================================================================================
1 93 70 82 26 0 17 0.00 0.0 0 16.3 29 180 M M 0 43 170
2 92 67 80 25 0 15 0.00 0.0 0 13.0 24 170 M M 0 37 190
3 80 60 70 15 0 5 0.06 0.0 0 11.4 18 160 M M 5 1 27 220
4 71 53 62 8 3 0 T 0.0 0 11.1 21 300 M M 5 32 280
5 63 47 55 1 10 0 T 0.0 0 17.5 33 320 M M 3 50 320
6 51 31 41 -12 24 0 0.00 0.0 0 16.8 32 320 M M 7 45 300
7 65 29 47 -5 18 0 0.00 0.0 0 5.5 15 230 M M 0 23 230
8 70 36 53 1 12 0 0.00 0.0 0 9.2 21 360 M M 0 28 350
9 63 31 47 -4 18 0 0.00 0.0 0 4.8 13 320 M M 1 1 18 40
10 64 28 46 -5 19 0 0.00 0.0 0 5.0 10 80 M M 0 1 17 110
11 72 41 57 7 8 0 T 0.0 0 12.4 21 110 M M 0 30 80
12 52 45 49 -1 16 0 2.24 0.0 0 20.3 37 50 M M 9 1 51 50
13 48 44 46 -3 19 0 1.31 0.0 0 18.6 28 30 M M 10 1 40 30
14 52 45 49 0 16 0 0.00 0.0 0 9.8 16 360 M M 10 23 350
15 56 34 45 -3 20 0 0.00 0.0 0 6.9 18 340 M M 5 24 20
16 62 31 47 -1 18 0 0.00 0.0 0 3.7 8 210 M M 0 12 250
17 74 38 56 9 9 0 0.00 0.0 0 10.6 29 330 M M 0 41 320
18 59 47 53 6 12 0 0.14 0.0 0 15.3 28 330 M M 7 1 42 320
19 71 44 58 12 7 0 0.00 0.0 0 7.4 21 330 M M 0 1 27 320
20 78 40 59 13 6 0 0.00 0.0 0 8.2 24 320 M M 0 32 330
21 67 37 52 7 13 0 0.00 0.0 0 8.6 21 320 M M 1 32 350
22 60 37 49 4 16 0 T 0.0 0 9.5 20 180 M M 2 27 170
23 69 46 58 14 7 0 0.00 0.0 0 7.2 14 180 M M 0 18 140
24 52 44 48 4 17 0 T 0.0 0 12.7 21 10 M M 9 28 10
25 53 36 45 2 20 0 0.07 0.0 0 6.2 16 120 M M 8 12 21 130
26 53 33 43 0 22 0 0.16 T 0 13.8 28 300 M M 10 12 37 300
27 33 18 26 -16 39 0 T T 0 16.4 31 320 M M 6 1 41 310
28 29 18 24 -18 41 0 0.03 T 0 7.0 13 320 M M 6 1 16 320
29 35 18 27 -14 38 0 T T T 10.7 22 330 M M 4 29 300
30 46 16 31 -10 34 0 0.00 0.0 T 17.9 39 320 M M 3 52 320
31 32 15 24 -16 41 0 0.00 0.0 0 10.4 22 320 M M 2 29 330
================================================================================
SM 1865 1179 523 37 4.01 T 344.2 M 113
================================================================================
AV 60.2 38.0 11.1 FASTST M M 4 MAX(MPH)
MISC ----> 39 320 52 320
================================================================================
NOTES:
# LAST OF SEVERAL OCCURRENCES
-COLUMN 17 PEAK WIND IN M.P.H.
-PRECIPITATION AMOUNTS IN COLUMNS 7,8 AND 9 ARE THE OFFICIAL
PRECIPITATION AMOUNTS FOR HURON, SD.
-SNOW DEPTH IN COLUMN 9 IS RECORDED AT 6 AM CST (12Z).
PRELIMINARY LOCAL CLIMATOLOGICAL DATA (WS FORM: F-6) , PAGE 2
STATION: HURON
MONTH: OCTOBER
YEAR: 2023
LATITUDE: 44 22 N
LONGITUDE: 98 13 W
[TEMPERATURE DATA] [PRECIPITATION DATA] SYMBOLS USED IN COLUMN 16
AVERAGE MONTHLY: 49.1 TOTAL FOR MONTH: 4.01 1 = FOG OR MIST
DPTR FM NORMAL: 1.2 DPTR FM NORMAL: 2.06 2 = FOG REDUCING VISIBILITY
HIGHEST: 93 ON 1 GRTST 24HR 3.48 ON 12-13 TO 1/4 MILE OR LESS
LOWEST: 15 ON 31 3 = THUNDER
SNOW, ICE PELLETS, HAIL 4 = ICE PELLETS
TOTAL MONTH: T 5 = HAIL
GRTST 24HR T ON 28,29 6 = FREEZING RAIN OR DRIZZLE
GRTST DEPTH: T 7 = DUSTSTORM OR SANDSTORM:
VSBY 1/2 MILE OR LESS
8 = SMOKE OR HAZE
[NO. OF DAYS WITH] [WEATHER - DAYS WITH] 9 = BLOWING SNOW
X = TORNADO
MAX 32 OR BELOW: 2 0.01 INCH OR MORE: 7
MAX 90 OR ABOVE: 2 0.10 INCH OR MORE: 4
MIN 32 OR BELOW: 10 0.50 INCH OR MORE: 2
MIN 0 OR BELOW: 0 1.00 INCH OR MORE: 2
[HDD (BASE 65) ]
TOTAL THIS MO. 523 CLEAR (SCALE 0-3) 16
DPTR FM NORMAL -13 PTCLDY (SCALE 4-7) 10
TOTAL FM JUL 1 582 CLOUDY (SCALE 8-10) 5
DPTR FM NORMAL -129
[CDD (BASE 65) ]
TOTAL THIS MO. 37
DPTR FM NORMAL 32 [PRESSURE DATA]
TOTAL FM JAN 1 1043 HIGHEST SLP 30.57 ON 31
DPTR FM NORMAL 291 LOWEST SLP 29.57 ON 17
[REMARKS]
RECORD DAILY HIGH MINIMUM TEMPERATURE WAS ESTABLISHED ON THE 1ST WITH 70
DEGREES. THE PREVIOUS RECORD WAS 68 IN 1891.
RECORD DAILY HIGH MINIMUM TEMPERATURE WAS TIED ON THE 2ND WITH 67 DEGREES.
THE PREVIOUS OCCURANCE WAS IN 1884.
RECORD DAILY PRECIPITATION WAS ESTABLISHED ON THE 12TH WITH 2.24 INCHES.
THE PREVIOUS RECORD WAS 1.69 INCHES IN 1997.
MONTHLY TOTAL PRECIPITATION OF 4.01 INCHES IS THE 7TH WETTEST ON RECORD.
#FINAL-10-23#