818
CXUS54 KLZK 011131
CF6HOT
PRELIMINARY LOCAL CLIMATOLOGICAL DATA (WS FORM: F-6)
STATION: Hot Springs Memorial Field
MONTH: AUGUST
YEAR: 2020
LATITUDE: 34 28 N
LONGITUDE: 93 6 W
TEMPERATURE IN F: :PCPN: SNOW: WIND :SUNSHINE: SKY :PK WND
================================================================================
1 2 3 4 5 6A 6B 7 8 9 10 11 12 13 14 15 16 17 18
12Z AVG MX 2MIN
DY MAX MIN AVG DEP HDD CDD WTR SNW DPTH SPD SPD DIR MIN PSBL S-S WX SPD DR
================================================================================
1 87 68 78 -5 0 13 0.00 M M 3.5 9 350 M M 2 15 320
2 88 64 76 -7 0 11 T M M 2.5 14 260 M M 2 3 19 260
3 88 68 78 -5 0 13 0.00 M M 4.2 10 290 M M 1 15 310
4 86 67 77 -6 0 12 0.00 M M 2.3 9 350 M M 2 14 250
5 83 67 75 -8 0 10 0.00 M M 3.3 8 120 M M 1 11 120
6 89 66 78 -5 0 13 0.14 M M 4.1 14 310 M M 1 13 25 290
7 82 72 77 -6 0 12 T M M 2.4 8 80 M M 3 10 190
8 92 70 81 -2 0 16 0.00 M M 2.9 12 230 M M 0 1 14 230
9 94 74 84 1 0 19 0.00 M M 3.8 14 180 M M 0 17 180
10 94 75 85 2 0 20 0.00 M M 2.4 13 220 M M 0 17 230
11 94 73 84 1 0 19 0.02 M M 4.3 15 340 M M 2 3 23 350
12 86 72 79 -4 0 14 0.67 M M 3.6 12 90 M M 5 13 15 230
13 91 71 81 -2 0 16 T M M 2.1 13 310 M M 3 1 20 310
14 89 70 80 -3 0 15 1.72 M M 2.2 15 320 M M 2 13 25 300
15 95 71 83 0 0 18 0.00 M M 1.1 7 290 M M 0 11 200
16 93 71 82 -1 0 17 T M M 3.5 12 70 M M 0 15 50
17 91 67 79 -3 0 14 0.00 M M 1.9 9 130 M M 0 16 130
18 88 68 78 -4 0 13 0.00 M M 3.9 12 350 M M 1 18 320
19 88 69 79 -3 0 14 0.00 M M 4.6 13 50 M M 1 17 40
20 87 64 76 -6 0 11 0.00 M M 1.6 12 30 M M 2 14 50
21 90 65 78 -4 0 13 0.00 M M 1.3 8 60 M M 2 17 99
22 92 68 80 -2 0 15 0.00 M M M M M M M M M M
23 93 69 81 -1 0 16 0.00 M M M M M M M M M M
24 M M M M M M M M M M M M M M M M M
25 M M M M M M M M M M M M M M M M M
26 84 72 78 -3 0 13 0.68 M M M M M M M M 3 M M
27 76 72 74 -7 0 9 2.59 M M M M M M M M 3 M M
28 91 73 82 1 0 17 T M M M M M M M M M M
29 94 72 83 3 0 18 0.90 M M M M M M M M 3 M M
30 86 71 79 -1 0 14 T M M M M M M M M M M
31 89 70 80 0 0 15 2.00 M M M M M M M M 3 M M
================================================================================
SM 2580 2019 0 420 8.72 M 61.5 M 30
================================================================================
AV 89.0 69.6 2.9 FASTST M M 1 MAX(MPH)
MISC ----> # 15 340 # 25 290
================================================================================
NOTES:
# LAST OF SEVERAL OCCURRENCES
COLUMN 17 PEAK WIND IN M.P.H.
PRELIMINARY LOCAL CLIMATOLOGICAL DATA (WS FORM: F-6) , PAGE 2
STATION: Hot Springs Memorial Field
MONTH: AUGUST
YEAR: 2020
LATITUDE: 34 28 N
LONGITUDE: 93 6 W
[TEMPERATURE DATA] [PRECIPITATION DATA] SYMBOLS USED IN COLUMN 16
AVERAGE MONTHLY: 79.3 TOTAL FOR MONTH: 8.72 1 = FOG OR MIST
DPTR FM NORMAL: -2.9 DPTR FM NORMAL: 5.62 2 = FOG REDUCING VISIBILITY
HIGHEST: 95 ON 15 GRTST 24HR 2.59 ON 27-27 TO 1/4 MILE OR LESS
LOWEST: 64 ON 20, 2 3 = THUNDER
SNOW, ICE PELLETS, HAIL 4 = ICE PELLETS
TOTAL MONTH: M 5 = HAIL
GRTST 24HR M ON M 6 = FREEZING RAIN OR DRIZZLE
GRTST DEPTH: M ON M 7 = DUSTSTORM OR SANDSTORM:
VSBY 1/2 MILE OR LESS
8 = SMOKE OR HAZE
[NO. OF DAYS WITH] [WEATHER - DAYS WITH] 9 = BLOWING SNOW
X = TORNADO
MAX 32 OR BELOW: 0 0.01 INCH OR MORE: 8
MAX 90 OR ABOVE: 13 0.10 INCH OR MORE: 7
MIN 32 OR BELOW: 0 0.50 INCH OR MORE: 6
MIN 0 OR BELOW: 0 1.00 INCH OR MORE: 3
[HDD (BASE 65) ]
TOTAL THIS MO. 0 CLEAR (SCALE 0-3) 20
DPTR FM NORMAL 0 PTCLDY (SCALE 4-7) 1
TOTAL FM JUL 1 0 CLOUDY (SCALE 8-10) 0
DPTR FM NORMAL 0
[CDD (BASE 65) ]
TOTAL THIS MO. 420
DPTR FM NORMAL -113 [PRESSURE DATA]
TOTAL FM JAN 1 1636 HIGHEST SLP 30.15 ON 7
DPTR FM NORMAL -123 LOWEST SLP 29.48 ON 27
[REMARKS]
#FINAL-08-20#
#FINAL-08-20#