000
CXUS54 KHGX 011524
CLMHOU
CLIMATE REPORT
NATIONAL WEATHER SERVICE HOUSTON/GALVESTON TX
924 AM CST MON JAN 01 2024
...................................
...THE HOUSTON/HOBBY AIRPORT CLIMATE SUMMARY FOR THE MONTH OF DECEMBER 2023...
CLIMATE NORMAL PERIOD: 1991 TO 2020
CLIMATE RECORD PERIOD: 1930 TO 2023
WEATHER OBSERVED NORMAL DEPART LAST YEAR`S
VALUE DATE(S) VALUE FROM VALUE DATE(S)
NORMAL
................................................................
TEMPERATURE (F)
RECORD
HIGH 87 12/09/2021
LOW 9 12/23/1989
HIGHEST 82 12/09 MM MM 85 12/06
LOWEST 37 12/11 MM MM 17 12/23
12/30
AVG. MAXIMUM 68.2 65.7 2.5 68.5
AVG. MINIMUM 50.2 48.0 2.2 50.2
MEAN 59.2 56.9 2.3 59.3
DAYS MAX >= 90 0 0.0 0.0 0
DAYS MAX <= 32 0 0.0 0.0 0
DAYS MIN <= 32 0 0.8 -0.8 5
DAYS MIN <= 0 0 0.0 0.0 0
PRECIPITATION (INCHES)
RECORD
MAXIMUM 8.04 2020
TOTALS 2.71 4.34 -1.63
DAILY AVG. 0.09 0.14 -0.05 0.09
DAYS >= .01 7 9.5 -2.5 9
DAYS >= .10 5 5.5 -0.5 7
DAYS >= .50 1 2.7 -1.7 2
DAYS >= 1.00 1 1.3 -0.3 0
GREATEST
24 HR. TOTAL 1.67 11/30 TO 11/30 0.85 12/30 TO 12/30
SNOWFALL (INCHES)
RECORDS
TOTAL 1.5 2017
TOTALS 0.0
SINCE 7/1 0.0
LIQUID 7/1 0.00
DAYS >= TRACE 0
GREATEST
24 HR TOTAL MM
DEGREE DAYS
HEATING TOTAL 194 286 -92 270
SINCE 7/1 352 440 -88 MM
COOLING TOTAL 21 33 -12 101
SINCE 1/1 4245 3361 884 MM
................................................................
WIND (MPH)
AVERAGE WIND SPEED 8.3
HIGHEST WIND SPEED/DIRECTION 31/350 DATE 12/10
HIGHEST GUST SPEED/DIRECTION 41/010 DATE 12/10
SKY COVER
AVERAGE SKY COVER 0.57
AVERAGE RH (PERCENT) 67
WEATHER CONDITIONS. NUMBER OF DAYS WITH
THUNDERSTORM 2 MIXED PRECIP 0
HEAVY RAIN 2 RAIN 5
LIGHT RAIN 8 FREEZING RAIN 0
LT FREEZING RAIN 0 HAIL 0
HEAVY SNOW 0 SNOW 0
LIGHT SNOW 0 SLEET 0
FOG 10 FOG W/VIS <= 1/4 MILE 0
HAZE 5
- INDICATES NEGATIVE NUMBERS.
R INDICATES RECORD WAS SET OR TIED.
MM INDICATES DATA IS MISSING.
T INDICATES TRACE AMOUNT.
$$