000
CXUS53 KAPX 010532
CLMHTL
CLIMATE REPORT
NATIONAL WEATHER SERVICE
132 AM EDT MON APR 01 2024
...................................
...THE HOUGHTON LAKE MI CLIMATE SUMMARY FOR THE MONTH OF MARCH 2024...
CLIMATE NORMAL PERIOD: 1991 TO 2020
CLIMATE RECORD PERIOD: 1913 TO 2024
WEATHER OBSERVED NORMAL DEPART LAST YEAR`S
VALUE DATE(S) VALUE FROM VALUE
NORMAL
..............................................................
TEMPERATURE (F)
HIGHEST 68 03/04 MM MM
LOWEST 14 03/24 MM MM
AVG. MAXIMUM 45.4 40.4 5.0
AVG. MINIMUM 26.2 19.1 7.1
MEAN 35.8 29.7 6.1
DAYS MAX >= 90 0 0.0 0.0
DAYS MAX <= 32 4 7.9 -3.9
DAYS MIN <= 32 27 27.3 -0.3
DAYS MIN <= 0 0 2.5 -2.5
PRECIPITATION (INCHES)
TOTALS 3.28 1.78 1.50
DAYS >= .01 9 10.5 -1.5
DAYS >= .10 6 4.8 1.2
DAYS >= .50 3 1.0 2.0
DAYS >= 1.00 0 0.1 -0.1
GREATEST
24 HR. TOTAL 0.93 03/08 TO 03/09
SNOWFALL (INCHES)
RECORDS
TOTAL 43.5 1923
24 HR TOTAL MM
TOTALS 3.1 8.3 -5.2
DAYS >= TRACE 10 5.9 4.1
DAYS >= 1.0 1 2.9 -1.9
GREATEST
SNOW DEPTH 2 03/23
24 HR TOTAL MM
DEGREE DAYS
HEATING TOTAL 899 1093 -194
SINCE 7/1 5737 6774 -1037
COOLING TOTAL 0 0 0
SINCE 1/1 0 0 0
..............................................................
WIND (MPH)
AVERAGE WIND SPEED 9.1
HIGHEST WIND SPEED/DIRECTION 30/310 DATE 03/20
HIGHEST GUST SPEED/DIRECTION 46/300 DATE 03/20
SKY COVER
AVERAGE SKY COVER 0.59
AVERAGE RH (PERCENT) 70
- INDICATES NEGATIVE NUMBERS.
R INDICATES RECORD WAS SET OR TIED.
MM INDICATES DATA IS MISSING.
T INDICATES TRACE AMOUNT.
$$