000
CXUS51 KRLX 011130
CF6HTS
PRELIMINARY LOCAL CLIMATOLOGICAL DATA (WS FORM: F-6)
STATION: HUNTINGTON WV
MONTH: OCTOBER
YEAR: 2021
LATITUDE: 38 22 N
LONGITUDE: 82 33 W
TEMPERATURE IN F: :PCPN: SNOW: WIND :SUNSHINE: SKY :PK WND
================================================================================
1 2 3 4 5 6A 6B 7 8 9 10 11 12 13 14 15 16 17 18
12Z AVG MX 2MIN
DY MAX MIN AVG DEP HDD CDD WTR SNW DPTH SPD SPD DIR MIN PSBL S-S WX SPD DR
================================================================================
1 77 49 63 0 2 0 0.00 0.0 0 1.7 8 30 M M 3 12 11 60
2 81 47 64 1 1 0 0.00 0.0 0 3.3 10 210 M M 1 1 17 200
3 75 64 70 8 0 5 0.25 0.0 0 5.9 14 200 M M 6 1 19 190
4 78 62 70 8 0 5 T 0.0 0 4.2 12 240 M M 5 1 16 240
5 83 59 71 9 0 6 0.00 0.0 0 2.7 9 40 M M 6 12 13 30
6 80 67 74 13 0 9 T 0.0 0 4.4 12 90 M M 5 14 80
7 78 65 72 11 0 7 0.11 0.0 0 3.9 10 130 M M 6 1 14 140
8 75 63 69 9 0 4 0.02 0.0 0 3.3 12 190 M M 9 123 14 330
9 79 62 71 11 0 6 0.01 0.0 0 3.4 8 210 M M 5 12 12 220
10 81 58 70 10 0 5 0.00 0.0 0 3.3 9 130 M M 0 1 12 190
11 82 58 70 11 0 5 0.00 0.0 0 2.9 8 140 M M 0 1 12 140
12 80 62 71 12 0 6 0.00 0.0 0 5.1 14 180 M M 4 19 190
13 75 59 67 9 0 2 0.00 0.0 0 2.7 9 200 M M 6 12 13 190
14 81 62 72 14 0 7 0.00 0.0 0 2.1 7 180 M M 4 1 12 200
15 82 67 75 17 0 10 T 0.0 0 5.4 14 240 M M 5 1 20 230
16 70 52 61 4 4 0 0.41 0.0 0 8.6 18 330 M M 7 1 27 310
17 64 42 53 -4 12 0 0.00 0.0 0 6.1 15 270 M M 2 23 250
18 69 40 55 -2 10 0 0.00 0.0 0 3.8 14 250 M M 0 18 290
19 72 42 57 1 8 0 0.00 0.0 0 2.6 9 190 M M 0 13 190
20 73 44 59 3 6 0 0.00 0.0 0 4.0 14 190 M M 0 18 180
21 75 50 63 7 2 0 0.03 0.0 0 9.0 16 290 M M 4 27 280
22 56 46 51 -4 14 0 0.00 0.0 0 3.6 9 250 M M 8 12 300
23 64 49 57 2 8 0 0.01 0.0 0 4.5 13 250 M M 7 1 16 220
24 78 50 64 10 1 0 0.02 0.0 0 6.1 15 190 M M 4 1 22 180
25 65 52 59 5 6 0 0.35 0.0 0 8.2 20 140 M M 5 1 29 150
26 58 39 49 -5 16 0 0.01 0.0 0 7.4 16 340 M M 6 1 24 280
27 51 34 43 -10 22 0 0.00 0.0 0 3.7 12 80 M M 6 1 15 70
28 63 45 54 1 11 0 0.35 0.0 0 5.8 13 70 M M 7 1 17 60
29 63 53 58 5 7 0 0.43 0.0 0 5.9 10 200 M M 8 1 16 270
30 58 51 55 3 10 0 0.44 0.0 0 6.1 13 290 M M 10 1 18 300
31 59 52 56 4 9 0 T 0.0 0 6.8 14 250 M M 10 1 22 250
================================================================================
SM 2225 1645 149 77 2.44 0.0 146.5 M 149
================================================================================
AV 71.8 53.1 4.7 FASTST M M 5 MAX(MPH)
MISC ----> 20 140 29 150
================================================================================
NOTES:
# LAST OF SEVERAL OCCURRENCES
COLUMN 17 PEAK WIND IN M.P.H.
PRELIMINARY LOCAL CLIMATOLOGICAL DATA (WS FORM: F-6) , PAGE 2
STATION: HUNTINGTON WV
MONTH: OCTOBER
YEAR: 2021
LATITUDE: 38 22 N
LONGITUDE: 82 33 W
[TEMPERATURE DATA] [PRECIPITATION DATA] SYMBOLS USED IN COLUMN 16
AVERAGE MONTHLY: 62.4 TOTAL FOR MONTH: 2.44 1 = FOG OR MIST
DPTR FM NORMAL: 5.0 DPTR FM NORMAL: -0.58 2 = FOG REDUCING VISIBILITY
HIGHEST: 83 ON 5 GRTST 24HR 0.78 ON 28-29 TO 1/4 MILE OR LESS
LOWEST: 34 ON 27 3 = THUNDER
SNOW, ICE PELLETS, HAIL 4 = ICE PELLETS
TOTAL MONTH: 0.0 INCH 5 = HAIL
GRTST 24HR 0.0 6 = FREEZING RAIN OR DRIZZLE
GRTST DEPTH: 0 7 = DUSTSTORM OR SANDSTORM:
VSBY 1/2 MILE OR LESS
8 = SMOKE OR HAZE
[NO. OF DAYS WITH] [WEATHER - DAYS WITH] 9 = BLOWING SNOW
X = TORNADO
MAX 32 OR BELOW: 0 0.01 INCH OR MORE: 13
MAX 90 OR ABOVE: 0 0.10 INCH OR MORE: 7
MIN 32 OR BELOW: 0 0.50 INCH OR MORE: 0
MIN 0 OR BELOW: 0 1.00 INCH OR MORE: 0
[HDD (BASE 65) ]
TOTAL THIS MO. 149 CLEAR (SCALE 0-3) 8
DPTR FM NORMAL -114 PTCLDY (SCALE 4-7) 20
TOTAL FM JUL 1 175 CLOUDY (SCALE 8-10) 3
DPTR FM NORMAL -132
[CDD (BASE 65) ]
TOTAL THIS MO. 77
DPTR FM NORMAL 51 [PRESSURE DATA]
TOTAL FM JAN 1 1287 HIGHEST SLP 30.27 ON 20
DPTR FM NORMAL 55 LOWEST SLP 29.40 ON 29
[REMARKS]
#FINAL-10-21#