000
CXUS51 KRLX 050406
CLAHTS
CLIMATE REPORT
NATIONAL WEATHER SERVICE CHARLESTON WV
1106 PM EST TUE JAN 04 2022
...................................
...THE HUNTINGTON WV CLIMATE SUMMARY FOR THE YEAR OF 2021...
CLIMATE NORMAL PERIOD: 1991 TO 2020
CLIMATE RECORD PERIOD: 1897 TO 2022
WEATHER OBSERVED NORMAL DEPART LAST YEAR`S
VALUE DATE(S) VALUE FROM VALUE
NORMAL
..............................................................
TEMPERATURE (F)
RECORD
HIGH 108 07/28/1930
LOW -24 02/09/1899
HIGHEST 94 06/28 96
LOWEST 10 02/21 13
AVG. MAXIMUM 66.7 66.6 0.1 67.3
AVG. MINIMUM 47.3 46.3 1.0 47.5
MEAN 57.0 56.5 0.5 57.4
DAYS MAX >= 90 16 25.0 -9.0 30
DAYS MAX <= 32 14 15.5 -1.5 4
DAYS MAX >= 80 110 113
DAYS MAX >= 100 0 0
DAYS MIN <= 32 88 90.1 -2.1 71
DAYS MIN <= 0 0 0.7 -0.7 0
DAYS MIN <= 10 0 0
PRECIPITATION (INCHES)
RECORD
MAXIMUM 62.44 2011
MINIMUM 21.73 1930
TOTALS 45.67 45.10 0.57 48.22
DAILY AVG. 0.14 0.12 0.02 0.13
DAYS >= .01 141 142.1 -1.1 156
DAYS >= .10 91 85.9 5.1 97
DAYS >= .50 32 30.2 1.8 32
DAYS >= 1.00 12 10.2 1.8 10
GREATEST
24 HR. TOTAL 2.57 06/30 TO 07/01 1.79
SNOWFALL (INCHES)
RECORDS
TOTAL 60.9 1936
24 HR TOTAL 21.1 03/13/1993 TO 03/13/1993
TOTALS 2.6 19.8 -17.2 11.2
SINCE 7/1 T 3.4 -3.4 MM
DAYS >= TRACE 18 14.8 3.2 20
DAYS >= 1.0 2 5.6 -3.6 2
DAYS >= 3.0 0 1
GREATEST
SNOW DEPTH 2 01/28 7
24 HR TOTAL 0.0 7.0
DEGREE DAYS
HEATING TOTAL 4054 4321 -267 4012
SINCE 7/1 1308 1681 -373 MM
COOLING TOTAL 1287 1234 53 1329
SINCE 1/1 1287 1234 53 MM
..............................................................
WIND (MPH)
AVERAGE WIND SPEED 5.0
HIGHEST WIND SPEED/DIRECTION 44/190 DATE 06/08
HIGHEST GUST SPEED/DIRECTION 55/190 DATE 06/08
SKY COVER
POSSIBLE SUNSHINE (PERCENT) MM
AVERAGE SKY COVER 0.41
NUMBER OF DAYS FAIR 183
NUMBER OF DAYS PC 105
NUMBER OF DAYS CLOUDY 77
AVERAGE RH (PERCENT) 70
WEATHER CONDITIONS. NUMBER OF DAYS WITH
THUNDERSTORM 43 MIXED PRECIP 0
HEAVY RAIN 61 RAIN 82
LIGHT RAIN 146 FREEZING RAIN 5
LT FREEZING RAIN 5 HAIL 0
HEAVY SNOW 1 SNOW 6
LIGHT SNOW 30 SLEET 0
FOG 209 FOG W/VIS <= 1/4 MILE 53
HAZE 49
- INDICATES NEGATIVE NUMBERS.
R INDICATES RECORD WAS SET OR TIED.
MM INDICATES DATA IS MISSING.
T INDICATES TRACE AMOUNT.
$$