000
CXUS56 KTFX 011110
CF6HVR
PRELIMINARY LOCAL CLIMATOLOGICAL DATA (WS FORM: F-6)
STATION: HAVRE MT
MONTH: MAY
YEAR: 2022
LATITUDE: 48 32 N
LONGITUDE: 109 46 W
TEMPERATURE IN F: :PCPN: SNOW: WIND :SUNSHINE: SKY :PK WND
================================================================================
1 2 3 4 5 6A 6B 7 8 9 10 11 12 13 14 15 16 17 18
12Z AVG MX 2MIN
DY MAX MIN AVG DEP HDD CDD WTR SNW DPTH SPD SPD DIR MIN PSBL S-S WX SPD DR
================================================================================
1 60 39 50 1 15 0 0.00 0.0 0 12.0 23 130 M M 6 31 140
2 68 28 48 -1 17 0 0.00 0.0 0 8.7 21 130 M M 3 32 90
3 71 40 56 7 9 0 0.00 0.0 0 8.3 17 80 M M 3 24 60
4 76 38 57 7 8 0 0.00 0.0 0 12.0 23 230 M M 0 36 210
5 84 41 63 13 2 0 T 0.0 0 10.9 35 220 M M 1 46 230
6 75 50 63 13 2 0 0.02 0.0 0 22.4 40 250 M M 4 52 250
7 60 41 51 0 14 0 0.08 0.0 0 12.0 32 260 M M 7 1 43 260
8 61 34 48 -3 17 0 0.00 0.0 0 12.8 25 260 M M 4 32 250
9 60 35 48 -4 17 0 T 0.0 0 12.6 28 280 M M 6 36 260
10 65 36 51 -1 14 0 T 0.0 0 15.2 26 240 M M 5 36 220
11 68 26 47 -5 18 0 0.00 0.0 0 5.1 17 150 M M 3 24 150
12 58 40 49 -3 16 0 0.12 0.0 0 8.6 16 110 M M 8 1 21 120
13 58 38 48 -5 17 0 0.04 0.0 0 15.4 35 280 M M 7 12 45 270
14 66 39 53 0 12 0 0.00 0.0 0 15.7 26 230 M M 3 41 270
15 74 39 57 3 8 0 0.00 0.0 0 11.0 21 270 M M 0 29 290
16 81 47 64 10 1 0 0.00 0.0 0 12.9 28 290 M M 2 40 270
17 72 50 61 7 4 0 0.00 0.0 0 16.0 31 290 M M 3 41 290
18 72 36 54 -1 11 0 0.01 0.0 0 15.0 35 280 M M 3 47 250
19 53 37 45 -10 20 0 0.05 T 0 24.7 41 290 M M 9 1 54 290
20 52 34 43 -12 22 0 0.07 T 0 12.6 26 360 M M 10 1 36 360
21 52 27 40 -16 25 0 0.00 0.0 0 5.1 13 80 M M 7 17 130
22 64 22 43 -13 22 0 0.00 0.0 0 6.3 17 240 M M 4 26 230
23 72 37 55 -1 10 0 0.00 0.0 0 8.1 20 230 M M 2 24 220
24 74 35 55 -2 10 0 T 0.0 0 7.6 24 310 M M 2 30 310
25 75 43 59 2 6 0 0.00 0.0 0 15.9 31 270 M M 3 45 260
26 80 46 63 6 2 0 0.00 0.0 0 10.1 21 280 M M 0 30 260
27 80 54 67 9 0 2 0.00 0.0 0 12.5 30 270 M M 4 41 290
28 71 51 61 3 4 0 0.02 0.0 0 9.9 20 260 M M 7 28 230
29 75 49 62 4 3 0 0.00 0.0 0 8.2 24 40 M M 7 35 20
30 67 43 55 -3 10 0 0.00 0.0 0 16.8 30 360 M M 6 40 360
31 69 32 51 -8 14 0 0.00 0.0 0 8.0 20 300 M M 0 30 290
================================================================================
SM 2113 1207 350 2 0.41 T 372.4 M 129
================================================================================
AV 68.2 38.9 12.0 FASTST M M 4 MAX(MPH)
MISC ----> 41 290 54 290
================================================================================
NOTES:
# LAST OF SEVERAL OCCURRENCES
COLUMN 17 PEAK WIND IN M.P.H.
PRELIMINARY LOCAL CLIMATOLOGICAL DATA (WS FORM: F-6) , PAGE 2
STATION: HAVRE MT
MONTH: MAY
YEAR: 2022
LATITUDE: 48 32 N
LONGITUDE: 109 46 W
[TEMPERATURE DATA] [PRECIPITATION DATA] SYMBOLS USED IN COLUMN 16
AVERAGE MONTHLY: 53.5 TOTAL FOR MONTH: 0.41 1 = FOG OR MIST
DPTR FM NORMAL: -0.4 DPTR FM NORMAL: -1.45 2 = FOG REDUCING VISIBILITY
HIGHEST: 84 ON 5 GRTST 24HR 0.16 ON 12-13 TO 1/4 MILE OR LESS
LOWEST: 22 ON 22 3 = THUNDER
SNOW, ICE PELLETS, HAIL 4 = ICE PELLETS
TOTAL MONTH: T 5 = HAIL
GRTST 24HR T ON 19-19 6 = FREEZING RAIN OR DRIZZLE
GRTST DEPTH: 0 7 = DUSTSTORM OR SANDSTORM:
VSBY 1/2 MILE OR LESS
8 = SMOKE OR HAZE
[NO. OF DAYS WITH] [WEATHER - DAYS WITH] 9 = BLOWING SNOW
X = TORNADO
MAX 32 OR BELOW: 0 0.01 INCH OR MORE: 8
MAX 90 OR ABOVE: 0 0.10 INCH OR MORE: 1
MIN 32 OR BELOW: 5 0.50 INCH OR MORE: 0
MIN 0 OR BELOW: 0 1.00 INCH OR MORE: 0
[HDD (BASE 65) ]
TOTAL THIS MO. 350 CLEAR (SCALE 0-3) 13
DPTR FM NORMAL -4 PTCLDY (SCALE 4-7) 16
TOTAL FM JUL 1 7744 CLOUDY (SCALE 8-10) 2
DPTR FM NORMAL -301
[CDD (BASE 65) ]
TOTAL THIS MO. 2
DPTR FM NORMAL -6 [PRESSURE DATA]
TOTAL FM JAN 1 2 HIGHEST SLP 30.36 ON 21
DPTR FM NORMAL -6 LOWEST SLP 29.37 ON 7
[REMARKS]
#FINAL-05-22#