000
CXUS56 KMTR 011000
CF6HWD
PRELIMINARY LOCAL CLIMATOLOGICAL DATA (WS FORM: F-6)
STATION: HAYWARD AIRPORT
MONTH: NOVEMBER
YEAR: 2022
LATITUDE: 37 39 N
LONGITUDE: 122 7 W
TEMPERATURE IN F: :PCPN: SNOW: WIND :SUNSHINE: SKY :PK WND
================================================================================
1 2 3 4 5 6A 6B 7 8 9 10 11 12 13 14 15 16 17 18
12Z AVG MX 2MIN
DY MAX MIN AVG DEP HDD CDD WTR SNW DPTH SPD SPD DIR MIN PSBL S-S WX SPD DR
================================================================================
1 60 50 55 -5 10 0 0.35 M M 10.4 24 280 M M 6 1 33 280
2 59 46 53 -7 12 0 0.03 M M 8.4 21 270 M M 3 3 30 270
3 60 40 50 -10 15 0 0.00 M M 5.8 16 260 M M 0 21 280
4 62 41 52 -7 13 0 0.00 M M 4.1 10 300 M M 5 1 13 300
5 63 54 59 0 6 0 0.09 M M 5.3 10 280 M M 10 128 15 240
6 61 52 57 -2 8 0 0.03 M M 9.1 16 170 M M 7 1 23 160
7 61 49 55 -3 10 0 0.06 M M 9.4 22 290 M M 6 1 28 300
8 56 47 52 -6 13 0 1.68 M M 9.1 20 140 M M 8 1 27 270
9 59 45 52 -6 13 0 0.01 M M 7.2 15 260 M M 3 20 280
10 59 43 51 -7 14 0 0.00 M M 4.5 13 290 M M 0 17 280
11 60 42 51 -6 14 0 0.00 M M 4.2 12 280 M M 0 13 280
12 59 42 51 -6 14 0 T M M 5.3 15 280 M M 5 19 300
13 63 41 52 -5 13 0 0.00 M M 5.0 17 270 M M 1 21 270
14 61 40 51 -5 14 0 0.00 M M 5.4 10 280 M M 0 12 270
15 64 42 53 -3 12 0 0.00 M M 4.3 10 240 M M 0 15 270
16 66 41 54 -2 11 0 0.00 M M 3.6 9 290 M M 0 12 230
17 65 41 53 -3 12 0 0.00 M M 3.9 13 270 M M 0 16 270
18 64 41 53 -2 12 0 0.00 M M 4.7 12 300 M M 0 14 300
19 63 43 53 -2 12 0 0.00 M M 4.8 13 50 M M 0 17 30
20 62 39 51 -4 14 0 0.00 M M 3.5 9 30 M M 0 12 30
21 63 40 52 -3 13 0 0.00 M M 3.8 9 280 M M 0 11 290
22 63 39 51 -3 14 0 0.00 M M 3.0 8 280 M M 0 11 250
23 66 43 55 1 10 0 0.00 M M 2.9 8 280 M M 0 11 60
24 70 42 56 2 9 0 0.00 M M 3.7 10 50 M M 0 16 50
25 74 42 58 4 7 0 0.00 M M 4.0 10 340 M M 0 13 310
26 63 42 53 -1 12 0 0.00 M M 3.3 8 50 M M 0 16 220
27 66 41 54 1 11 0 0.00 M M 3.4 8 280 M M 0 11 310
28 60 43 52 -1 13 0 0.00 M M 6.8 22 280 M M 1 28 280
29 56 37 47 -6 18 0 0.00 M M 4.8 10 280 M M 0 14 270
30 58 37 48 -5 17 0 0.00 M M 5.3 14 130 M M 0 18 130
================================================================================
SM 1866 1285 366 0 2.25 M 159.0 M 55
================================================================================
AV 62.2 42.8 5.3 FASTST M M 2 MAX(MPH)
MISC ----> 24 280 33 280
================================================================================
NOTES:
# LAST OF SEVERAL OCCURRENCES
COLUMN 17 PEAK WIND IN M.P.H.
PRELIMINARY LOCAL CLIMATOLOGICAL DATA (WS FORM: F-6) , PAGE 2
STATION: HAYWARD AIRPORT
MONTH: NOVEMBER
YEAR: 2022
LATITUDE: 37 39 N
LONGITUDE: 122 7 W
[TEMPERATURE DATA] [PRECIPITATION DATA] SYMBOLS USED IN COLUMN 16
AVERAGE MONTHLY: 52.5 TOTAL FOR MONTH: 2.25 1 = FOG OR MIST
DPTR FM NORMAL: -3.7 DPTR FM NORMAL: 0.74 2 = FOG REDUCING VISIBILITY
HIGHEST: 74 ON 25 GRTST 24HR 1.69 ON 7- 8 TO 1/4 MILE OR LESS
LOWEST: 37 ON 30,29 3 = THUNDER
SNOW, ICE PELLETS, HAIL 4 = ICE PELLETS
TOTAL MONTH: M 5 = HAIL
GRTST 24HR M ON M 6 = FREEZING RAIN OR DRIZZLE
GRTST DEPTH: M ON M 7 = DUSTSTORM OR SANDSTORM:
VSBY 1/2 MILE OR LESS
8 = SMOKE OR HAZE
[NO. OF DAYS WITH] [WEATHER - DAYS WITH] 9 = BLOWING SNOW
X = TORNADO
MAX 32 OR BELOW: 0 0.01 INCH OR MORE: 7
MAX 90 OR ABOVE: 0 0.10 INCH OR MORE: 2
MIN 32 OR BELOW: 0 0.50 INCH OR MORE: 1
MIN 0 OR BELOW: 0 1.00 INCH OR MORE: 1
[HDD (BASE 65) ]
TOTAL THIS MO. 366 CLEAR (SCALE 0-3) 22
DPTR FM NORMAL 98 PTCLDY (SCALE 4-7) 6
TOTAL FM JUL 1 507 CLOUDY (SCALE 8-10) 2
DPTR FM NORMAL 82
[CDD (BASE 65) ]
TOTAL THIS MO. 0
DPTR FM NORMAL -2 [PRESSURE DATA]
TOTAL FM JAN 1 430 HIGHEST SLP M ON M
DPTR FM NORMAL 62 LOWEST SLP 29.58 ON 8
[REMARKS]
#FINAL-11-22#