000
CXUS56 KMTR 010900
CF6HWD
PRELIMINARY LOCAL CLIMATOLOGICAL DATA (WS FORM: F-6)
STATION: HAYWARD AIRPORT
MONTH: JUNE
YEAR: 2021
LATITUDE: 37 39 N
LONGITUDE: 122 7 W
TEMPERATURE IN F: :PCPN: SNOW: WIND :SUNSHINE: SKY :PK WND
================================================================================
1 2 3 4 5 6A 6B 7 8 9 10 11 12 13 14 15 16 17 18
12Z AVG MX 2MIN
DY MAX MIN AVG DEP HDD CDD WTR SNW DPTH SPD SPD DIR MIN PSBL S-S WX SPD DR
================================================================================
1 73 52 63 0 2 0 0.00 M M 9.2 20 300 M M 0 23 290
2 68 53 61 -2 4 0 0.00 M M 8.5 18 290 M M 6 1 21 300
3 77 54 66 3 0 1 0.00 M M 7.0 16 280 M M 4 19 270
4 67 54 61 -2 4 0 0.00 M M 7.6 15 280 M M 3 20 290
5 74 53 64 1 1 0 0.00 M M 7.0 18 280 M M 0 22 270
6 69 52 61 -3 4 0 0.00 M M 7.1 22 280 M M 0 25 270
7 64 54 59 -5 6 0 0.00 M M 13.5 28 270 M M 2 37 250
8 65 53 59 -5 6 0 0.00 M M 12.5 22 290 M M 3 27 290
9 64 53 59 -5 6 0 0.00 M M 12.3 22 280 M M 3 30 260
10 67 52 60 -4 5 0 0.00 M M 10.8 24 290 M M 2 31 280
11 71 54 63 -1 2 0 0.00 M M 8.5 21 290 M M 2 25 310
12 78 61 70 6 0 5 0.00 M M 8.2 22 290 M M 6 1 27 290
13 75 59 67 3 0 2 0.00 M M 7.8 20 280 M M 6 1 25 280
14 72 58 65 1 0 0 T M M 10.9 22 300 M M 5 1 27 290
15 74 55 65 0 0 0 0.00 M M 7.4 23 280 M M 1 29 290
16 88 56 72 7 0 7 0.00 M M 6.5 20 290 M M 0 24 300
17 96 62 79 14 0 14 0.00 M M 5.8 17 280 M M 0 20 290
18 88 59 74 9 0 9 0.00 M M 6.2 15 290 M M 0 18 310
19 80 56 68 3 0 3 0.00 M M 8.3 17 330 M M 0 18 21 330
20 76 55 66 1 0 1 0.00 M M 9.1 16 320 M M 2 1 16 300
21 73 58 66 1 0 1 0.00 M M 9.4 17 280 M M 5 24 280
22 74 61 68 3 0 3 0.00 M M 9.4 17 290 M M 4 22 270
23 73 60 67 2 0 2 0.00 M M 10.3 21 290 M M 6 26 280
24 72 59 66 0 0 1 0.00 M M 10.8 21 300 M M 6 27 290
25 70 57 64 -2 1 0 0.00 M M 10.2 18 290 M M 7 21 290
26 72 58 65 -1 0 0 0.00 M M 9.4 17 290 M M 6 20 280
27 67 57 62 -4 3 0 0.00 M M 9.2 15 300 M M 8 18 280
28 67 57 62 -4 3 0 0.00 M M 8.8 18 290 M M 9 23 290
29 70 58 64 -2 1 0 0.00 M M 7.4 14 280 M M 6 17 280
30 69 58 64 -2 1 0 0.00 M M 13.0 21 290 M M 7 27 280
================================================================================
SM 2193 1688 49 49 T M 272.1 M 109
================================================================================
AV 73.1 56.3 9.1 FASTST M M 4 MAX(MPH)
MISC ----> 28 270 37 250
================================================================================
NOTES:
# LAST OF SEVERAL OCCURRENCES
COLUMN 17 PEAK WIND IN M.P.H.
PRELIMINARY LOCAL CLIMATOLOGICAL DATA (WS FORM: F-6) , PAGE 2
STATION: HAYWARD AIRPORT
MONTH: JUNE
YEAR: 2021
LATITUDE: 37 39 N
LONGITUDE: 122 7 W
[TEMPERATURE DATA] [PRECIPITATION DATA] SYMBOLS USED IN COLUMN 16
AVERAGE MONTHLY: 64.7 TOTAL FOR MONTH: T 1 = FOG OR MIST
DPTR FM NORMAL: 0.1 DPTR FM NORMAL: -0.15 2 = FOG REDUCING VISIBILITY
HIGHEST: 96 ON 17 GRTST 24HR T ON 14-14 TO 1/4 MILE OR LESS
LOWEST: 52 ON 10, 6 3 = THUNDER
SNOW, ICE PELLETS, HAIL 4 = ICE PELLETS
TOTAL MONTH: M 5 = HAIL
GRTST 24HR M ON M 6 = FREEZING RAIN OR DRIZZLE
GRTST DEPTH: M ON M 7 = DUSTSTORM OR SANDSTORM:
VSBY 1/2 MILE OR LESS
8 = SMOKE OR HAZE
[NO. OF DAYS WITH] [WEATHER - DAYS WITH] 9 = BLOWING SNOW
X = TORNADO
MAX 32 OR BELOW: 0 0.01 INCH OR MORE: 0
MAX 90 OR ABOVE: 1 0.10 INCH OR MORE: 0
MIN 32 OR BELOW: 0 0.50 INCH OR MORE: 0
MIN 0 OR BELOW: 0 1.00 INCH OR MORE: 0
[HDD (BASE 65) ]
TOTAL THIS MO. 49 CLEAR (SCALE 0-3) 13
DPTR FM NORMAL -15 PTCLDY (SCALE 4-7) 15
TOTAL FM JUL 1 2185 CLOUDY (SCALE 8-10) 2
DPTR FM NORMAL -130
[CDD (BASE 65) ]
TOTAL THIS MO. 49
DPTR FM NORMAL -2 [PRESSURE DATA]
TOTAL FM JAN 1 58 HIGHEST SLP M ON M
DPTR FM NORMAL -25 LOWEST SLP 29.70 ON 18
[REMARKS]
#FINAL-06-21#