000
CXUS56 KMTR 012142
CF6HWD
PRELIMINARY LOCAL CLIMATOLOGICAL DATA (WS FORM: F-6)
STATION: HAYWARD AIRPORT
MONTH: MARCH
YEAR: 2021
LATITUDE: 37 39 N
LONGITUDE: 122 7 W
TEMPERATURE IN F: :PCPN: SNOW: WIND :SUNSHINE: SKY :PK WND
================================================================================
1 2 3 4 5 6A 6B 7 8 9 10 11 12 13 14 15 16 17 18
12Z AVG MX 2MIN
DY MAX MIN AVG DEP HDD CDD WTR SNW DPTH SPD SPD DIR MIN PSBL S-S WX SPD DR
================================================================================
1 68 42 55 0 10 0 0.00 M M 4.2 12 280 M M 0 13 270
2 63 43 53 -2 12 0 0.00 M M 5.1 16 280 M M 0 19 280
3 63 45 54 -1 11 0 0.00 M M 5.5 17 300 M M 0 8 21 260
4 62 41 52 -3 13 0 0.00 M M 4.7 14 290 M M 0 17 290
5 65 42 54 -1 11 0 0.22 M M 7.4 32 290 M M 1 38 280
6 58 44 51 -4 14 0 0.01 M M 7.8 18 290 M M 3 26 300
7 59 39 49 -6 16 0 0.00 M M 7.7 16 280 M M 0 21 260
8 58 45 52 -3 13 0 T M M 8.8 16 250 M M 6 22 260
9 58 44 51 -4 14 0 0.17 M M 8.9 17 250 M M 5 21 200
10 53 43 48 -7 17 0 0.64 M M 7.5 17 310 M M 8 13 22 310
11 57 43 50 -5 15 0 0.18 M M 5.7 20 300 M M 6 1 23 280
12 63 40 52 -3 13 0 0.00 M M 6.3 15 260 M M 1 19 260
13 55 48 52 -4 13 0 0.00 M M 10.0 17 270 M M 8 22 280
14 59 46 53 -3 12 0 0.20 M M 10.9 24 280 M M 9 1 31 280
15 54 40 47 -9 18 0 0.00 M M 12.6 25 310 M M 3 34 290
16 55 37 46 -10 19 0 0.00 M M 7.5 17 290 M M 0 22 290
17 55 38 47 -9 18 0 0.00 M M 4.3 10 310 M M 3 14 300
18 58 49 54 -2 11 0 0.39 M M 6.5 18 160 M M 9 1 23 160
19 61 48 55 -1 10 0 T M M 7.3 18 280 M M 6 22 280
20 58 40 49 -7 16 0 0.00 M M 8.1 22 280 M M 0 27 270
21 63 39 51 -5 14 0 0.00 M M 8.4 21 270 M M 0 26 260
22 62 47 55 -1 10 0 0.00 M M 10.9 20 280 M M 3 24 270
23 67 42 55 -1 10 0 0.00 M M 11.0 26 10 M M 0 36 360
24 67 45 56 0 9 0 0.00 M M 9.0 21 290 M M 1 25 290
25 59 47 53 -3 12 0 0.00 M M 10.1 21 280 M M 2 27 280
26 69 41 55 -1 10 0 0.00 M M 6.7 18 270 M M 0 22 270
27 74 44 59 3 6 0 0.00 M M 5.6 15 290 M M 0 18 290
28 74 46 60 4 5 0 0.00 M M 6.0 16 290 M M 0 20 290
29 61 45 53 -3 12 0 0.00 M M 7.8 17 260 M M 0 M M
30 79 43 61 5 4 0 0.00 M M 4.8 18 30 M M 0 24 30
31 81 49 65 9 0 0 0.00 M M 5.5 12 290 M M 0 14 290
================================================================================
SM 1938 1345 368 0 1.81 M 232.6 M 74
================================================================================
AV 62.5 43.4 7.5 FASTST M M 2 MAX(MPH)
MISC ----> 32 290 38 280
================================================================================
NOTES:
# LAST OF SEVERAL OCCURRENCES
COLUMN 17 PEAK WIND IN M.P.H.
PRELIMINARY LOCAL CLIMATOLOGICAL DATA (WS FORM: F-6) , PAGE 2
STATION: HAYWARD AIRPORT
MONTH: MARCH
YEAR: 2021
LATITUDE: 37 39 N
LONGITUDE: 122 7 W
[TEMPERATURE DATA] [PRECIPITATION DATA] SYMBOLS USED IN COLUMN 16
AVERAGE MONTHLY: 53.0 TOTAL FOR MONTH: 1.81 1 = FOG OR MIST
DPTR FM NORMAL: -2.5 DPTR FM NORMAL: -0.82 2 = FOG REDUCING VISIBILITY
HIGHEST: 81 ON 31 GRTST 24HR 0.78 ON 10-11 TO 1/4 MILE OR LESS
LOWEST: 37 ON 16 3 = THUNDER
SNOW, ICE PELLETS, HAIL 4 = ICE PELLETS
TOTAL MONTH: M 5 = HAIL
GRTST 24HR M ON M 6 = FREEZING RAIN OR DRIZZLE
GRTST DEPTH: M ON M 7 = DUSTSTORM OR SANDSTORM:
VSBY 1/2 MILE OR LESS
8 = SMOKE OR HAZE
[NO. OF DAYS WITH] [WEATHER - DAYS WITH] 9 = BLOWING SNOW
X = TORNADO
MAX 32 OR BELOW: 0 0.01 INCH OR MORE: 7
MAX 90 OR ABOVE: 0 0.10 INCH OR MORE: 6
MIN 32 OR BELOW: 0 0.50 INCH OR MORE: 1
MIN 0 OR BELOW: 0 1.00 INCH OR MORE: 0
[HDD (BASE 65) ]
TOTAL THIS MO. 368 CLEAR (SCALE 0-3) 22
DPTR FM NORMAL 72 PTCLDY (SCALE 4-7) 7
TOTAL FM JUL 1 1739 CLOUDY (SCALE 8-10) 2
DPTR FM NORMAL -322
[CDD (BASE 65) ]
TOTAL THIS MO. 0
DPTR FM NORMAL -3 [PRESSURE DATA]
TOTAL FM JAN 1 0 HIGHEST SLP 30.37 ON 13
DPTR FM NORMAL -3 LOWEST SLP 29.77 ON 3
[REMARKS]
#FINAL-03-21#