000
CXUS53 KICT 011510
CF6ICT
PRELIMINARY LOCAL CLIMATOLOGICAL DATA (WS FORM: F-6)
STATION: WICHITA EISENHOWER NATIONAL
MONTH: FEBRUARY
YEAR: 2023
LATITUDE: 37 39 N
LONGITUDE: 97 25 W
TEMPERATURE IN F: :PCPN: SNOW: WIND :SUNSHINE: SKY :PK WND
================================================================================
1 2 3 4 5 6A 6B 7 8 9 10 11 12 13 14 15 16 17 18
12Z AVG MX 2MIN
DY MAX MIN AVG DEP HDD CDD WTR SNW DPTH SPD SPD DIR MIN PSBL S-S WX SPD DR
================================================================================
1 35 12 24 -10 41 0 0.00 0.0 0 5.9 13 190 M M 5 19 220
2 54 13 34 -1 31 0 0.00 0.0 0 7.7 22 10 M M 2 31 10
3 44 14 29 -6 36 0 0.00 0.0 0 10.7 21 180 M M 1 25 180
4 62 31 47 12 18 0 0.00 0.0 0 14.5 29 200 M M 6 37 190
5 62 24 43 8 22 0 0.00 0.0 0 6.2 14 140 M M 3 17 140
6 67 41 54 19 11 0 0.00 0.0 0 15.6 26 280 M M 5 32 190
7 55 29 42 6 23 0 0.00 0.0 0 9.4 18 360 M M 4 25 350
8 48 25 37 1 28 0 0.03 T 0 8.5 18 30 M M 9 23 30
9 52 25 39 3 26 0 0.00 0.0 0 16.0 29 330 M M 6 1 38 360
10 45 18 32 -4 33 0 0.00 0.0 0 11.7 25 360 M M 3 36 10
11 51 14 33 -3 32 0 0.00 0.0 0 6.0 15 190 M M 0 21 200
12 64 25 45 8 20 0 0.00 0.0 0 12.3 24 210 M M 3 33 210
13 62 23 43 6 22 0 0.00 0.0 0 9.2 17 150 M M 3 23 190
14 58 39 49 12 16 0 0.31 0.0 0 13.9 32 200 M M 7 1 41 200
15 41 30 36 -2 29 0 0.00 0.0 0 14.4 25 50 M M 8 32 30
16 31 21 26 -12 39 0 T T 0 17.1 28 340 M M 8 36 340
17 48 12 30 -8 35 0 0.00 0.0 0 8.9 20 220 M M 0 28 220
18 53 25 39 1 26 0 0.00 0.0 0 17.6 35 180 M M 7 46 190
19 60 24 42 3 23 0 0.00 0.0 0 5.8 14 290 M M 5 20 290
20 65 31 48 9 17 0 0.00 0.0 0 4.6 12 310 M M 6 16 210
21 64 28 46 7 19 0 0.00 0.0 0 12.3 26 190 M M 5 36 190
22 64 23 44 4 21 0 0.02 0.0 0 17.9 30 320 M M 7 37 330
23 30 11 21 -19 44 0 0.00 0.0 0 15.3 25 330 M M 3 36 330
24 27 13 20 -20 45 0 T 0.0 0 10.0 23 30 M M 7 6 28 40
25 42 17 30 -11 35 0 0.00 0.0 0 6.9 18 190 M M 8 22 190
26 65 33 49 8 16 0 0.92 0.0 0 14.4 35 160 M M 8 138 58 160
27 68 46 57 16 8 0 0.00 0.0 M 14.7 32 320 M M 3 44 320
28 68 36 52 10 13 0 0.00 0.0 0 10.5 24 230 M M 1 31 220
================================================================================
SM 1485 683 729 0 1.28 T 318.0 M 133
================================================================================
AV 53.0 24.4 11.4 FASTST M M 5 MAX(MPH)
MISC ----> # 35 180 58 160
================================================================================
NOTES:
# LAST OF SEVERAL OCCURRENCES
COLUMN 17 PEAK WIND IN M.P.H.
PRELIMINARY LOCAL CLIMATOLOGICAL DATA (WS FORM: F-6) , PAGE 2
STATION: WICHITA EISENHOWER NATIONAL
MONTH: FEBRUARY
YEAR: 2023
LATITUDE: 37 39 N
LONGITUDE: 97 25 W
[TEMPERATURE DATA] [PRECIPITATION DATA] SYMBOLS USED IN COLUMN 16
AVERAGE MONTHLY: 38.7 TOTAL FOR MONTH: 1.28 1 = FOG OR MIST
DPTR FM NORMAL: 1.1 DPTR FM NORMAL: 0.08 2 = FOG REDUCING VISIBILITY
HIGHEST: 68 ON 28,27 GRTST 24HR 0.92 ON 26-26 TO 1/4 MILE OR LESS
LOWEST: 11 ON 23 3 = THUNDER
SNOW, ICE PELLETS, HAIL 4 = ICE PELLETS
TOTAL MONTH: T 5 = HAIL
GRTST 24HR T ON 8- 8 6 = FREEZING RAIN OR DRIZZLE
GRTST DEPTH: 0 7 = DUSTSTORM OR SANDSTORM:
VSBY 1/2 MILE OR LESS
8 = SMOKE OR HAZE
[NO. OF DAYS WITH] [WEATHER - DAYS WITH] 9 = BLOWING SNOW
X = TORNADO
MAX 32 OR BELOW: 3 0.01 INCH OR MORE: 4
MAX 90 OR ABOVE: 0 0.10 INCH OR MORE: 2
MIN 32 OR BELOW: 23 0.50 INCH OR MORE: 1
MIN 0 OR BELOW: 0 1.00 INCH OR MORE: 0
[HDD (BASE 65) ]
TOTAL THIS MO. 729 CLEAR (SCALE 0-3) 10
DPTR FM NORMAL -38 PTCLDY (SCALE 4-7) 15
TOTAL FM JUL 1 3377 CLOUDY (SCALE 8-10) 3
DPTR FM NORMAL -125
[CDD (BASE 65) ]
TOTAL THIS MO. 0
DPTR FM NORMAL 0 [PRESSURE DATA]
TOTAL FM JAN 1 0 HIGHEST SLP 30.62 ON 3
DPTR FM NORMAL 0 LOWEST SLP 29.10 ON 26
[REMARKS]
#FINAL-02-23#