027
CXUS55 KPIH 011203 RRA
CF6IDA
PRELIMINARY LOCAL CLIMATOLOGICAL DATA (WS FORM: F-6)
STATION: IDAHO FALLS ID
MONTH: JULY
YEAR: 2020
LATITUDE: 43 31 N
LONGITUDE: 112 4 W
TEMPERATURE IN F: :PCPN: SNOW: WIND :SUNSHINE: SKY :PK WND
================================================================================
1 2 3 4 5 6A 6B 7 8 9 10 11 12 13 14 15 16 17 18
12Z AVG MX 2MIN
DY MAX MIN AVG DEP HDD CDD WTR SNW DPTH SPD SPD DIR MIN PSBL S-S WX SPD DR
================================================================================
1 75 39 57 -8 8 0 T M M 9.5 28 240 M M 2 36 240
2 79 44 62 -4 3 0 0.00 M M 6.6 16 190 M M 2 22 190
3 86 53 70 4 0 5 0.00 M M 6.5 18 160 M M 2 25 160
4 87 49 68 2 0 3 0.00 M M 7.6 17 210 M M 1 8 22 220
5 85 48 67 1 0 2 0.00 M M 7.9 20 200 M M 0 24 220
6 88 46 67 0 0 2 0.00 M M 5.3 18 190 M M 0 8 24 200
7 81 51 66 -1 0 1 0.00 M M 19.0 35 220 M M 0 42 220
8 78 50 64 -3 1 0 0.00 M M 13.7 24 200 M M 0 30 210
9 85 40 63 -4 2 0 0.00 M M 5.7 17 200 M M 0 22 190
10 84 47 66 -2 0 1 0.00 M M 14.7 31 200 M M 0 37 200
11 91 44 68 0 0 3 0.00 M M 6.4 18 210 M M 0 23 220
12 88 47 68 0 0 3 0.00 M M 13.9 29 190 M M 0 36 190
13 82 49 66 -2 0 1 0.00 M M 15.5 31 200 M M 2 40 200
14 78 41 60 -8 5 0 0.00 M M 3.8 12 200 M M 0 15 190
15 82 41 62 -6 3 0 0.00 M M 5.8 16 200 M M 0 20 220
16 87 42 65 -4 0 0 0.00 M M 7.7 20 220 M M 0 26 210
17 95 47 71 2 0 6 0.00 M M 10.3 26 210 M M 0 34 220
18 86 49 68 -1 0 3 0.00 M M 10.2 22 200 M M 0 27 210
19 85 50 68 -1 0 3 0.00 M M 8.8 12 190 M M 0 M M
20 87 45 66 -3 0 1 0.00 M M 4.0 10 170 M M 1 13 160
21 90 47 69 0 0 4 0.00 M M 6.0 18 210 M M 0 25 220
22 80 46 63 -6 2 0 T M M 8.4 20 220 M M 4 25 200
23 88 53 71 2 0 6 T M M 7.1 31 190 M M 4 3 42 180
24 86 47 67 -2 0 2 0.00 M M 8.8 23 220 M M 1 29 220
25 90 48 69 0 0 4 T M M 6.6 29 10 M M 1 36 340
26 90 46 68 -1 0 3 0.00 M M 4.3 10 210 M M 0 14 200
27 94 48 71 2 0 6 0.00 M M 6.0 15 190 M M 0 21 190
28 72 56 64 -5 1 0 0.01 M M 7.1 17 160 M M 6 24 170
29 83 50 67 -2 0 2 T M M 5.0 20 100 M M 2 3 25 30
30 93 49 71 2 0 6 0.00 M M 6.7 12 80 M M 0 16 30
31 98 53 76 7 0 11 0.00 M M 8.1 17 20 M M 1 22 70
================================================================================
SM 2653 1465 25 78 0.01 M 257.0 M 29
================================================================================
AV 85.6 47.3 8.3 FASTST M M 1 MAX(MPH)
MISC ----> # 35 220 # 42 220
================================================================================
NOTES:
# LAST OF SEVERAL OCCURRENCES
PRECIPITATION SUSPECT DURING FREEZING/FROZEN EVENTS
COLUMN 17 PEAK WIND IN M.P.H.
PRELIMINARY LOCAL CLIMATOLOGICAL DATA (WS FORM: F-6) , PAGE 2
STATION: IDAHO FALLS ID
MONTH: JULY
YEAR: 2020
LATITUDE: 43 31 N
LONGITUDE: 112 4 W
[TEMPERATURE DATA] [PRECIPITATION DATA] SYMBOLS USED IN COLUMN 16
AVERAGE MONTHLY: 66.4 TOTAL FOR MONTH: 0.01 1 = FOG OR MIST
DPTR FM NORMAL: -1.7 DPTR FM NORMAL: -0.49 2 = FOG REDUCING VISIBILITY
HIGHEST: 98 ON 31 GRTST 24HR 0.15 ON 30- 1 TO 1/4 MILE OR LESS
LOWEST: 39 ON 1 3 = THUNDER
SNOW, ICE PELLETS, HAIL 4 = ICE PELLETS
TOTAL MONTH: M 5 = HAIL
GRTST 24HR M ON M 6 = FREEZING RAIN OR DRIZZLE
GRTST DEPTH: M ON M 7 = DUSTSTORM OR SANDSTORM:
VSBY 1/2 MILE OR LESS
8 = SMOKE OR HAZE
[NO. OF DAYS WITH] [WEATHER - DAYS WITH] 9 = BLOWING SNOW
X = TORNADO
MAX 32 OR BELOW: 0 0.01 INCH OR MORE: 1
MAX 90 OR ABOVE: 8 0.10 INCH OR MORE: 0
MIN 32 OR BELOW: 0 0.50 INCH OR MORE: 0
MIN 0 OR BELOW: 0 1.00 INCH OR MORE: 0
[HDD (BASE 65) ]
TOTAL THIS MO. 25 CLEAR (SCALE 0-3) 28
DPTR FM NORMAL -2 PTCLDY (SCALE 4-7) 3
TOTAL FM JUL 1 25 CLOUDY (SCALE 8-10) 0
DPTR FM NORMAL -2
[CDD (BASE 65) ]
TOTAL THIS MO. 78
DPTR FM NORMAL -45 [PRESSURE DATA]
TOTAL FM JAN 1 116 HIGHEST SLP 30.19 ON 30
DPTR FM NORMAL -39 LOWEST SLP 29.68 ON 7
[REMARKS]
#FINAL-07-20#