000
CXUS53 KUNR 011812
CF6IEN
PRELIMINARY LOCAL CLIMATOLOGICAL DATA (WS FORM: F-6)
STATION: PINE RIDGE SD
MONTH: FEBRUARY
YEAR: 2023
LATITUDE: 43 1 N
LONGITUDE: 102 31 W
TEMPERATURE IN F: :PCPN: SNOW: WIND :SUNSHINE: SKY :PK WND
================================================================================
1 2 3 4 5 6A 6B 7 8 9 10 11 12 13 14 15 16 17 18
12Z AVG MX 2MIN
DY MAX MIN AVG DEP HDD CDD WTR SNW DPTH SPD SPD DIR MIN PSBL S-S WX SPD DR
================================================================================
1 31 1 16 -9 49 0 0.00 M M 7.5 13 240 M M 0 8 18 240
2 24 5 15 -10 50 0 0.00 M M M M M M M 5 1 M M
3 43 15 29 4 36 0 0.00 M M 9.3 18 260 M M 0 26 250
4 43 23 33 8 32 0 0.00 M M 8.5 17 210 M M 0 25 270
5 41 10 26 1 39 0 0.00 M M 20.0 39 180 M M 1 50 180
6 41 28 35 10 30 0 T M M 10.3 25 190 M M 6 32 330
7 40 24 32 6 33 0 0.00 M M 7.5 15 240 M M 0 21 260
8 43 15 29 3 36 0 0.01 M M 8.2 20 350 M M 3 1 31 310
9 32 4 18 -8 47 0 0.02 M M 15.1 28 340 M M 6 1 43 340
10 36 4 20 -6 45 0 0.00 M M M 6 220 M M 0 7 210
11 45 17 31 5 34 0 0.00 M M M M M M M 0 M M
12 42 19 31 5 34 0 0.00 M M M M M M M 0 M M
13 46 18 32 6 33 0 0.00 M M M M M M M 0 M M
14 37 25 31 4 34 0 T M M M M M M M 2 1 M M
15 20 10 15 -12 50 0 0.00 M M M M M M M 2 M M
16 32 2 17 -10 48 0 0.00 M M M M M M M 0 M M
17 43 10 27 0 38 0 0.00 M M M M M M M 0 M M
18 42 15 29 1 36 0 0.00 M M M M M M M 0 M M
19 M M M M M M 0.00 M M M M M M M 0 M M
20 M M M M M M M M M M M M M M 0 M M
21 48 5 27 -2 38 0 0.15 M M M M M M M 5 1 M M
22 3 -8 -2 -31 67 0 0.45 M M M M M M M 10 12 M M
23 -3 -18 -10 -39 75 0 0.02 M M M M M M M 3 18 M M
24 16 -8 4 -26 61 0 T M M M M M M M 5 8 M M
25 38 16 27 -3 38 0 0.00 M M M M M M M 0 M M
26 49 19 34 4 31 0 0.00 M M M M M M M 1 M M
27 41 35 38 7 27 0 0.00 M M 3.5 6 180 M M 1 7 180
28 42 31 37 6 28 0 0.00 M M 20.9 40 280 M M 1 56 280
================================================================================
SM 915 317 1069 0 0.65 M 110.7 M 51
================================================================================
AV 35.2 12.2 11.1 FASTST M M 2 MAX(MPH)
MISC ----> 40 280 56 280
================================================================================
NOTES:
# LAST OF SEVERAL OCCURRENCES
COLUMN 17 PEAK WIND IN M.P.H.
PRELIMINARY LOCAL CLIMATOLOGICAL DATA (WS FORM: F-6) , PAGE 2
STATION: PINE RIDGE SD
MONTH: FEBRUARY
YEAR: 2023
LATITUDE: 43 1 N
LONGITUDE: 102 31 W
[TEMPERATURE DATA] [PRECIPITATION DATA] SYMBOLS USED IN COLUMN 16
AVERAGE MONTHLY: 23.7 TOTAL FOR MONTH: 0.65 1 = FOG OR MIST
DPTR FM NORMAL: -3.5 DPTR FM NORMAL: 0.15 2 = FOG REDUCING VISIBILITY
HIGHEST: 49 ON 26 GRTST 24HR 0.45 ON 22-22 TO 1/4 MILE OR LESS
LOWEST: -18 ON 23 3 = THUNDER
SNOW, ICE PELLETS, HAIL 4 = ICE PELLETS
TOTAL MONTH: M 5 = HAIL
GRTST 24HR M ON M 6 = FREEZING RAIN OR DRIZZLE
GRTST DEPTH: M ON M 7 = DUSTSTORM OR SANDSTORM:
VSBY 1/2 MILE OR LESS
8 = SMOKE OR HAZE
[NO. OF DAYS WITH] [WEATHER - DAYS WITH] 9 = BLOWING SNOW
X = TORNADO
MAX 32 OR BELOW: 8 0.01 INCH OR MORE: 5
MAX 90 OR ABOVE: 0 0.10 INCH OR MORE: 2
MIN 32 OR BELOW: 25 0.50 INCH OR MORE: 0
MIN 0 OR BELOW: 3 1.00 INCH OR MORE: 0
[HDD (BASE 65) ]
TOTAL THIS MO. 1069 CLEAR (SCALE 0-3) 21
DPTR FM NORMAL 12 PTCLDY (SCALE 4-7) 6
TOTAL FM JUL 1 5595 CLOUDY (SCALE 8-10) 1
DPTR FM NORMAL 399
[CDD (BASE 65) ]
TOTAL THIS MO. 0
DPTR FM NORMAL 0 [PRESSURE DATA]
TOTAL FM JAN 1 0 HIGHEST SLP 30.69 ON 23
DPTR FM NORMAL 0 LOWEST SLP 29.23 ON 14
[REMARKS]
#FINAL-02-23#