000
CXUS55 KVEF 022154
CLMIGM
CLIMATE REPORT
NATIONAL WEATHER SERVICE LAS VEGAS, NV
154 PM PST SAT DEC 02 2023
...................................
...THE KINGMAN AZ CLIMATE SUMMARY FOR THE MONTH OF NOVEMBER 2023...
CLIMATE NORMAL PERIOD: 1991 TO 2020
CLIMATE RECORD PERIOD: 1901 TO 2023
WEATHER OBSERVED NORMAL DEPART LAST YEAR`S
VALUE DATE(S) VALUE FROM VALUE DATE(S)
NORMAL
................................................................
TEMPERATURE (F)
RECORD
HIGH 90 11/02/1931
LOW 13 11/29/1919
HIGHEST 83 11/04 75 11/01
LOWEST 27 11/26 24 11/21
AVG. MAXIMUM 67.8 66.1 1.7 60.1
AVG. MINIMUM 37.8 36.5 1.3 32.2
MEAN 52.8 51.3 1.5 46.2
DAYS MAX >= 90 0 0.0 0.0 0
DAYS MAX <= 32 0 0.0 0.0 0
DAYS MIN <= 32 6 6.9 -0.9 23
DAYS MIN <= 0 0 0.0 0.0 0
PRECIPITATION (INCHES)
RECORD
MAXIMUM 6.28 1919
MINIMUM 0.00 2021
TOTALS 0.01 0.62 -0.61 0.70
DAILY AVG. 0.00 0.02 -0.02 0.02
DAYS >= .01 1 2.4 -1.4 2
DAYS >= .10 0 1.3 -1.3 1
DAYS >= .50 0 0.3 -0.3 1
DAYS >= 1.00 0 0.1 -0.1 0
GREATEST
24 HR. TOTAL 0.01 11/18 TO 11/18
DEGREE DAYS
HEATING TOTAL 359 413 -54 559
SINCE 7/1 453 536 -83 MM
COOLING TOTAL 0 2 -2 0
SINCE 1/1 2181 2173 8 MM
FREEZE DATES
RECORD
EARLIEST 09/24/1920
LATEST 05/21/1975
EARLIEST 11/10 11/10
LATEST 04/06
................................................................
WIND (MPH)
AVERAGE WIND SPEED 7.8
HIGHEST WIND SPEED/DIRECTION 31/230 DATE 11/19
HIGHEST GUST SPEED/DIRECTION 39/220 DATE 11/19
SKY COVER
POSSIBLE SUNSHINE (PERCENT) MM
AVERAGE SKY COVER 0.09
NUMBER OF DAYS FAIR 27
NUMBER OF DAYS PC 2
NUMBER OF DAYS CLOUDY 1
AVERAGE RH (PERCENT) 38
WEATHER CONDITIONS. NUMBER OF DAYS WITH
THUNDERSTORM 0 MIXED PRECIP 0
HEAVY RAIN 0 RAIN 0
LIGHT RAIN 2 FREEZING RAIN 0
LT FREEZING RAIN 0 HAIL 0
HEAVY SNOW 0 SLEET 0
FOG 1 FOG W/VIS <= 1/4 MILE 1
HAZE 3
- INDICATES NEGATIVE NUMBERS.
R INDICATES RECORD WAS SET OR TIED.
MM INDICATES DATA IS MISSING.
T INDICATES TRACE AMOUNT.
$$