000
CXUS55 KVEF 011756
CLMIGM
CLIMATE REPORT
NATIONAL WEATHER SERVICE LAS VEGAS, NV
1056 AM PDT WED NOV 01 2023
...................................
...THE KINGMAN AZ CLIMATE SUMMARY FOR THE MONTH OF OCTOBER 2023...
CLIMATE NORMAL PERIOD: 1991 TO 2020
CLIMATE RECORD PERIOD: 1901 TO 2023
WEATHER OBSERVED NORMAL DEPART LAST YEAR`S
VALUE DATE(S) VALUE FROM VALUE DATE(S)
NORMAL
................................................................
TEMPERATURE (F)
RECORD
HIGH 100 10/02/1980
LOW 23 10/30/2019
10/30/1971
10/29/1971
HIGHEST 95 10/19 90 10/13
10/20
LOWEST 34 10/30 33 10/25
AVG. MAXIMUM 81.7 78.9 2.8 80.3
AVG. MINIMUM 48.9 48.3 0.6 50.9
MEAN 65.3 63.6 1.7 65.6
DAYS MAX >= 90 11 2.4 8.6 1
DAYS MAX <= 32 0 0.0 0.0 0
DAYS MIN <= 32 0 0.7 -0.7 0
DAYS MIN <= 0 0 0.0 0.0 0
PRECIPITATION (INCHES)
RECORD
MAXIMUM 2.24 2010
MINIMUM 0.00 2020
TOTALS 0.07 0.74 -0.67 0.29
DAILY AVG. 0.00 0.02 -0.02 0.01
DAYS >= .01 1 3.0 -2.0 4
DAYS >= .10 0 1.7 -1.7 1
DAYS >= .50 0 0.5 -0.5 0
DAYS >= 1.00 0 0.2 -0.2 0
GREATEST
24 HR. TOTAL 0.07 10/01 TO 10/01
DEGREE DAYS
HEATING TOTAL 94 116 -22 94
SINCE 7/1 94 122 -28 MM
COOLING TOTAL 111 72 39 122
SINCE 1/1 2181 2171 10 MM
FREEZE DATES
RECORD
EARLIEST 09/24/1920
LATEST 05/21/1975
EARLIEST MM
LATEST 04/06
................................................................
WIND (MPH)
AVERAGE WIND SPEED 8.1
HIGHEST WIND SPEED/DIRECTION 31/200 DATE 10/01
HIGHEST GUST SPEED/DIRECTION 40/200 DATE 10/01
SKY COVER
POSSIBLE SUNSHINE (PERCENT) MM
AVERAGE SKY COVER 0.02
NUMBER OF DAYS FAIR 31
NUMBER OF DAYS PC 0
NUMBER OF DAYS CLOUDY 0
AVERAGE RH (PERCENT) 34
WEATHER CONDITIONS. NUMBER OF DAYS WITH
THUNDERSTORM 1 MIXED PRECIP 0
HEAVY RAIN 0 RAIN 1
LIGHT RAIN 1 FREEZING RAIN 0
LT FREEZING RAIN 0 HAIL 0
HEAVY SNOW 0 SLEET 0
FOG 0 FOG W/VIS <= 1/4 MILE 0
HAZE 1
- INDICATES NEGATIVE NUMBERS.
R INDICATES RECORD WAS SET OR TIED.
MM INDICATES DATA IS MISSING.
T INDICATES TRACE AMOUNT.
$$