000
CXUS51 KPHI 010815
CF6ILG
PRELIMINARY LOCAL CLIMATOLOGICAL DATA (WS FORM: F-6)
STATION: WILMINGTON DE
MONTH: APRIL
YEAR: 2021
LATITUDE: 39 40 N
LONGITUDE: 75 36 W
TEMPERATURE IN F: :PCPN: SNOW: WIND :SUNSHINE: SKY :PK WND
================================================================================
1 2 3 4 5 6A 6B 7 8 9 10 11 12 13 14 15 16 17 18
12Z AVG MX 2MIN
DY MAX MIN AVG DEP HDD CDD WTR SNW DPTH SPD SPD DIR MIN PSBL S-S WX SPD DR
================================================================================
1 58 33 46 -2 19 0 0.08 0.0 0 16.8 29 320 M M 7 18 38 320
2 45 29 37 -12 28 0 0.01 T 0 14.6 28 300 M M 2 37 300
3 54 26 40 -9 25 0 0.00 0.0 0 6.0 16 310 M M 1 23 330
4 69 44 57 8 8 0 0.00 0.0 0 7.6 22 300 M M 4 27 300
5 70 42 56 6 9 0 0.00 0.0 0 10.2 24 300 M M 0 29 310
6 71 47 59 9 6 0 T 0.0 0 7.7 20 300 M M 2 26 300
7 71 49 60 10 5 0 0.01 0.0 0 6.4 16 160 M M 2 20 170
8 65 46 56 5 9 0 0.00 0.0 0 9.2 21 160 M M 2 26 160
9 59 48 54 3 11 0 0.18 0.0 0 6.5 16 160 M M 8 13 19 140
10 71 51 61 9 4 0 0.27 0.0 0 5.9 13 150 M M 6 13 15 150
11 73 50 62 10 3 0 1.01 0.0 0 9.7 24 60 M M 8 13 31 50
12 52 48 50 -2 15 0 0.09 0.0 0 10.3 21 50 M M 10 18 24 50
13 67 46 57 5 8 0 0.00 0.0 0 5.2 14 160 M M 5 1 17 20
14 64 45 55 2 10 0 0.04 0.0 0 5.8 16 240 M M 6 1 21 250
15 67 44 56 3 9 0 0.00 0.0 0 10.4 28 310 M M 8 1 34 310
16 58 39 49 -5 16 0 0.01 0.0 0 13.8 25 300 M M 8 30 280
17 59 42 51 -3 14 0 0.00 0.0 0 9.5 17 290 M M 6 25 310
18 66 40 53 -1 12 0 0.00 0.0 0 5.6 15 260 M M 3 19 300
19 61 42 52 -2 13 0 0.01 0.0 0 5.2 14 180 M M 2 17 190
20 74 44 59 4 6 0 0.00 0.0 0 9.0 20 200 M M 0 1 29 190
21 71 36 54 -1 11 0 0.03 0.0 0 15.2 33 320 M M 4 3 43 300
22 51 34 43 -12 22 0 0.00 0.0 0 15.2 31 290 M M 4 39 290
23 63 35 49 -7 16 0 0.00 0.0 0 10.8 23 290 M M 0 30 300
24 66 41 54 -2 11 0 0.09 0.0 0 6.3 16 160 M M 2 1 25 170
25 67 49 58 2 7 0 0.34 0.0 0 11.6 26 330 M M 7 1 35 310
26 62 41 52 -5 13 0 0.00 0.0 0 11.8 23 300 M M 0 31 310
27 80 43 62 5 3 0 0.00 0.0 0 5.5 13 140 M M 0 15 180
28 87 56 72 15 0 7 0.00 0.0 0 6.8 20 240 M M 0 27 260
29 80 64 72 14 0 7 0.18 0.0 0 7.6 29 310 M M 6 1 37 290
30 71 47 59 1 6 0 0.01 0.0 0 22.7 38 310 M M 5 52 310
================================================================================
SM 1972 1301 319 14 2.36 T 288.9 M 118
================================================================================
AV 65.7 43.4 9.6 FASTST M M 4 MAX(MPH)
MISC ----> 38 310 52 310
================================================================================
NOTES:
# LAST OF SEVERAL OCCURRENCES
COLUMN 17 PEAK WIND IN M.P.H.
PRELIMINARY LOCAL CLIMATOLOGICAL DATA (WS FORM: F-6) , PAGE 2
STATION: WILMINGTON DE
MONTH: APRIL
YEAR: 2021
LATITUDE: 39 40 N
LONGITUDE: 75 36 W
[TEMPERATURE DATA] [PRECIPITATION DATA] SYMBOLS USED IN COLUMN 16
AVERAGE MONTHLY: 54.5 TOTAL FOR MONTH: 2.36 1 = FOG OR MIST
DPTR FM NORMAL: 1.2 DPTR FM NORMAL: -1.14 2 = FOG REDUCING VISIBILITY
HIGHEST: 87 ON 28 GRTST 24HR 1.09 ON 11-12 TO 1/4 MILE OR LESS
LOWEST: 26 ON 3 3 = THUNDER
SNOW, ICE PELLETS, HAIL 4 = ICE PELLETS
TOTAL MONTH: T 5 = HAIL
GRTST 24HR T ON 2- 2 6 = FREEZING RAIN OR DRIZZLE
GRTST DEPTH: 0 7 = DUSTSTORM OR SANDSTORM:
VSBY 1/2 MILE OR LESS
8 = SMOKE OR HAZE
[NO. OF DAYS WITH] [WEATHER - DAYS WITH] 9 = BLOWING SNOW
X = TORNADO
MAX 32 OR BELOW: 0 0.01 INCH OR MORE: 15
MAX 90 OR ABOVE: 0 0.10 INCH OR MORE: 5
MIN 32 OR BELOW: 2 0.50 INCH OR MORE: 1
MIN 0 OR BELOW: 0 1.00 INCH OR MORE: 1
[HDD (BASE 65) ]
TOTAL THIS MO. 319 CLEAR (SCALE 0-3) 13
DPTR FM NORMAL -44 PTCLDY (SCALE 4-7) 15
TOTAL FM JUL 1 4197 CLOUDY (SCALE 8-10) 2
DPTR FM NORMAL -472
[CDD (BASE 65) ]
TOTAL THIS MO. 14
DPTR FM NORMAL 3 [PRESSURE DATA]
TOTAL FM JAN 1 17 HIGHEST SLP 30.44 ON 3
DPTR FM NORMAL 5 LOWEST SLP 29.46 ON 11
[REMARKS]
#FINAL-04-21#