000
CXUS53 KILX 010900
CF6ILX
PRELIMINARY LOCAL CLIMATOLOGICAL DATA (WS FORM: F-6)
STATION: LINCOLN IL
MONTH: JULY
YEAR: 2023
LATITUDE: 40 9 N
LONGITUDE: 89 20 W
TEMPERATURE IN F: :PCPN: SNOW: WIND :SUNSHINE: SKY :PK WND
================================================================================
1 2 3 4 5 6A 6B 7 8 9 10 11 12 13 14 15 16 17 18
12Z AVG MX 2MIN
DY MAX MIN AVG DEP HDD CDD WTR SNW DPTH SPD SPD DIR MIN PSBL S-S WX SPD DR
================================================================================
1 83 69 76 1 0 11 0.81 0.0 0 M M M M M M 3 M M
2 77 67 72 -3 0 7 0.12 0.0 0 M M M M M M 3 M M
3 87 63 75 0 0 10 0.00 0.0 0 M M M M M M M M
4 89 65 77 2 0 12 0.17 0.0 0 M M M M M M M M
5 89 68 79 4 0 14 0.65 0.0 0 M M M M M M 3 M M
6 81 62 72 -3 0 7 0.00 0.0 0 M M M M M M M M
7 80 58 69 -6 0 4 0.01 0.0 0 M M M M M M 3 M M
8 75 60 68 -7 0 3 0.98 0.0 0 M M M M M M 3 M M
9 81 54 68 -7 0 3 0.00 0.0 0 M M M M M M M M
10 84 55 70 -5 0 5 0.00 0.0 0 M M M M M M 1 M M
11 88 60 74 -1 0 9 0.00 0.0 0 M M M M M M M M
12 85 67 76 1 0 11 T 0.0 0 M M M M M M M M
13 79 62 71 -4 0 6 0.00 0.0 0 M M M M M M 1 M M
14 90 63 77 2 0 12 0.68 0.0 0 M M M M M M 13 M M
15 84 63 74 -1 0 9 0.02 0.0 0 M M M M M M 3 M M
16 83 62 73 -2 0 8 0.00 0.0 0 M M M M M M 18 M M
17 80 62 71 -4 0 6 0.00 0.0 0 M M M M M M 18 M M
18 76 60 68 -7 0 3 0.00 0.0 0 M M M M M M M M
19 84 57 71 -4 0 6 0.00 0.0 0 M M M M M M M M
20 88 65 77 2 0 12 0.00 0.0 0 M M M M M M 12 M M
21 79 59 69 -5 0 4 0.00 0.0 0 M M M M M M M M
22 82 57 70 -4 0 5 0.00 0.0 0 M M M M M M 1 M M
23 85 60 73 -1 0 8 0.08 0.0 0 M M M M M M 3 M M
24 86 61 74 0 0 9 0.00 0.0 0 M M M M M M M M
25 88 62 75 1 0 10 0.00 0.0 0 M M M M M M 1 M M
26 91 70 81 7 0 16 0.01 0.0 0 M M M M M M 3 M M
27 94 71 83 9 0 18 0.00 0.0 0 M M M M M M M M
28 95 71 83 9 0 18 0.09 0.0 0 M M M M M M 3 M M
29 86 67 77 3 0 12 0.17 0.0 0 M M M M M M 3 M M
30 84 62 73 -1 0 8 0.00 0.0 0 M M M M M M 1 M M
31 83 59 71 -3 0 6 0.00 0.0 0 M M M M M M M M
================================================================================
SM 2616 1941 0 272 3.79 0.0 M M M
================================================================================
AV 84.4 62.6 M FASTST M M M MAX(MPH)
MISC ----> M M M M
================================================================================
NOTES:
# LAST OF SEVERAL OCCURRENCES
COLUMN 17 PEAK WIND IN M.P.H.
PRELIMINARY LOCAL CLIMATOLOGICAL DATA (WS FORM: F-6) , PAGE 2
STATION: LINCOLN IL
MONTH: JULY
YEAR: 2023
LATITUDE: 40 9 N
LONGITUDE: 89 20 W
[TEMPERATURE DATA] [PRECIPITATION DATA] SYMBOLS USED IN COLUMN 16
AVERAGE MONTHLY: 73.5 TOTAL FOR MONTH: 3.79 1 = FOG OR MIST
DPTR FM NORMAL: -1.1 DPTR FM NORMAL: -1.12 2 = FOG REDUCING VISIBILITY
HIGHEST: 95 ON 28 GRTST 24HR 0.98 ON 8- 8 TO 1/4 MILE OR LESS
LOWEST: 54 ON 9 3 = THUNDER
SNOW, ICE PELLETS, HAIL 4 = ICE PELLETS
TOTAL MONTH: 0.0 INCH 5 = HAIL
GRTST 24HR 0.0 6 = FREEZING RAIN OR DRIZZLE
GRTST DEPTH: 0 7 = DUSTSTORM OR SANDSTORM:
VSBY 1/2 MILE OR LESS
8 = SMOKE OR HAZE
[NO. OF DAYS WITH] [WEATHER - DAYS WITH] 9 = BLOWING SNOW
X = TORNADO
MAX 32 OR BELOW: 0 0.01 INCH OR MORE: 12
MAX 90 OR ABOVE: 4 0.10 INCH OR MORE: 7
MIN 32 OR BELOW: 0 0.50 INCH OR MORE: 4
MIN 0 OR BELOW: 0 1.00 INCH OR MORE: 0
[HDD (BASE 65) ]
TOTAL THIS MO. 0 CLEAR (SCALE 0-3) 0
DPTR FM NORMAL -2 PTCLDY (SCALE 4-7) 0
TOTAL FM JUL 1 0 CLOUDY (SCALE 8-10) 31
DPTR FM NORMAL 0
[CDD (BASE 65) ]
TOTAL THIS MO. 272
DPTR FM NORMAL -29 [PRESSURE DATA]
TOTAL FM JAN 1 543 HIGHEST SLP M ON M
DPTR FM NORMAL -93 LOWEST SLP M ON M
[REMARKS]
#FINAL-07-23#