000
CXUS53 KLBF 011410
CF6IML
PRELIMINARY LOCAL CLIMATOLOGICAL DATA (WS FORM: F-6)
STATION: IMPERIAL
MONTH: MAY
YEAR: 2023
LATITUDE: 40 31 N
LONGITUDE: 101 37 W
TEMPERATURE IN F: :PCPN: SNOW: WIND :SUNSHINE: SKY :PK WND
================================================================================
1 2 3 4 5 6A 6B 7 8 9 10 11 12 13 14 15 16 17 18
12Z AVG MX 2MIN
DY MAX MIN AVG DEP HDD CDD WTR SNW DPTH SPD SPD DIR MIN PSBL S-S WX SPD DR
================================================================================
1 68 33 51 -2 14 0 0.00 M M 3.4 7 60 M M 2 M M
2 69 30 50 -3 15 0 0.00 M M 6.3 14 150 M M 0 19 140
3 79 41 60 6 5 0 0.00 M M 11.5 22 190 M M 0 33 180
4 84 46 65 11 0 0 0.00 M M 10.4 25 20 M M 1 3 37 30
5 82 47 65 10 0 0 0.36 M M 10.3 44 320 M M 2 138 63 180
6 74 44 59 4 6 0 T M M 7.5 22 360 M M 0 13 26 360
7 77 49 63 8 2 0 0.12 M M 10.3 26 340 M M 1 3 34 360
8 78 45 62 6 3 0 0.11 M M 6.1 26 270 M M 2 8 42 260
9 74 55 65 9 0 0 0.18 M M 13.0 29 110 M M 4 3 42 130
10 76 55 66 9 0 1 0.91 M M 13.3 39 120 M M 9 13 54 120
11 70 51 61 4 4 0 3.56 M M 13.3 33 190 M M 8 13 46 200
12 63 51 57 -1 8 0 1.19 M M 16.4 30 320 M M 10 13 45 310
13 66 53 60 2 5 0 0.00 M M 15.2 28 330 M M 6 38 330
14 59 51 55 -3 10 0 0.01 M M 12.2 21 10 M M 10 1 27 10
15 63 47 55 -4 10 0 T M M 7.8 15 10 M M 8 12 22 350
16 74 42 58 -1 7 0 0.07 M M 2.4 18 160 M M 4 123 24 170
17 78 48 63 3 2 0 0.12 M M 7.3 39 350 M M 2 1238 48 340
18 70 54 62 2 3 0 T M M 8.1 14 350 M M 7 18 M M
19 65 45 55 -6 10 0 0.00 M M 10.7 20 350 M M 4 18 31 40
20 72 43 58 -3 7 0 0.00 M M 7.3 16 170 M M 0 18 20 190
21 77 55 66 4 0 1 0.00 M M 10.2 21 130 M M 4 8 34 140
22 76 54 65 3 0 0 0.00 M M 8.6 17 150 M M 1 18 23 180
23 75 55 65 2 0 0 0.00 M M 9.9 18 150 M M 4 18 33 140
24 75 56 66 3 0 1 T M M 13.0 25 150 M M 5 18 37 150
25 71 57 64 0 1 0 0.21 M M 14.7 26 120 M M 5 138 40 140
26 74 56 65 1 0 0 1.12 M M 16.8 30 150 M M 7 13 43 150
27 73 57 65 1 0 0 0.00 M M 19.4 31 140 M M 3 1 46 140
28 75 55 65 0 0 0 0.39 M M 8.8 29 300 M M 5 13 42 300
29 81 52 67 2 0 2 0.60 M M 10.7 35 340 M M 2 138 51 340
30 82 56 69 3 0 4 0.14 M M 12.9 30 220 M M 1 3 46 220
31 78 53 66 0 0 1 0.00 M M 10.0 24 160 M M 1 34 140
================================================================================
SM 2278 1536 112 10 9.09 M 327.8 M 118
================================================================================
AV 73.5 49.5 10.6 FASTST M M 4 MAX(MPH)
MISC ----> 44 320 63 180
================================================================================
NOTES:
# LAST OF SEVERAL OCCURRENCES
COLUMN 17 PEAK WIND IN M.P.H.
PRELIMINARY LOCAL CLIMATOLOGICAL DATA (WS FORM: F-6) , PAGE 2
STATION: IMPERIAL
MONTH: MAY
YEAR: 2023
LATITUDE: 40 31 N
LONGITUDE: 101 37 W
[TEMPERATURE DATA] [PRECIPITATION DATA] SYMBOLS USED IN COLUMN 16
AVERAGE MONTHLY: 61.5 TOTAL FOR MONTH: 9.09 1 = FOG OR MIST
DPTR FM NORMAL: 2.1 DPTR FM NORMAL: 6.17 2 = FOG REDUCING VISIBILITY
HIGHEST: 84 ON 4 GRTST 24HR 4.35 ON 10-11 TO 1/4 MILE OR LESS
LOWEST: 30 ON 2 3 = THUNDER
SNOW, ICE PELLETS, HAIL 4 = ICE PELLETS
TOTAL MONTH: M 5 = HAIL
GRTST 24HR M ON M 6 = FREEZING RAIN OR DRIZZLE
GRTST DEPTH: M ON M 7 = DUSTSTORM OR SANDSTORM:
VSBY 1/2 MILE OR LESS
8 = SMOKE OR HAZE
[NO. OF DAYS WITH] [WEATHER - DAYS WITH] 9 = BLOWING SNOW
X = TORNADO
MAX 32 OR BELOW: 0 0.01 INCH OR MORE: 15
MAX 90 OR ABOVE: 0 0.10 INCH OR MORE: 13
MIN 32 OR BELOW: 1 0.50 INCH OR MORE: 5
MIN 0 OR BELOW: 0 1.00 INCH OR MORE: 3
[HDD (BASE 65) ]
TOTAL THIS MO. 112 CLEAR (SCALE 0-3) 14
DPTR FM NORMAL -106 PTCLDY (SCALE 4-7) 14
TOTAL FM JUL 1 6428 CLOUDY (SCALE 8-10) 3
DPTR FM NORMAL 493
[CDD (BASE 65) ]
TOTAL THIS MO. 10
DPTR FM NORMAL -35 [PRESSURE DATA]
TOTAL FM JAN 1 18 HIGHEST SLP 30.43 ON 14
DPTR FM NORMAL -29 LOWEST SLP 29.55 ON 5
[REMARKS]
#FINAL-05-23#