000
CXUS53 KIND 010600
CF6IND
PRELIMINARY LOCAL CLIMATOLOGICAL DATA (WS FORM: F-6)
STATION: INDIANAPOLIS IN
MONTH: AUGUST
YEAR: 2020
LATITUDE: 39 43 N
LONGITUDE: 86 17 W
TEMPERATURE IN F: :PCPN: SNOW: WIND :SUNSHINE: SKY :PK WND
================================================================================
1 2 3 4 5 6A 6B 7 8 9 10 11 12 13 14 15 16 17 18
12Z AVG MX 2MIN
DY MAX MIN AVG DEP HDD CDD WTR SNW DPTH SPD SPD DIR MIN PSBL S-S WX SPD DR
================================================================================
1 74 66 70 -5 0 5 0.06 0.0 0 9.2 16 40 M M 10 1 21 50
2 82 62 72 -3 0 7 0.01 0.0 0 10.5 17 230 M M 7 1 24 300
3 79 64 72 -3 0 7 0.16 0.0 0 5.4 24 290 M M 7 13 30 290
4 77 61 69 -6 0 4 0.00 0.0 0 10.3 17 330 M M 7 24 320
5 77 54 66 -9 0 1 0.00 0.0 0 4.8 12 310 M M 4 15 300
6 79 59 69 -6 0 4 0.00 0.0 0 6.0 14 360 M M 4 17 50
7 81 58 70 -5 0 5 0.00 0.0 0 5.5 14 60 M M 3 19 70
8 84 59 72 -3 0 7 0.00 0.0 0 4.1 10 170 M M 4 14 170
9 88 66 77 2 0 12 0.00 0.0 0 7.8 16 190 M M 5 26 180
10 87 68 78 3 0 13 1.01 0.0 0 9.3 40 350 M M 7 13 61 310
11 85 66 76 1 0 11 0.00 0.0 0 6.5 12 350 M M 7 16 330
12 85 67 76 1 0 11 0.00 0.0 0 6.0 12 90 M M 6 13 90
13 88 67 78 3 0 13 0.00 0.0 0 7.0 13 350 M M 6 15 360
14 87 70 79 4 0 14 0.00 0.0 0 4.7 12 10 M M 6 16 320
15 88 68 78 4 0 13 0.00 0.0 0 4.4 13 280 M M 4 17 290
16 84 67 76 2 0 11 0.00 0.0 0 9.6 20 350 M M 5 1 28 340
17 86 64 75 1 0 10 0.00 0.0 0 6.0 16 20 M M 5 22 20
18 79 62 71 -3 0 6 0.85 0.0 0 10.5 18 40 M M 7 1 26 60
19 80 58 69 -5 0 4 0.00 0.0 0 8.1 15 20 M M 1 20 20
20 80 60 70 -4 0 5 0.00 0.0 0 4.5 13 120 M M 1 18 90
21 83 61 72 -2 0 7 0.00 0.0 0 4.3 10 120 M M 4 14 120
22 87 62 75 1 0 10 0.00 0.0 0 4.1 9 280 M M 4 12 220
23 87 66 77 3 0 12 0.00 0.0 0 6.3 14 210 M M 4 18 200
24 91 69 80 6 0 15 T 0.0 0 9.3 16 230 M M 4 26 290
25 92 71 82 8 0 17 0.00 0.0 0 6.9 13 280 M M 3 19 330
26 90 71 81 7 0 16 0.00 0.0 0 8.7 18 180 M M 2 1 28 240
27 83 72 78 5 0 13 T 0.0 0 9.2 18 240 M M 8 23 240
28 86 72 79 6 0 14 T 0.0 0 9.1 22 160 M M 7 29 190
29 85 66 76 3 0 11 T 0.0 0 10.3 22 290 M M 6 1 28 280
30 77 59 68 -5 0 3 0.00 0.0 0 6.0 13 100 M M 4 1 17 120
31 84 64 74 2 0 9 0.00 0.0 0 6.5 13 220 M M 7 20 180
================================================================================
SM 2595 1999 0 290 2.09 0.0 220.9 M 159
================================================================================
AV 83.7 64.5 7.1 FASTST M M 5 MAX(MPH)
MISC ----> 40 350 61 310
================================================================================
NOTES:
# LAST OF SEVERAL OCCURRENCES
COLUMN 17 PEAK WIND IN M.P.H.
PRELIMINARY LOCAL CLIMATOLOGICAL DATA (WS FORM: F-6) , PAGE 2
STATION: INDIANAPOLIS IN
MONTH: AUGUST
YEAR: 2020
LATITUDE: 39 43 N
LONGITUDE: 86 17 W
[TEMPERATURE DATA] [PRECIPITATION DATA] SYMBOLS USED IN COLUMN 16
AVERAGE MONTHLY: 74.1 TOTAL FOR MONTH: 2.09 1 = FOG OR MIST
DPTR FM NORMAL: -0.1 DPTR FM NORMAL: -1.04 2 = FOG REDUCING VISIBILITY
HIGHEST: 92 ON 25 GRTST 24HR 1.01 ON 10-10 TO 1/4 MILE OR LESS
LOWEST: 54 ON 5 3 = THUNDER
SNOW, ICE PELLETS, HAIL 4 = ICE PELLETS
TOTAL MONTH: 0.0 INCH 5 = HAIL
GRTST 24HR 0.0 6 = FREEZING RAIN OR DRIZZLE
GRTST DEPTH: 0 7 = DUSTSTORM OR SANDSTORM:
VSBY 1/2 MILE OR LESS
8 = SMOKE OR HAZE
[NO. OF DAYS WITH] [WEATHER - DAYS WITH] 9 = BLOWING SNOW
X = TORNADO
MAX 32 OR BELOW: 0 0.01 INCH OR MORE: 5
MAX 90 OR ABOVE: 3 0.10 INCH OR MORE: 3
MIN 32 OR BELOW: 0 0.50 INCH OR MORE: 2
MIN 0 OR BELOW: 0 1.00 INCH OR MORE: 1
[HDD (BASE 65) ]
TOTAL THIS MO. 0 CLEAR (SCALE 0-3) 5
DPTR FM NORMAL -3 PTCLDY (SCALE 4-7) 25
TOTAL FM JUL 1 0 CLOUDY (SCALE 8-10) 1
DPTR FM NORMAL -1
[CDD (BASE 65) ]
TOTAL THIS MO. 290
DPTR FM NORMAL 2 [PRESSURE DATA]
TOTAL FM JAN 1 1064 HIGHEST SLP M ON M
DPTR FM NORMAL 143 LOWEST SLP 29.65 ON 29
[REMARKS]
#FINAL-08-20#