000
CXUS54 KMAF 011338
CF6INK
PRELIMINARY LOCAL CLIMATOLOGICAL DATA (WS FORM: F-6)
STATION: WINK
MONTH: APRIL
YEAR: 2023
LATITUDE: 31 46 N
LONGITUDE: 103 12 W
TEMPERATURE IN F: :PCPN: SNOW: WIND :SUNSHINE: SKY :PK WND
================================================================================
1 2 3 4 5 6A 6B 7 8 9 10 11 12 13 14 15 16 17 18
12Z AVG MX 2MIN
DY MAX MIN AVG DEP HDD CDD WTR SNW DPTH SPD SPD DIR MIN PSBL S-S WX SPD DR
================================================================================
1 80 37 59 -3 6 0 0.00 M M 9.2 18 70 M M 0 26 160
2 86 51 69 6 0 4 0.00 M M 14.0 36 260 M M 0 46 260
3 90 46 68 5 0 3 0.00 M M 13.6 29 240 M M 0 45 240
4 87 54 71 8 0 6 0.00 M M 18.4 37 240 M M 1 51 250
5 66 41 54 -10 11 0 0.00 M M 9.5 26 360 M M 0 35 340
6 70 44 57 -7 8 0 0.00 M M 12.5 21 90 M M 0 27 80
7 70 38 54 -10 11 0 0.00 M M 8.0 15 50 M M 2 8 22 60
8 76 42 59 -5 6 0 0.00 M M 8.2 16 120 M M 2 27 150
9 82 54 68 4 0 3 0.00 M M 11.9 21 140 M M 0 25 140
10 85 60 73 8 0 8 T M M 8.6 21 50 M M 3 26 40
11 86 48 67 2 0 2 0.00 M M 6.5 17 150 M M 0 22 140
12 88 55 72 7 0 7 0.00 M M 14.0 24 160 M M 0 31 150
13 90 56 73 8 0 8 0.00 M M 13.8 28 140 M M 0 36 140
14 86 53 70 4 0 5 0.00 M M 14.5 31 270 M M 0 51 290
15 82 46 64 -2 1 0 0.00 M M 7.5 18 360 M M 0 38 300
16 74 44 59 -7 6 0 0.00 M M 10.2 24 60 M M 0 33 60
17 82 54 68 2 0 3 T M M 17.1 30 130 M M 0 42 130
18 90 57 74 8 0 9 0.00 M M 15.8 31 250 M M 0 39 280
19 91 51 71 4 0 6 0.00 M M 13.1 30 240 M M 0 41 250
20 82 50 66 -1 0 1 0.00 M M 7.3 22 20 M M 0 8 27 30
21 77 45 61 -6 4 0 0.00 M M 10.4 22 20 M M 0 28 20
22 82 42 62 -6 3 0 0.00 M M 12.5 32 50 M M 2 8 45 60
23 51 43 47 -21 18 0 0.00 M M 10.7 21 50 M M 10 8 29 40
24 72 46 59 -9 6 0 T M M 10.0 21 140 M M 5 18 28 140
25 87 50 69 1 0 4 0.00 M M 8.2 21 150 M M 2 18 27 150
26 83 53 68 0 0 3 0.00 M M 13.0 29 10 M M 0 39 10
27 83 42 63 -6 2 0 0.00 M M 7.0 16 220 M M 0 24 220
28 68 46 57 -12 8 0 0.00 M M 16.2 33 360 M M 3 8 42 360
29 80 36 58 -11 7 0 0.00 M M 7.1 15 290 M M 0 22 300
30 97 47 72 2 0 7 0.00 M M 10.1 25 80 M M 0 8 35 60
================================================================================
SM 2423 1431 97 79 T M 338.9 M 30
================================================================================
AV 80.8 47.7 11.3 FASTST M M 1 MAX(MPH)
MISC ----> 37 240 # 51 250
================================================================================
NOTES:
# LAST OF SEVERAL OCCURRENCES
COLUMN 17 PEAK WIND IN M.P.H.
PRELIMINARY LOCAL CLIMATOLOGICAL DATA (WS FORM: F-6) , PAGE 2
STATION: WINK
MONTH: APRIL
YEAR: 2023
LATITUDE: 31 46 N
LONGITUDE: 103 12 W
[TEMPERATURE DATA] [PRECIPITATION DATA] SYMBOLS USED IN COLUMN 16
AVERAGE MONTHLY: 64.2 TOTAL FOR MONTH: T 1 = FOG OR MIST
DPTR FM NORMAL: -1.8 DPTR FM NORMAL: -0.47 2 = FOG REDUCING VISIBILITY
HIGHEST: 97 ON 30 GRTST 24HR T ON 10-10 TO 1/4 MILE OR LESS
LOWEST: 36 ON 29 3 = THUNDER
SNOW, ICE PELLETS, HAIL 4 = ICE PELLETS
TOTAL MONTH: M 5 = HAIL
GRTST 24HR M ON M 6 = FREEZING RAIN OR DRIZZLE
GRTST DEPTH: M ON M 7 = DUSTSTORM OR SANDSTORM:
VSBY 1/2 MILE OR LESS
8 = SMOKE OR HAZE
[NO. OF DAYS WITH] [WEATHER - DAYS WITH] 9 = BLOWING SNOW
X = TORNADO
MAX 32 OR BELOW: 0 0.01 INCH OR MORE: 0
MAX 90 OR ABOVE: 5 0.10 INCH OR MORE: 0
MIN 32 OR BELOW: 0 0.50 INCH OR MORE: 0
MIN 0 OR BELOW: 0 1.00 INCH OR MORE: 0
[HDD (BASE 65) ]
TOTAL THIS MO. 97 CLEAR (SCALE 0-3) 27
DPTR FM NORMAL 15 PTCLDY (SCALE 4-7) 2
TOTAL FM JUL 1 2298 CLOUDY (SCALE 8-10) 1
DPTR FM NORMAL -144
[CDD (BASE 65) ]
TOTAL THIS MO. 79
DPTR FM NORMAL -33 [PRESSURE DATA]
TOTAL FM JAN 1 94 HIGHEST SLP 30.30 ON 16
DPTR FM NORMAL -44 LOWEST SLP 29.40 ON 4
[REMARKS]
#FINAL-04-23#