000
CXUS53 KDVN 010949
CLSIOW
CLIMATE REPORT
NATIONAL WEATHER SERVICE QUAD CITIES IA IL
349 AM CST WED DEC 01 2021
...................................
...THE IOWA CITY IA CLIMATE SUMMARY FOR THE SEASON, FROM
9/1/2021 TO 11/30/2021...
CLIMATE NORMAL PERIOD 1991 TO 2020
CLIMATE RECORD PERIOD 9999 TO 9999
WEATHER OBSERVED NORMAL DEPART LAST YEAR`S
VALUE DATE(S) VALUE FROM VALUE
NORMAL
..............................................................
TEMPERATURE (F)
HIGHEST 91 09/19 80 11
LOWEST 14 11/26 23 -9
AVG. MAXIMUM 66.8 63.6 3.2
AVG. MINIMUM 44.6 42.2 2.4
MEAN 55.7 52.9 2.8
DAYS MAX >= 90 3
DAYS MAX <= 32 0
DAYS MIN <= 32 20
DAYS MIN <= 0 0
PRECIPITATION (INCHES)
TOTALS 7.80R 8.39 -0.59
DAILY AVG. 0.08 0.09 -0.01
DAYS >= .01 20
DAYS >= .10 10
DAYS >= .50 6
DAYS >= 1.00 1
GREATEST
24 HR. TOTAL 2.80 10/24 TO 10/25
DEGREE DAYS
HEATING TOTAL 1018 1224 -206
SINCE 7/1 1018 1230 -212
COOLING TOTAL 193 125 68
SINCE 1/1 1288 1044 244
..............................................................
WIND (MPH)
AVERAGE WIND SPEED 7.6
HIGHEST WIND SPEED/DIRECTION 33/260 DATE 11/11
HIGHEST GUST SPEED/DIRECTION 48/320 DATE 11/14
SKY COVER
POSSIBLE SUNSHINE (PERCENT) MM
AVERAGE SKY COVER 0.29
NUMBER OF DAYS FAIR 59
NUMBER OF DAYS PC 21
NUMBER OF DAYS CLOUDY 11
AVERAGE RH (PERCENT) 64
WEATHER CONDITIONS. NUMBER OF DAYS WITH
THUNDERSTORM 6 HAIL 0
SLEET 0 FOG 22
FOG W/VIS <= 1/4 MILE 3 HAZE 8
- INDICATES NEGATIVE NUMBERS.
R INDICATES RECORD WAS SET OR TIED.
MM INDICATES DATA IS MISSING.
T INDICATES TRACE AMOUNT.
$$