000
CXUS53 KEAX 011909 RRA
CLSIRK
CLIMATE REPORT
NATIONAL WEATHER SERVICE KANSAS CITY/PLEASANT HILL MO
206 PM CDT THU JUN 01 2023
...................................
...THE KIRKSVILLE MO CLIMATE SUMMARY FOR THE SEASON, FROM
3/1/2023 TO 5/31/2023...
CLIMATE NORMAL PERIOD: 1991 TO 2020
CLIMATE RECORD PERIOD: 9999 TO 9999
WEATHER OBSERVED NORMAL DEPART LAST YEAR`S
VALUE DATE(S) VALUE FROM VALUE DATE(S)
NORMAL
................................................................
TEMPERATURE (F)
HIGHEST 89 05/07 85 4 91 05/12
LOWEST 11 03/18 11 0 5 03/12
AVG. MAXIMUM 64.3 62.5 1.8 62.2
AVG. MINIMUM 39.5 41.1 -1.6 40.5
MEAN 51.9 51.8 0.1 51.4
DAYS MAX >= 90 0 0.5 -0.5 2
DAYS MAX <= 32 2 1.8 0.2 4
DAYS MIN <= 32 28 24.7 3.3 26
DAYS MIN <= 0 0 0.2 -0.2 0
PRECIPITATION (INCHES)
TOTALS 6.35R 11.57 -5.22 10.57
DAILY AVG. 0.07 0.13 -0.06 0.12
DAYS >= .01 27 33.5 -6.5 35
DAYS >= .10 15 21.0 -6.0 25
DAYS >= .50 5 7.6 -2.6 6
DAYS >= 1.00 0 2.6 -2.6 2
GREATEST
24 HR. TOTAL 1.12
DEGREE DAYS
HEATING TOTAL 1247 1289 -42 1348
COOLING TOTAL 71 74 -3 118
................................................................
WIND (MPH)
AVERAGE WIND SPEED 9.6
HIGHEST WIND SPEED/DIRECTION 39/280 DATE 04/15
HIGHEST GUST SPEED/DIRECTION 59/280 DATE 04/15
SKY COVER
POSSIBLE SUNSHINE (PERCENT) MM
AVERAGE SKY COVER 0.35
NUMBER OF DAYS FAIR 50
NUMBER OF DAYS PC 30
NUMBER OF DAYS CLOUDY 12
AVERAGE RH (PERCENT) 64
WEATHER CONDITIONS. NUMBER OF DAYS WITH
THUNDERSTORM 12 MIXED PRECIP 0
HEAVY RAIN 7 RAIN 9
LIGHT RAIN 28 FREEZING RAIN 0
LT FREEZING RAIN 0 HAIL 0
HEAVY SNOW 1 SNOW 2
LIGHT SNOW 8 SLEET 0
FOG 35 FOG W/VIS <= 1/4 MILE 5
HAZE 8
- INDICATES NEGATIVE NUMBERS.
R INDICATES RECORD WAS SET OR TIED.
MM INDICATES DATA IS MISSING.
T INDICATES TRACE AMOUNT.
$$