000
CXUS51 KOKX 010910
CF6ISP
PRELIMINARY LOCAL CLIMATOLOGICAL DATA (WS FORM: F-6)
STATION: ISLIP NY
MONTH: SEPTEMBER
YEAR: 2022
LATITUDE: 40 47 N
LONGITUDE: 73 6 W
TEMPERATURE IN F: :PCPN: SNOW: WIND :SUNSHINE: SKY :PK WND
================================================================================
1 2 3 4 5 6A 6B 7 8 9 10 11 12 13 14 15 16 17 18
12Z AVG MX 2MIN
DY MAX MIN AVG DEP HDD CDD WTR SNW DPTH SPD SPD DIR MIN PSBL S-S WX SPD DR
================================================================================
1 88 63 76 5 0 11 0.00 0.0 0 9.9 18 300 M M 1 25 310
2 78 59 69 -2 0 4 0.00 0.0 0 6.5 14 140 M M 2 19 40
3 80 59 70 -1 0 5 0.00 0.0 0 5.4 13 150 M M 6 17 180
4 85 69 77 7 0 12 0.00 0.0 0 7.0 14 220 M M 7 18 210
5 85 72 79 9 0 14 T 0.0 0 6.5 14 190 M M 7 18 180
6 75 66 71 1 0 6 0.67 0.0 0 8.4 16 60 M M 10 1 21 50
7 75 66 71 1 0 6 T 0.0 0 11.3 18 30 M M 10 23 30
8 78 62 70 0 0 5 0.00 0.0 0 9.0 18 40 M M 4 23 10
9 79 56 68 -1 0 3 0.00 0.0 0 4.7 13 30 M M 2 16 40
10 85 59 72 3 0 7 0.00 0.0 0 4.5 13 210 M M 4 17 180
11 78 67 73 4 0 8 0.07 0.0 0 4.7 9 340 M M 8 1 11 340
12 81 68 75 7 0 10 0.13 0.0 0 5.1 14 30 M M 8 18 17 10
13 82 68 75 7 0 10 0.63 0.0 0 8.0 17 220 M M 6 13 23 230
14 80 61 71 3 0 6 0.00 0.0 0 8.5 17 300 M M 2 22 300
15 73 54 64 -3 1 0 0.00 0.0 0 10.6 22 340 M M 2 30 350
16 75 50 63 -4 2 0 0.00 0.0 0 4.6 13 330 M M 3 14 320
17 73 58 66 -1 0 1 0.00 0.0 0 6.8 13 140 M M 5 17 50
18 81 65 73 7 0 8 0.00 0.0 0 10.6 20 230 M M 3 25 230
19 84 63 74 8 0 9 0.01 0.0 M 8.2 24 280 M M 5 32 290
20 81 65 73 7 0 8 0.00 0.0 0 6.7 15 340 M M 5 21 340
21 76 62 69 4 0 4 0.00 0.0 0 8.1 15 170 M M 4 19 190
22 77 58 68 3 0 3 0.71 0.0 0 12.4 26 300 M M 7 13 32 300
23 65 50 58 -6 7 0 0.00 0.0 0 19.8 30 320 M M 1 39 340
24 69 45 57 -7 8 0 0.00 0.0 0 9.3 20 320 M M 3 27 330
25 74 53 64 0 1 0 0.67 0.0 0 9.4 36 300 M M 8 13 53 300
26 73 57 65 2 0 0 T 0.0 0 11.0 22 210 M M 3 28 160
27 71 53 62 -1 3 0 T 0.0 0 8.1 22 230 M M 4 26 210
28 72 50 61 -1 4 0 0.00 0.0 0 7.8 16 290 M M 3 21 290
29 68 55 62 0 3 0 0.00 0.0 0 10.4 22 30 M M 5 26 10
30 65 53 59 -3 6 0 T 0.0 0 8.9 14 40 M M 8 20 60
================================================================================
SM 2306 1786 35 140 2.89 0.0 252.2 M 146
================================================================================
AV 76.9 59.5 8.4 FASTST M M 5 MAX(MPH)
MISC ----> 36 300 53 300
================================================================================
NOTES:
# LAST OF SEVERAL OCCURRENCES
COLUMN 17 PEAK WIND IN M.P.H.
PRELIMINARY LOCAL CLIMATOLOGICAL DATA (WS FORM: F-6) , PAGE 2
STATION: ISLIP NY
MONTH: SEPTEMBER
YEAR: 2022
LATITUDE: 40 47 N
LONGITUDE: 73 6 W
[TEMPERATURE DATA] [PRECIPITATION DATA] SYMBOLS USED IN COLUMN 16
AVERAGE MONTHLY: 68.2 TOTAL FOR MONTH: 2.89 1 = FOG OR MIST
DPTR FM NORMAL: 1.3 DPTR FM NORMAL: -0.71 2 = FOG REDUCING VISIBILITY
HIGHEST: 88 ON 1 GRTST 24HR 0.71 ON 22-22 TO 1/4 MILE OR LESS
LOWEST: 45 ON 24 3 = THUNDER
SNOW, ICE PELLETS, HAIL 4 = ICE PELLETS
TOTAL MONTH: 0.0 INCH 5 = HAIL
GRTST 24HR 0.0 6 = FREEZING RAIN OR DRIZZLE
GRTST DEPTH: 0 7 = DUSTSTORM OR SANDSTORM:
VSBY 1/2 MILE OR LESS
8 = SMOKE OR HAZE
[NO. OF DAYS WITH] [WEATHER - DAYS WITH] 9 = BLOWING SNOW
X = TORNADO
MAX 32 OR BELOW: 0 0.01 INCH OR MORE: 7
MAX 90 OR ABOVE: 0 0.10 INCH OR MORE: 5
MIN 32 OR BELOW: 0 0.50 INCH OR MORE: 4
MIN 0 OR BELOW: 0 1.00 INCH OR MORE: 0
[HDD (BASE 65) ]
TOTAL THIS MO. 35 CLEAR (SCALE 0-3) 9
DPTR FM NORMAL -18 PTCLDY (SCALE 4-7) 18
TOTAL FM JUL 1 35 CLOUDY (SCALE 8-10) 3
DPTR FM NORMAL -21
[CDD (BASE 65) ]
TOTAL THIS MO. 140
DPTR FM NORMAL 32 [PRESSURE DATA]
TOTAL FM JAN 1 1113 HIGHEST SLP M ON M
DPTR FM NORMAL 241 LOWEST SLP 29.52 ON 22
[REMARKS]
#FINAL-09-22#