806
CXUS51 KOKX 010702
CF6ISP
PRELIMINARY LOCAL CLIMATOLOGICAL DATA (WS FORM: F-6)
STATION: ISLIP NY
MONTH: JULY
YEAR: 2020
LATITUDE: 40 47 N
LONGITUDE: 73 6 W
TEMPERATURE IN F: :PCPN: SNOW: WIND :SUNSHINE: SKY :PK WND
================================================================================
1 2 3 4 5 6A 6B 7 8 9 10 11 12 13 14 15 16 17 18
12Z AVG MX 2MIN
DY MAX MIN AVG DEP HDD CDD WTR SNW DPTH SPD SPD DIR MIN PSBL S-S WX SPD DR
================================================================================
1 83 63 73 1 0 8 0.43 0.0 0 5.4 16 210 M M 6 123 20 210
2 87 64 76 3 0 11 0.00 0.0 0 6.5 15 210 M M 2 19 210
3 88 67 78 5 0 13 0.61 0.0 0 7.5 21 120 M M 7 13 24 120
4 83 66 75 2 0 10 0.00 0.0 0 8.1 16 20 M M 6 1 20 20
5 86 69 78 5 0 13 0.00 0.0 0 7.7 14 180 M M 6 20 220
6 91 69 80 7 0 15 T 0.0 0 8.5 20 120 M M 4 3 25 130
7 75 68 72 -1 0 7 0.02 0.0 0 8.1 15 130 M M 10 1 18 130
8 84 74 79 5 0 14 0.00 0.0 0 9.9 17 210 M M 9 22 190
9 85 72 79 5 0 14 0.00 0.0 0 7.1 13 150 M M 5 1 17 180
10 80 73 77 3 0 12 0.61 0.0 0 15.2 29 130 M M 10 1 40 120
11 79 73 76 2 0 11 T 0.0 0 12.0 23 190 M M 9 12 32 200
12 87 70 79 5 0 14 0.00 0.0 0 11.2 21 220 M M 3 26 220
13 84 72 78 4 0 13 T 0.0 0 6.7 16 220 M M 5 3 21 180
14 86 70 78 4 0 13 0.19 0.0 0 7.7 24 350 M M 3 13 30 350
15 76 67 72 -2 0 7 0.00 0.0 0 8.0 13 130 M M 6 17 140
16 75 65 70 -4 0 5 0.00 0.0 0 9.8 17 130 M M 7 23 150
17 79 67 73 -1 0 8 0.22 0.0 0 7.8 15 150 M M 8 1 22 200
18 88 69 79 5 0 14 0.00 0.0 0 5.0 13 200 M M 4 12 15 150
19 88 73 81 7 0 16 0.00 0.0 0 9.0 17 210 M M 5 1 23 210
20 93 76 85 11 0 20 0.02 0.0 0 7.1 18 220 M M 6 1 22 220
21 90 73 82 8 0 17 0.00 0.0 0 5.6 15 170 M M 2 21 210
22 87 74 81 7 0 16 0.20 0.0 0 7.5 28 260 M M 6 13 35 260
23 85 73 79 5 0 14 0.06 0.0 0 8.6 18 220 M M 6 13 23 220
24 78 70 74 0 0 9 0.74 0.0 0 3.4 13 40 M M 8 13 16 50
25 86 68 77 3 0 12 0.00 0.0 0 6.6 15 220 M M 5 12 20 210
26 90 74 82 8 0 17 0.00 0.0 0 8.8 17 220 M M 6 24 210
27 95 70 83 9 0 18 0.00 0.0 0 9.3 23 220 M M 4 28 230
28 95 77 86 12 0 21 T 0.0 0 9.2 21 220 M M 4 26 210
29 85 73 79 5 0 14 0.00 0.0 0 7.6 14 170 M M 3 19 160
30 89 71 80 6 0 15 0.00 0.0 0 6.6 18 220 M M 7 23 210
31 81 69 75 1 0 10 2.05 0.0 0 4.8 37 230 M M 7 13 45 230
================================================================================
SM 2638 2179 0 401 5.15 0.0 246.3 M 179
================================================================================
AV 85.1 70.3 7.9 FASTST M M 6 MAX(MPH)
MISC ----> # 37 230 # 45 230
================================================================================
NOTES:
# LAST OF SEVERAL OCCURRENCES
COLUMN 17 PEAK WIND IN M.P.H.
PRELIMINARY LOCAL CLIMATOLOGICAL DATA (WS FORM: F-6) , PAGE 2
STATION: ISLIP NY
MONTH: JULY
YEAR: 2020
LATITUDE: 40 47 N
LONGITUDE: 73 6 W
[TEMPERATURE DATA] [PRECIPITATION DATA] SYMBOLS USED IN COLUMN 16
AVERAGE MONTHLY: 77.7 TOTAL FOR MONTH: 5.15 1 = FOG OR MIST
DPTR FM NORMAL: 3.8 DPTR FM NORMAL: 1.72 2 = FOG REDUCING VISIBILITY
HIGHEST: 95 ON 28,27 GRTST 24HR 2.05 ON 31-31 TO 1/4 MILE OR LESS
LOWEST: 63 ON 1 3 = THUNDER
SNOW, ICE PELLETS, HAIL 4 = ICE PELLETS
TOTAL MONTH: 0.0 INCH 5 = HAIL
GRTST 24HR 0.0 6 = FREEZING RAIN OR DRIZZLE
GRTST DEPTH: 0 7 = DUSTSTORM OR SANDSTORM:
VSBY 1/2 MILE OR LESS
8 = SMOKE OR HAZE
[NO. OF DAYS WITH] [WEATHER - DAYS WITH] 9 = BLOWING SNOW
X = TORNADO
MAX 32 OR BELOW: 0 0.01 INCH OR MORE: 11
MAX 90 OR ABOVE: 6 0.10 INCH OR MORE: 8
MIN 32 OR BELOW: 0 0.50 INCH OR MORE: 4
MIN 0 OR BELOW: 0 1.00 INCH OR MORE: 1
[HDD (BASE 65) ]
TOTAL THIS MO. 0 CLEAR (SCALE 0-3) 4
DPTR FM NORMAL -2 PTCLDY (SCALE 4-7) 22
TOTAL FM JUL 1 0 CLOUDY (SCALE 8-10) 5
DPTR FM NORMAL -2
[CDD (BASE 65) ]
TOTAL THIS MO. 401
DPTR FM NORMAL 125 [PRESSURE DATA]
TOTAL FM JAN 1 606 HIGHEST SLP M ON M
DPTR FM NORMAL 166 LOWEST SLP 29.59 ON 10
[REMARKS]
#FINAL-07-20#