000
CXUS53 KIWX 010810
CF6IWX
PRELIMINARY LOCAL CLIMATOLOGICAL DATA (WS FORM: F-6)
STATION: NORTH WEBSTER WFO
MONTH: OCTOBER
YEAR: 2022
LATITUDE: 41 21 N
LONGITUDE: 85 42 W
TEMPERATURE IN F: :PCPN: SNOW: WIND :SUNSHINE: SKY :PK WND
================================================================================
1 2 3 4 5 6A 6B 7 8 9 10 11 12 13 14 15 16 17 18
12Z AVG MX 2MIN
DY MAX MIN AVG DEP HDD CDD WTR SNW DPTH SPD SPD DIR MIN PSBL S-S WX SPD DR
================================================================================
1 67 44 56 -3 9 0 0.00 0.0 0 M M M M M M M M
2 66 46 56 -3 9 0 0.00 0.0 0 M M M M M M M M
3 66 37 52 -6 13 0 0.00 0.0 0 M M M M M M 1 M M
4 70 38 54 -4 11 0 0.00 0.0 0 M M M M M M M M
5 75 44 60 2 5 0 0.00 0.0 0 M M M M M M M M
6 71 50 61 4 4 0 T 0.0 0 M M M M M M M M
7 55 38 47 -10 18 0 0.00 0.0 0 M M M M M M M M
8 56 37 47 -9 18 0 0.00 0.0 0 M M M M M M M M
9 67 39 53 -3 12 0 0.00 0.0 0 M M M M M M M M
10 73 43 58 2 7 0 0.00 0.0 0 M M M M M M M M
11 70 51 61 6 4 0 0.12 0.0 0 M M M M M M M M
12 69 45 57 2 8 0 0.30 0.0 0 M M M M M M M M
13 58 38 48 -6 17 0 0.01 0.0 0 M M M M M M M M
14 58 35 47 -7 18 0 0.07 0.0 0 M M M M M M M M
15 54 35 45 -9 20 0 0.02 0.0 0 M M M M M M M M
16 63 41 52 -1 13 0 0.00 0.0 0 M M M M M M M M
17 43 32 38 -15 27 0 0.94 2.7 0 M M M M M M M M
18 38 32 35 -17 30 0 0.23 T 2 M M M M M M 1 M M
19 50 33 42 -10 23 0 0.22 0.0 0 M M M M M M 1 M M
20 55 30 43 -9 22 0 0.00 0.0 0 M M M M M M M M
21 73 42 58 7 7 0 0.00 0.0 0 M M M M M M M M
22 76 51 64 13 1 0 0.00 0.0 0 M M M M M M M M
23 76 56 66 16 0 1 0.00 0.0 0 M M M M M M M M
24 73 57 65 15 0 0 0.00 0.0 0 M M M M M M M M
25 73 57 65 15 0 0 0.68 0.0 0 M M M M M M 1 M M
26 59 37 48 -1 17 0 0.10 0.0 0 M M M M M M 1 M M
27 53 33 43 -6 22 0 0.00 0.0 0 M M M M M M M M
28 61 38 50 2 15 0 0.00 0.0 0 M M M M M M M M
29 66 34 50 2 15 0 0.00 0.0 0 M M M M M M M M
30 65 43 54 6 11 0 0.04 0.0 0 M M M M M M M M
31 63 54 59 12 6 0 0.28 0.0 0 M M M M M M M M
================================================================================
SM 1962 1290 382 1 3.01 2.7 M M M
================================================================================
AV 63.3 41.6 M FASTST M M M MAX(MPH)
MISC ----> M M M M
================================================================================
NOTES:
# LAST OF SEVERAL OCCURRENCES
COLUMN 17 PEAK WIND IN M.P.H.
PRELIMINARY LOCAL CLIMATOLOGICAL DATA (WS FORM: F-6) , PAGE 2
STATION: NORTH WEBSTER WFO
MONTH: OCTOBER
YEAR: 2022
LATITUDE: 41 21 N
LONGITUDE: 85 42 W
[TEMPERATURE DATA] [PRECIPITATION DATA] SYMBOLS USED IN COLUMN 16
AVERAGE MONTHLY: 52.5 TOTAL FOR MONTH: 3.01 1 = FOG OR MIST
DPTR FM NORMAL: -0.7 DPTR FM NORMAL: -0.07 2 = FOG REDUCING VISIBILITY
HIGHEST: 76 ON 23,22 GRTST 24HR 0.94 ON 17-17 TO 1/4 MILE OR LESS
LOWEST: 30 ON 20 3 = THUNDER
SNOW, ICE PELLETS, HAIL 4 = ICE PELLETS
TOTAL MONTH: 2.7 INCHES 5 = HAIL
GRTST 24HR 2.7 ON 17-17 6 = FREEZING RAIN OR DRIZZLE
GRTST DEPTH: 2 ON 18 7 = DUSTSTORM OR SANDSTORM:
VSBY 1/2 MILE OR LESS
8 = SMOKE OR HAZE
[NO. OF DAYS WITH] [WEATHER - DAYS WITH] 9 = BLOWING SNOW
X = TORNADO
MAX 32 OR BELOW: 0 0.01 INCH OR MORE: 12
MAX 90 OR ABOVE: 0 0.10 INCH OR MORE: 8
MIN 32 OR BELOW: 3 0.50 INCH OR MORE: 2
MIN 0 OR BELOW: 0 1.00 INCH OR MORE: 0
[HDD (BASE 65) ]
TOTAL THIS MO. 382 CLEAR (SCALE 0-3) 0
DPTR FM NORMAL 5 PTCLDY (SCALE 4-7) 0
TOTAL FM JUL 1 494 CLOUDY (SCALE 8-10) 31
DPTR FM NORMAL -6
[CDD (BASE 65) ]
TOTAL THIS MO. 1
DPTR FM NORMAL -10 [PRESSURE DATA]
TOTAL FM JAN 1 807 HIGHEST SLP M ON M
DPTR FM NORMAL 63 LOWEST SLP M ON M
[REMARKS]
#FINAL-10-22#