000
CXUS53 KEAX 010736
CF6IXD
PRELIMINARY LOCAL CLIMATOLOGICAL DATA (WS FORM: F-6)
STATION: NEW CENTURY AIR CENTER KS
MONTH: APRIL
YEAR: 2023
LATITUDE: 38 49 N
LONGITUDE: 94 54 W
TEMPERATURE IN F: :PCPN: SNOW: WIND :SUNSHINE: SKY :PK WND
================================================================================
1 2 3 4 5 6A 6B 7 8 9 10 11 12 13 14 15 16 17 18
12Z AVG MX 2MIN
DY MAX MIN AVG DEP HDD CDD WTR SNW DPTH SPD SPD DIR MIN PSBL S-S WX SPD DR
================================================================================
1 58 34 46 -5 19 0 0.00 M M 12.9 35 280 M M 1 55 290
2 80 40 60 9 5 0 0.00 M M 13.3 31 220 M M 1 44 220
3 77 52 65 14 0 0 0.00 M M 8.7 22 50 M M 4 8 30 50
4 84 44 64 12 1 0 0.01 M M 18.3 30 330 M M 2 38 45 190
5 52 33 43 -9 22 0 T M M 12.5 24 290 M M 1 3 33 300
6 59 26 43 -9 22 0 0.00 M M 5.2 12 10 M M 0 8 17 330
7 67 33 50 -2 15 0 0.00 M M 7.6 15 140 M M 0 23 140
8 69 41 55 2 10 0 0.00 M M 9.2 17 160 M M 0 24 150
9 75 46 61 8 4 0 0.00 M M 10.2 20 160 M M 0 30 160
10 67 49 58 5 7 0 0.23 M M 9.9 21 120 M M 3 13 28 150
11 77 43 60 6 5 0 0.00 M M 9.6 20 200 M M 1 12 28 190
12 79 55 67 13 0 2 0.00 M M 14.0 29 200 M M 0 37 190
13 80 47 64 10 1 0 0.00 M M 11.5 23 150 M M 0 32 200
14 83 54 69 15 0 4 T M M 12.9 26 150 M M 1 35 190
15 70 43 57 2 8 0 0.65 M M 14.6 30 320 M M 10 135 40 300
16 61 38 50 -5 15 0 0.00 M M 19.1 33 310 M M 2 47 300
17 71 34 53 -2 12 0 0.00 M M 8.0 16 220 M M 0 8 22 230
18 82 49 66 10 0 1 0.00 M M 14.0 32 190 M M 0 45 180
19 79 63 71 15 0 6 0.00 M M 18.7 29 160 M M 6 3 44 190
20 70 43 57 1 8 0 0.69 M M 12.1 25 280 M M 5 13 40 190
21 60 41 51 -5 14 0 0.00 M M 11.9 24 280 M M 0 33 290
22 51 33 42 -15 23 0 0.00 M M 11.0 25 310 M M 3 33 340
23 57 30 44 -13 21 0 0.00 M M 6.7 16 340 M M 1 23 330
24 67 34 51 -6 14 0 0.00 M M 9.6 21 200 M M 0 27 190
25 68 39 54 -4 11 0 0.00 M M 6.9 13 240 M M 2 M M
26 67 44 56 -2 9 0 0.00 M M 8.1 16 80 M M 0 27 50
27 67 53 60 2 5 0 0.00 M M 5.0 13 120 M M 9 20 100
28 66 50 58 0 7 0 0.02 M M 8.2 20 320 M M 9 24 290
29 75 45 60 1 5 0 0.00 M M 10.5 36 340 M M 2 49 340
30 62 43 53 -6 12 0 0.00 M M 16.4 30 320 M M 1 45 300
================================================================================
SM 2080 1279 275 13 1.60 M 336.6 M 64
================================================================================
AV 69.3 42.6 11.2 FASTST M M 2 MAX(MPH)
MISC ----> 36 340 55 290
================================================================================
NOTES:
# LAST OF SEVERAL OCCURRENCES
COLUMN 17 PEAK WIND IN M.P.H.
PRELIMINARY LOCAL CLIMATOLOGICAL DATA (WS FORM: F-6) , PAGE 2
STATION: NEW CENTURY AIR CENTER KS
MONTH: APRIL
YEAR: 2023
LATITUDE: 38 49 N
LONGITUDE: 94 54 W
[TEMPERATURE DATA] [PRECIPITATION DATA] SYMBOLS USED IN COLUMN 16
AVERAGE MONTHLY: 56.0 TOTAL FOR MONTH: 1.60 1 = FOG OR MIST
DPTR FM NORMAL: 1.2 DPTR FM NORMAL: -2.16 2 = FOG REDUCING VISIBILITY
HIGHEST: 84 ON 4 GRTST 24HR 0.69 ON 20-20 TO 1/4 MILE OR LESS
LOWEST: 26 ON 6 3 = THUNDER
SNOW, ICE PELLETS, HAIL 4 = ICE PELLETS
TOTAL MONTH: M 5 = HAIL
GRTST 24HR M ON M 6 = FREEZING RAIN OR DRIZZLE
GRTST DEPTH: M ON M 7 = DUSTSTORM OR SANDSTORM:
VSBY 1/2 MILE OR LESS
8 = SMOKE OR HAZE
[NO. OF DAYS WITH] [WEATHER - DAYS WITH] 9 = BLOWING SNOW
X = TORNADO
MAX 32 OR BELOW: 0 0.01 INCH OR MORE: 5
MAX 90 OR ABOVE: 0 0.10 INCH OR MORE: 3
MIN 32 OR BELOW: 2 0.50 INCH OR MORE: 2
MIN 0 OR BELOW: 0 1.00 INCH OR MORE: 0
[HDD (BASE 65) ]
TOTAL THIS MO. 275 CLEAR (SCALE 0-3) 22
DPTR FM NORMAL -48 PTCLDY (SCALE 4-7) 5
TOTAL FM JUL 1 4608 CLOUDY (SCALE 8-10) 3
DPTR FM NORMAL -255
[CDD (BASE 65) ]
TOTAL THIS MO. 13
DPTR FM NORMAL -4 [PRESSURE DATA]
TOTAL FM JAN 1 13 HIGHEST SLP M ON M
DPTR FM NORMAL -8 LOWEST SLP 29.33 ON 4
[REMARKS]
#FINAL-04-23#