000
CXUS55 KRIW 010945
CF6JAC
PRELIMINARY LOCAL CLIMATOLOGICAL DATA (WS FORM: F-6)
STATION: JACKSON WY
MONTH: APRIL
YEAR: 2020
LATITUDE: 43 35 N
LONGITUDE: 110 44 W
TEMPERATURE IN F: :PCPN: SNOW: WIND :SUNSHINE: SKY :PK WND
================================================================================
1 2 3 4 5 6A 6B 7 8 9 10 11 12 13 14 15 16 17 18
12Z AVG MX 2MIN
DY MAX MIN AVG DEP HDD CDD WTR SNW DPTH SPD SPD DIR MIN PSBL S-S WX SPD DR
================================================================================
1 35 22 29 -3 36 0 T M M 9.6 25 190 M M 10 1 33 190
2 27 7 17 -16 48 0 T M M 9.4 15 300 M M 6 20 310
3 29 6 18 -15 47 0 T M M 7.4 14 210 M M 8 M M
4 39 18 29 -4 36 0 0.00 M M 10.5 18 180 M M 4 27 180
5 42 29 36 2 29 0 0.31 M M 5.6 18 180 M M 9 13 33 180
6 41 32 37 3 28 0 0.22 M M 8.5 20 200 M M 7 1 M M
7 45 33 39 5 26 0 0.13 M M 10.2 18 200 M M 7 1 32 220
8 52 26 39 4 26 0 T M M 5.8 10 290 M M 1 M M
9 54 19 37 2 28 0 0.00 M M 5.4 10 30 M M 0 M M
10 51 22 37 2 28 0 T M M 8.1 21 20 M M 2 M M
11 43 24 34 -2 31 0 0.24 M M 9.3 23 190 M M 9 1 31 190
12 32 14 23 -13 42 0 T M M 10.8 23 20 M M 4 25 10
13 28 3 16 -20 49 0 T M M 8.6 16 20 M M 6 33 320
14 35 7 21 -15 44 0 T M M 6.2 10 20 M M 7 1 23 240
15 36 23 30 -7 35 0 0.25 M M 11.6 28 20 M M 10 12 35 20
16 34 20 27 -10 38 0 T M M 13.4 27 10 M M 7 1 31 10
17 41 10 26 -11 39 0 0.00 M M 7.0 18 190 M M 2 24 190
18 48 15 32 -6 33 0 0.00 M M 4.7 12 240 M M 1 M M
19 47 25 36 -2 29 0 T M M 4.5 10 200 M M 6 30 340
20 55 24 40 2 25 0 0.00 M M 4.9 9 360 M M 3 M M
21 57 23 40 1 25 0 0.00 M M 5.6 13 330 M M 0 17 300
22 52 25 39 0 26 0 T M M 9.1 17 210 M M 5 31 210
23 41 33 37 -3 28 0 0.47 M 0 8.4 15 190 M M 10 13 M M
24 47 32 40 0 25 0 0.04 M M 4.9 12 230 M M 8 1 16 270
25 55 28 42 2 23 0 T M M 7.2 17 240 M M 5 12 22 240
26 55 36 46 6 19 0 0.13 M M 4.9 13 200 M M 8 30 260
27 59 32 46 5 19 0 0.05 M M 9.3 31 230 M M 6 44 230
28 59 32 46 5 19 0 T M M 7.3 15 250 M M 1 25 320
29 70 28 49 7 16 0 T M M 5.1 10 210 M M 0 M M
30 58 40 49 7 16 0 0.24 M M 9.4 16 200 M M 6 20 240
================================================================================
SM 1367 688 913 0 2.08 M 232.7 M 158
================================================================================
AV 45.6 22.9 7.8 FASTST M M 5 MAX(MPH)
MISC ----> # 31 230 # 44 230
================================================================================
NOTES:
# LAST OF SEVERAL OCCURRENCES
COLUMN 17 PEAK WIND IN M.P.H.
PRELIMINARY LOCAL CLIMATOLOGICAL DATA (WS FORM: F-6) , PAGE 2
STATION: JACKSON WY
MONTH: APRIL
YEAR: 2020
LATITUDE: 43 35 N
LONGITUDE: 110 44 W
[TEMPERATURE DATA] [PRECIPITATION DATA] SYMBOLS USED IN COLUMN 16
AVERAGE MONTHLY: 34.3 TOTAL FOR MONTH: 2.08 1 = FOG OR MIST
DPTR FM NORMAL: -2.8 DPTR FM NORMAL: 0.59 2 = FOG REDUCING VISIBILITY
HIGHEST: 70 ON 29 GRTST 24HR 0.47 ON 23-23 TO 1/4 MILE OR LESS
LOWEST: 3 ON 13 3 = THUNDER
SNOW, ICE PELLETS, HAIL 4 = ICE PELLETS
TOTAL MONTH: M 5 = HAIL
GRTST 24HR M ON M 6 = FREEZING RAIN OR DRIZZLE
GRTST DEPTH: 0 7 = DUSTSTORM OR SANDSTORM:
VSBY 1/2 MILE OR LESS
8 = SMOKE OR HAZE
[NO. OF DAYS WITH] [WEATHER - DAYS WITH] 9 = BLOWING SNOW
X = TORNADO
MAX 32 OR BELOW: 4 0.01 INCH OR MORE: 10
MAX 90 OR ABOVE: 0 0.10 INCH OR MORE: 8
MIN 32 OR BELOW: 26 0.50 INCH OR MORE: 0
MIN 0 OR BELOW: 0 1.00 INCH OR MORE: 0
[HDD (BASE 65) ]
TOTAL THIS MO. 913 CLEAR (SCALE 0-3) 9
DPTR FM NORMAL 74 PTCLDY (SCALE 4-7) 16
TOTAL FM JUL 1 8957 CLOUDY (SCALE 8-10) 5
DPTR FM NORMAL -173
[CDD (BASE 65) ]
TOTAL THIS MO. 0
DPTR FM NORMAL 0 [PRESSURE DATA]
TOTAL FM JAN 1 0 HIGHEST SLP 30.41 ON 29
DPTR FM NORMAL 0 LOWEST SLP 29.90 ON 19
[REMARKS]
#FINAL-04-20#