476
CXUS52 KJAX 010800
CF6JAX
PRELIMINARY LOCAL CLIMATOLOGICAL DATA (WS FORM: F-6)
STATION: JACKSONVILLE
MONTH: MARCH
YEAR: 2020
LATITUDE: 30 30 N
LONGITUDE: 81 42 W
TEMPERATURE IN F: :PCPN: SNOW: WIND :SUNSHINE: SKY :PK WND
================================================================================
1 2 3 4 5 6A 6B 7 8 9 10 11 12 13 14 15 16 17 18
12Z AVG MX 2MIN
DY MAX MIN AVG DEP HDD CDD WTR SNW DPTH SPD SPD DIR MIN PSBL S-S WX SPD DR
================================================================================
1 68 35 52 -7 13 0 0.00 0.0 0 3.3 14 110 M M 3 18 100
2 80 45 63 4 2 0 0.00 0.0 0 6.9 23 200 M M 8 32 180
3 83 62 73 14 0 8 0.00 0.0 0 10.9 24 250 M M 8 31 240
4 88 60 74 14 0 9 0.00 0.0 0 8.5 25 10 M M 8 1 29 10
5 87 59 73 13 0 8 1.21 0.0 0 12.0 31 240 M M 9 13 41 240
6 70 51 61 1 4 0 0.00 0.0 0 12.0 23 280 M M 7 1 30 300
7 61 40 51 -9 14 0 0.00 0.0 0 8.0 21 10 M M 1 25 20
8 68 40 54 -6 11 0 0.00 0.0 0 9.4 24 60 M M 7 29 60
9 77 50 64 4 1 0 0.01 0.0 0 6.3 25 140 M M 8 1 30 150
10 77 57 67 6 0 2 0.00 0.0 0 4.1 13 180 M M 8 14 190
11 83 56 70 9 0 5 0.00 0.0 0 3.5 15 240 M M 6 1 19 240
12 84 56 70 9 0 5 0.00 0.0 0 4.5 16 120 M M 7 18 120
13 86 56 71 10 0 6 0.00 0.0 0 3.4 13 300 M M 7 16 250
14 88 58 73 12 0 8 0.00 0.0 0 3.4 16 80 M M 6 18 80
15 90 61 76 14 0 11 0.00 0.0 0 4.8 21 50 M M 7 1 27 40
16 74 64 69 7 0 4 0.00 0.0 0 11.1 18 50 M M 9 22 50
17 85 62 74 12 0 9 0.01 0.0 0 5.3 18 30 M M 8 1 23 350
18 87 67 77 15 0 12 0.00 0.0 0 7.6 20 120 M M 5 24 120
19 86 61 74 12 0 9 0.00 0.0 0 6.9 17 140 M M 2 1 23 130
20 87 63 75 13 0 10 0.00 0.0 0 5.5 15 120 M M 3 1 19 200
21 89 61 75 12 0 10 0.00 0.0 0 3.9 14 260 M M 4 1 18 280
22 83 61 72 9 0 7 T 0.0 0 7.7 17 40 M M 7 18 22 40
23 88 66 77 14 0 12 0.00 0.0 0 5.1 14 80 M M 9 128 17 260
24 88 61 75 12 0 10 0.00 0.0 0 7.6 21 250 M M 6 12 29 250
25 91 70 81 18 0 16 0.00 0.0 0 11.0 24 270 M M 5 29 260
26 82 66 74 11 0 9 0.00 0.0 0 8.7 17 70 M M 5 22 70
27 90 64 77 13 0 12 0.00 0.0 0 5.2 13 200 M M 4 1 17 250
28 94 62 78 14 0 13 0.00 0.0 0 3.4 16 240 M M 3 19 240
29 91 63 77 13 0 12 0.00 0.0 0 4.5 14 240 M M 3 12 19 230
30 89 63 76 12 0 11 0.00 0.0 0 3.9 12 90 M M 5 1 14 90
31 89 64 77 13 0 12 0.50 0.0 0 9.7 28 240 M M 7 13 35 230
================================================================================
SM 2583 1804 45 230 1.73 0.0 208.1 M 185
================================================================================
AV 83.3 58.2 6.7 FASTST M M 6 MAX(MPH)
MISC ----> 31 240 41 240
================================================================================
NOTES:
# LAST OF SEVERAL OCCURRENCES
COLUMN 17 PEAK WIND IN M.P.H.
PRELIMINARY LOCAL CLIMATOLOGICAL DATA (WS FORM: F-6) , PAGE 2
STATION: JACKSONVILLE
MONTH: MARCH
YEAR: 2020
LATITUDE: 30 30 N
LONGITUDE: 81 42 W
[TEMPERATURE DATA] [PRECIPITATION DATA] SYMBOLS USED IN COLUMN 16
AVERAGE MONTHLY: 70.8 TOTAL FOR MONTH: 1.73 1 = FOG OR MIST
DPTR FM NORMAL: 9.1 DPTR FM NORMAL: -2.22 2 = FOG REDUCING VISIBILITY
HIGHEST: 94 ON 28 GRTST 24HR 1.21 ON 5- 5 TO 1/4 MILE OR LESS
LOWEST: 35 ON 1 3 = THUNDER
SNOW, ICE PELLETS, HAIL 4 = ICE PELLETS
TOTAL MONTH: 0.0 INCH 5 = HAIL
GRTST 24HR 0.0 6 = FREEZING RAIN OR DRIZZLE
GRTST DEPTH: 0 7 = DUSTSTORM OR SANDSTORM:
VSBY 1/2 MILE OR LESS
8 = SMOKE OR HAZE
[NO. OF DAYS WITH] [WEATHER - DAYS WITH] 9 = BLOWING SNOW
X = TORNADO
MAX 32 OR BELOW: 0 0.01 INCH OR MORE: 4
MAX 90 OR ABOVE: 5 0.10 INCH OR MORE: 2
MIN 32 OR BELOW: 0 0.50 INCH OR MORE: 2
MIN 0 OR BELOW: 0 1.00 INCH OR MORE: 1
[HDD (BASE 65) ]
TOTAL THIS MO. 45 CLEAR (SCALE 0-3) 3
DPTR FM NORMAL -111 PTCLDY (SCALE 4-7) 23
TOTAL FM JUL 1 808 CLOUDY (SCALE 8-10) 5
DPTR FM NORMAL -481
[CDD (BASE 65) ]
TOTAL THIS MO. 230
DPTR FM NORMAL 176 [PRESSURE DATA]
TOTAL FM JAN 1 350 HIGHEST SLP 30.57 ON 9
DPTR FM NORMAL 267 LOWEST SLP 29.60 ON 31
[REMARKS]
#FINAL-03-20#