000
CXUS52 KJAX 011426
CLMJAX
CLIMATE REPORT
NATIONAL WEATHER SERVICE JACKSONVILLE FL
926 AM EST FRI MAR 01 2024
...................................
...THE JACKSONVILLE CLIMATE SUMMARY FOR THE MONTH OF FEBRUARY 2024...
CLIMATE NORMAL PERIOD: 1991 TO 2020
CLIMATE RECORD PERIOD: 1871 TO 2024
WEATHER OBSERVED NORMAL DEPART LAST YEAR`S
VALUE DATE(S) VALUE FROM VALUE DATE(S)
NORMAL
................................................................
TEMPERATURE (F)
RECORD
HIGH 89 02/13/2020
LOW 10 02/13/1899
HIGHEST 83 02/28 83 0 88 02/23
02/24
LOWEST 36 02/20 28 8 38 02/14
02/22
02/18
AVG. MAXIMUM 69.6 68.9 0.7 78.9
AVG. MINIMUM 45.3 46.1 -0.8 52.2
MEAN 57.5 57.5 -0.0 65.5
DAYS MAX >= 90 0 0.0 0.0 0
DAYS MIN <= 32 0 2.7 -2.7 0
PRECIPITATION (INCHES)
RECORD
MAXIMUM 11.12 1998
MINIMUM 0.13 1911
TOTALS 2.44 2.86 -0.42 1.42
DAILY AVG. 0.08 NAN NAN 0.05
DAYS >= .01 6 7.7 -1.7 5
DAYS >= .10 4 4.8 -0.8 4
DAYS >= .50 4 2.0 2.0 1
DAYS >= 1.00 0 0.8 -0.8 0
GREATEST
24 HR. TOTAL 1.07 02/17 TO 02/18
SNOWFALL (INCHES)
RECORDS
TOTAL 1.9 1899
TOTALS T 0.0 0.0 0.0
DEGREE DAYS
HEATING TOTAL 224 234 -10 82
SINCE 7/1 960 1051 -91 MM
COOLING TOTAL 15 24 -9 104
SINCE 1/1 40 39 1 MM
................................................................
WIND (MPH)
AVERAGE WIND SPEED 6.9
HIGHEST WIND SPEED/DIRECTION 32/220 DATE 02/12
HIGHEST GUST SPEED/DIRECTION 46/210 DATE 02/12
SKY COVER
AVERAGE SKY COVER 0.52
AVERAGE RH (PERCENT) 66
WEATHER CONDITIONS. NUMBER OF DAYS WITH
THUNDERSTORM 2 MIXED PRECIP 0
HEAVY RAIN 2 RAIN 5
LIGHT RAIN 8 FREEZING RAIN 0
LT FREEZING RAIN 0 HAIL 1
HEAVY SNOW 0 SNOW 0
LIGHT SNOW 0 SLEET 0
FOG 7 FOG W/VIS <= 1/4 MILE 1
HAZE 2
- INDICATES NEGATIVE NUMBERS.
R INDICATES RECORD WAS SET OR TIED.
MM INDICATES DATA IS MISSING.
T INDICATES TRACE AMOUNT.
$$