000
CXUS54 KFWD 010731
CF6JWY
PRELIMINARY LOCAL CLIMATOLOGICAL DATA (WS FORM: F-6)
STATION: WAXAHACHIE
MONTH: APRIL
YEAR: 2021
LATITUDE: 32 27 N
LONGITUDE: 96 54 W
TEMPERATURE IN F: :PCPN: SNOW: WIND :SUNSHINE: SKY :PK WND
================================================================================
1 2 3 4 5 6A 6B 7 8 9 10 11 12 13 14 15 16 17 18
12Z AVG MX 2MIN
DY MAX MIN AVG DEP HDD CDD WTR SNW DPTH SPD SPD DIR MIN PSBL S-S WX SPD DR
================================================================================
1 67 34 51 -9 14 0 0.00 M M 2.3 8 100 M M 1 M M
2 68 40 54 -6 11 0 0.00 M M 5.0 10 150 M M 3 23 160
3 68 53 61 1 4 0 0.00 M M 7.9 14 150 M M 10 20 150
4 73 55 64 3 1 0 0.00 M M 6.0 12 190 M M 8 17 170
5 77 54 66 5 0 1 0.00 M M 8.0 22 180 M M 4 1 26 180
6 81 62 72 11 0 7 0.00 M M 15.4 24 170 M M 7 32 180
7 79 52 66 4 0 1 0.00 M M 11.0 18 300 M M 4 28 300
8 83 47 65 3 0 0 0.00 M M 3.8 14 180 M M 2 20 180
9 85 62 74 12 0 9 0.19 M M 10.1 20 320 M M 5 18 26 320
10 72 47 60 -2 5 0 0.00 M M 9.2 17 320 M M 0 24 330
11 85 43 64 1 1 0 0.00 M M 6.0 16 210 M M 1 21 170
12 85 55 70 7 0 5 0.00 0.0 M 4.9 12 180 M M 1 18 170
13 80 55 68 5 0 3 0.00 M M 6.6 12 350 M M 7 22 10
14 74 58 66 2 0 1 0.00 M M 7.9 16 360 M M 9 21 360
15 62 54 58 -6 7 0 1.11 M M 6.1 12 60 M M 10 13 20 110
16 60 51 56 -8 9 0 0.82 M M 4.9 15 340 M M 10 1 29 140
17 60 47 54 -10 11 0 0.00 M M 11.5 17 340 M M 5 24 350
18 67 41 54 -11 11 0 0.00 M M 6.0 15 330 M M 1 21 330
19 72 41 57 -8 8 0 0.00 M M 2.2 8 210 M M 0 M M
20 64 40 52 -13 13 0 0.00 M M 10.5 22 350 M M 1 31 340
21 60 33 47 -19 18 0 0.00 M M 2.7 9 40 M M 6 M M
22 65 47 56 -10 9 0 M M M 3.0 9 90 M M 10 M M
23 69 59 64 -2 1 0 0.52 M M 5.9 13 160 M M 10 1 24 170
24 74 52 63 -3 2 0 0.01 M M 7.7 15 330 M M 5 1 24 180
25 80 49 65 -2 0 0 0.00 M M 6.8 13 150 M M 1 1 21 170
26 81 63 72 5 0 7 0.00 M M 11.2 17 160 M M 2 23 160
27 74 67 71 4 0 6 0.01 M M 11.2 17 180 M M 9 25 150
28 81 72 77 9 0 12 0.00 M M 9.6 18 180 M M 8 29 180
29 74 65 70 2 0 5 2.59 M M 7.9 13 360 M M 10 1 22 350
30 67 60 64 -4 1 0 2.47 M M 7.1 12 50 M M 10 1 20 10
================================================================================
SM 2187 1558 126 57 7.72 0.0 218.5 M 160
================================================================================
AV 72.9 51.9 7.3 FASTST M M 5 MAX(MPH)
MISC ----> 24 170 32 180
================================================================================
NOTES:
# LAST OF SEVERAL OCCURRENCES
COLUMN 17 PEAK WIND IN M.P.H.
PRELIMINARY LOCAL CLIMATOLOGICAL DATA (WS FORM: F-6) , PAGE 2
STATION: WAXAHACHIE
MONTH: APRIL
YEAR: 2021
LATITUDE: 32 27 N
LONGITUDE: 96 54 W
[TEMPERATURE DATA] [PRECIPITATION DATA] SYMBOLS USED IN COLUMN 16
AVERAGE MONTHLY: 62.4 TOTAL FOR MONTH: 7.72 1 = FOG OR MIST
DPTR FM NORMAL: -1.5 DPTR FM NORMAL: 4.38 2 = FOG REDUCING VISIBILITY
HIGHEST: 85 ON 12,11 GRTST 24HR 2.59 ON 29-29 TO 1/4 MILE OR LESS
LOWEST: 33 ON 21 3 = THUNDER
SNOW, ICE PELLETS, HAIL 4 = ICE PELLETS
TOTAL MONTH: 0.0 INCH 5 = HAIL
GRTST 24HR 0.0 6 = FREEZING RAIN OR DRIZZLE
GRTST DEPTH: M ON M 7 = DUSTSTORM OR SANDSTORM:
VSBY 1/2 MILE OR LESS
8 = SMOKE OR HAZE
[NO. OF DAYS WITH] [WEATHER - DAYS WITH] 9 = BLOWING SNOW
X = TORNADO
MAX 32 OR BELOW: 0 0.01 INCH OR MORE: 8
MAX 90 OR ABOVE: 0 0.10 INCH OR MORE: 6
MIN 32 OR BELOW: 0 0.50 INCH OR MORE: 5
MIN 0 OR BELOW: 0 1.00 INCH OR MORE: 3
[HDD (BASE 65) ]
TOTAL THIS MO. 126 CLEAR (SCALE 0-3) 10
DPTR FM NORMAL 21 PTCLDY (SCALE 4-7) 11
TOTAL FM JUL 1 2163 CLOUDY (SCALE 8-10) 9
DPTR FM NORMAL -359
[CDD (BASE 65) ]
TOTAL THIS MO. 57
DPTR FM NORMAL -17 [PRESSURE DATA]
TOTAL FM JAN 1 83 HIGHEST SLP M ON M
DPTR FM NORMAL -8 LOWEST SLP M ON M
[REMARKS]
#FINAL-04-21#