000
CXUS53 KGRR 011305
CLMJXN
CLIMATE REPORT
NATIONAL WEATHER SERVICE GRAND RAPIDS, MICHIGAN
905 AM EDT FRI SEP 01 2023
...................................
...THE JACKSON CLIMATE SUMMARY FOR THE MONTH OF AUGUST 2023...
CLIMATE NORMAL PERIOD: 1991 TO 2020
CLIMATE RECORD PERIOD: 1944 TO 2023
WEATHER OBSERVED NORMAL DEPART LAST YEAR`S
VALUE DATE(S) VALUE FROM VALUE DATE(S)
NORMAL
................................................................
TEMPERATURE (F)
HIGHEST 90 08/23 MM MM 93 08/03
LOWEST 43 08/31 MM MM 47 08/12
AVG. MAXIMUM 78.3 80.4 -2.1 81.2
AVG. MINIMUM 57.0 59.4 -2.4 59.1
MEAN 67.7 69.9 -2.2 70.1
DAYS MAX >= 90 1 1.4 -0.4 2
DAYS MAX <= 32 0 0.0 0.0 0
DAYS MIN <= 32 0 0.0 0.0 0
DAYS MIN <= 0 0 0.0 0.0 0
PRECIPITATION (INCHES)
TOTALS 4.16 3.81 0.35 4.31
DAILY AVG. 0.13 0.12 0.01 0.14
DAYS >= .01 9 9.9 -0.9 9
DAYS >= .10 7 6.5 0.5 6
DAYS >= .50 3 2.5 0.5 4
DAYS >= 1.00 2 1.0 1.0 1
GREATEST
24 HR. TOTAL 1.14 08/14 TO 08/15
DEGREE DAYS
HEATING TOTAL 24 18 6 10
SINCE 7/1 24 23 1 MM
COOLING TOTAL 113 170 -57 177
SINCE 1/1 394 564 -170 MM
................................................................
WIND (MPH)
AVERAGE WIND SPEED 5.7
RESULTANT WIND SPEED/DIRECTION 1/250
HIGHEST WIND SPEED/DIRECTION 36/330 DATE 08/24
HIGHEST GUST SPEED/DIRECTION 64/330 DATE 08/24
SKY COVER
POSSIBLE SUNSHINE (PERCENT) MM
AVERAGE SKY COVER 0.32
NUMBER OF DAYS FAIR 20
NUMBER OF DAYS PC 7
NUMBER OF DAYS CLOUDY 4
AVERAGE RH (PERCENT) 76
WEATHER CONDITIONS. NUMBER OF DAYS WITH
THUNDERSTORM 7 MIXED PRECIP 0
HEAVY RAIN 6 RAIN 4
LIGHT RAIN 9 FREEZING RAIN 0
LT FREEZING RAIN 0 HAIL 0
HEAVY SNOW 0 SNOW 0
LIGHT SNOW 0 SLEET 0
FOG 22 FOG W/VIS <= 1/4 MILE 7
HAZE 4
- INDICATES NEGATIVE NUMBERS.
R INDICATES RECORD WAS SET OR TIED.
MM INDICATES DATA IS MISSING.
T INDICATES TRACE AMOUNT.
$$