000
CXUS53 KGID 011227
CF6JYR
PRELIMINARY LOCAL CLIMATOLOGICAL DATA (WS FORM: F-6)
STATION: YORK NE
MONTH: MAY
YEAR: 2023
LATITUDE: 40 54 N
LONGITUDE: 97 37 W
TEMPERATURE IN F: :PCPN: SNOW: WIND :SUNSHINE: SKY :PK WND
================================================================================
1 2 3 4 5 6A 6B 7 8 9 10 11 12 13 14 15 16 17 18
12Z AVG MX 2MIN
DY MAX MIN AVG DEP HDD CDD WTR SNW DPTH SPD SPD DIR MIN PSBL S-S WX SPD DR
================================================================================
1 63 32 48 M 17 0 0.00 M M 13.5 22 330 M M 0 30 340
2 64 34 49 M 16 0 0.00 M M 8.9 16 360 M M 0 24 350
3 73 34 54 M 11 0 0.00 M M 2.9 9 160 M M 0 15 0
4 79 48 64 M 1 0 0.00 M M 12.3 18 160 M M 0 27 160
5 72 55 64 M 1 0 0.04 M M 7.1 14 170 M M 6 1 13 0
6 77 55 66 M 0 1 0.00 M M 7.3 15 110 M M 5 28 350
7 84 52 68 M 0 3 0.12 M M 10.8 23 30 M M 3 13 32 360
8 82 52 67 M 0 2 0.00 M M 4.5 12 50 M M 0 16 0
9 70 59 65 M 0 0 0.06 M M 10.5 24 130 M M 1 1 37 130
10 81 55 68 M 0 3 0.00 M M 6.9 16 160 M M 0 8 20 140
11 79 61 70 M 0 5 0.02 M M 11.7 23 110 M M 5 1 29 120
12 82 59 71 M 0 6 0.00 M M 12.3 25 180 M M 7 1 38 200
13 77 54 66 M 0 1 0.00 M M 8.0 16 260 M M 4 1 21 260
14 63 54 59 M 6 0 0.00 M M 10.8 20 10 M M 9 1 27 10
15 54 50 52 M 13 0 0.02 M M 10.7 15 20 M M 10 1 18 20
16 75 54 65 M 0 0 0.00 M M 1.1 8 320 M M 5 16 0
17 82 46 64 M 1 0 0.00 M M 0.8 8 160 M M 0 15 140
18 79 52 66 M 0 1 0.00 M M 1.8 9 360 M M 4 8 18 360
19 66 45 56 M 9 0 0.00 M M 14.1 27 10 M M 2 8 33 10
20 73 37 55 M 10 0 0.00 M M 0.2 5 99 M M 0 12 0
21 81 46 64 M 1 0 0.00 M M 4.1 12 220 M M 0 18 190
22 81 54 68 M 0 3 0.00 M M 2.9 10 180 M M 2 21 160
23 81 54 68 M 0 3 0.00 M M 3.1 10 190 M M 3 18 180
24 84 54 69 M 0 4 0.00 M M 2.1 12 150 M M 2 18 140
25 82 54 68 M 0 3 0.00 M M 8.4 23 140 M M 2 30 140
26 82 57 70 M 0 5 0.00 M M 12.4 18 130 M M 1 28 130
27 82 54 68 M 0 3 0.00 M M 8.6 15 160 M M 1 23 140
28 79 57 68 M 0 3 0.00 M M 10.5 17 160 M M 4 25 160
29 86 57 72 M 0 7 0.00 M M 9.4 16 180 M M 1 24 180
30 86 59 73 M 0 8 0.08 M M 5.0 15 300 M M 2 3 24 0
31 88 59 74 M 0 9 0.00 M M 3.6 15 140 M M 1 18 140
================================================================================
SM 2387 1593 86 70 0.34 M 226.3 M 80
================================================================================
AV 77.0 51.4 7.3 FASTST M M 3 MAX(MPH)
MISC ----> 27 10 38 200
================================================================================
NOTES:
# LAST OF SEVERAL OCCURRENCES
COLUMN 17 PEAK WIND IN M.P.H.
PRELIMINARY LOCAL CLIMATOLOGICAL DATA (WS FORM: F-6) , PAGE 2
STATION: YORK NE
MONTH: MAY
YEAR: 2023
LATITUDE: 40 54 N
LONGITUDE: 97 37 W
[TEMPERATURE DATA] [PRECIPITATION DATA] SYMBOLS USED IN COLUMN 16
AVERAGE MONTHLY: 64.2 TOTAL FOR MONTH: 0.34 1 = FOG OR MIST
DPTR FM NORMAL: M DPTR FM NORMAL: M 2 = FOG REDUCING VISIBILITY
HIGHEST: 88 ON 31 GRTST 24HR 0.12 ON 7- 7 TO 1/4 MILE OR LESS
LOWEST: 32 ON 1 3 = THUNDER
SNOW, ICE PELLETS, HAIL 4 = ICE PELLETS
TOTAL MONTH: M 5 = HAIL
GRTST 24HR M ON M 6 = FREEZING RAIN OR DRIZZLE
GRTST DEPTH: M ON M 7 = DUSTSTORM OR SANDSTORM:
VSBY 1/2 MILE OR LESS
8 = SMOKE OR HAZE
[NO. OF DAYS WITH] [WEATHER - DAYS WITH] 9 = BLOWING SNOW
X = TORNADO
MAX 32 OR BELOW: 0 0.01 INCH OR MORE: 6
MAX 90 OR ABOVE: 0 0.10 INCH OR MORE: 1
MIN 32 OR BELOW: 1 0.50 INCH OR MORE: 0
MIN 0 OR BELOW: 0 1.00 INCH OR MORE: 0
[HDD (BASE 65) ]
TOTAL THIS MO. 86 CLEAR (SCALE 0-3) 21
DPTR FM NORMAL M PTCLDY (SCALE 4-7) 8
TOTAL FM JUL 1 6242 CLOUDY (SCALE 8-10) 2
DPTR FM NORMAL M
[CDD (BASE 65) ]
TOTAL THIS MO. 70
DPTR FM NORMAL M [PRESSURE DATA]
TOTAL FM JAN 1 81 HIGHEST SLP M ON M
DPTR FM NORMAL M LOWEST SLP M ON M
[REMARKS]
#FINAL-05-23#