000
CXUS55 KPUB 011310
CF6LAA
PRELIMINARY LOCAL CLIMATOLOGICAL DATA (WS FORM: F-6)
STATION: LAMAR CO
MONTH: DECEMBER
YEAR: 2022
LATITUDE: 38 4 N
LONGITUDE: 102 41 W
TEMPERATURE IN F: :PCPN: SNOW: WIND :SUNSHINE: SKY :PK WND
================================================================================
1 2 3 4 5 6A 6B 7 8 9 10 11 12 13 14 15 16 17 18
12Z AVG MX 2MIN
DY MAX MIN AVG DEP HDD CDD WTR SNW DPTH SPD SPD DIR MIN PSBL S-S WX SPD DR
================================================================================
1 70 15 43 8 22 0 0.00 M M 7.6 17 190 M M 0 20 190
2 68 13 41 7 24 0 0.00 M M 21.9 47 280 M M 3 8 68 270
3 51 7 29 -5 36 0 0.00 M M 7.6 22 180 M M 0 30 180
4 50 27 39 5 26 0 0.00 M M 4.8 12 240 M M 0 16 240
5 66 20 43 10 22 0 0.00 M M 6.0 22 70 M M 0 29 80
6 53 13 33 0 32 0 0.00 M M 4.7 13 150 M M 0 15 150
7 55 16 36 3 29 0 0.00 M M 6.9 16 130 M M 1 1 23 110
8 59 12 36 4 29 0 0.00 M M 8.5 31 290 M M 3 12 41 280
9 53 5 29 -3 36 0 0.00 M M 8.1 22 180 M M 0 30 180
10 50 10 30 -2 35 0 0.00 M M 6.9 14 160 M M 0 20 140
11 61 11 36 5 29 0 0.00 M M 5.8 14 140 M M 0 21 180
12 58 17 38 7 27 0 0.00 M M 10.1 28 200 M M 1 40 200
13 44 14 29 -2 36 0 0.02 M M 15.6 33 300 M M 6 1 45 300
14 34 12 23 -8 42 0 0.00 M M 8.1 15 300 M M 6 1 19 290
15 37 4 21 -9 44 0 0.00 M M 8.5 22 350 M M 4 30 360
16 38 2 20 -10 45 0 0.00 M M 11.0 30 330 M M 1 40 330
17 40 -7 17 -13 48 0 0.00 M M 5.0 12 140 M M 0 14 300
18 35 -3 16 -14 49 0 0.00 M M 6.4 12 280 M M 0 15 290
19 41 6 24 -6 41 0 0.00 M M 7.6 20 280 M M 0 26 290
20 37 -1 18 -12 47 0 0.00 M M 7.2 16 90 M M 0 21 90
21 54 -2 26 -4 39 0 T M M 10.6 39 20 M M 2 8 54 360
22 4 -10 -3 -32 68 0 T M M 14.2 26 360 M M 5 36 360
23 19 -10 5 -24 60 0 0.00 M M 6.5 15 260 M M 0 8 19 260
24 39 -1 19 -10 46 0 0.00 M M 7.6 17 270 M M 1 22 280
25 48 7 28 -1 37 0 0.00 M M 6.6 18 270 M M 2 23 250
26 49 17 33 4 32 0 T M M 5.7 13 290 M M 4 18 280
27 71 17 44 15 21 0 0.00 M M 6.3 13 230 M M 0 16 240
28 59 30 45 16 20 0 0.00 M M 7.2 17 80 M M 4 24 70
29 46 10 28 -1 37 0 0.04 M M 11.6 29 360 M M 4 1 42 350
30 48 8 28 -1 37 0 0.00 M M 3.2 12 130 M M 0 14 140
31 64 15 40 11 25 0 0.00 M M 5.6 14 140 M M 0 16 140
================================================================================
SM 1501 274 1121 0 0.06 M 253.4 M 47
================================================================================
AV 48.4 8.8 8.2 FASTST M M 2 MAX(MPH)
MISC ----> 47 280 68 270
================================================================================
NOTES:
# LAST OF SEVERAL OCCURRENCES
COLUMN 17 PEAK WIND IN M.P.H.
PRELIMINARY LOCAL CLIMATOLOGICAL DATA (WS FORM: F-6) , PAGE 2
STATION: LAMAR CO
MONTH: DECEMBER
YEAR: 2022
LATITUDE: 38 4 N
LONGITUDE: 102 41 W
[TEMPERATURE DATA] [PRECIPITATION DATA] SYMBOLS USED IN COLUMN 16
AVERAGE MONTHLY: 28.6 TOTAL FOR MONTH: 0.06 1 = FOG OR MIST
DPTR FM NORMAL: -2.3 DPTR FM NORMAL: -0.07 2 = FOG REDUCING VISIBILITY
HIGHEST: 71 ON 27 GRTST 24HR 0.04 ON 29-29 TO 1/4 MILE OR LESS
LOWEST: -10 ON 23,22 3 = THUNDER
SNOW, ICE PELLETS, HAIL 4 = ICE PELLETS
TOTAL MONTH: M 5 = HAIL
GRTST 24HR M ON M 6 = FREEZING RAIN OR DRIZZLE
GRTST DEPTH: M ON M 7 = DUSTSTORM OR SANDSTORM:
VSBY 1/2 MILE OR LESS
8 = SMOKE OR HAZE
[NO. OF DAYS WITH] [WEATHER - DAYS WITH] 9 = BLOWING SNOW
X = TORNADO
MAX 32 OR BELOW: 2 0.01 INCH OR MORE: 2
MAX 90 OR ABOVE: 0 0.10 INCH OR MORE: 0
MIN 32 OR BELOW: 31 0.50 INCH OR MORE: 0
MIN 0 OR BELOW: 7 1.00 INCH OR MORE: 0
[HDD (BASE 65) ]
TOTAL THIS MO. 1121 CLEAR (SCALE 0-3) 23
DPTR FM NORMAL 64 PTCLDY (SCALE 4-7) 8
TOTAL FM JUL 1 2327 CLOUDY (SCALE 8-10) 0
DPTR FM NORMAL 124
[CDD (BASE 65) ]
TOTAL THIS MO. 0
DPTR FM NORMAL 0 [PRESSURE DATA]
TOTAL FM JAN 1 1456 HIGHEST SLP 30.79 ON 23
DPTR FM NORMAL 141 LOWEST SLP 29.28 ON 28
[REMARKS]
#FINAL-12-22#