000
CXUS53 KIND 010600
CF6LAF
PRELIMINARY LOCAL CLIMATOLOGICAL DATA (WS FORM: F-6)
STATION: LAFAYETTE IN
MONTH: OCTOBER
YEAR: 2022
LATITUDE: 40 25 N
LONGITUDE: 86 56 W
TEMPERATURE IN F: :PCPN: SNOW: WIND :SUNSHINE: SKY :PK WND
================================================================================
1 2 3 4 5 6A 6B 7 8 9 10 11 12 13 14 15 16 17 18
12Z AVG MX 2MIN
DY MAX MIN AVG DEP HDD CDD WTR SNW DPTH SPD SPD DIR MIN PSBL S-S WX SPD DR
================================================================================
1 74 44 59 -1 6 0 0.00 M M 8.7 17 50 M M 0 23 40
2 73 49 61 2 4 0 0.00 M M 9.2 18 40 M M 0 25 60
3 71 40 56 -3 9 0 0.00 M M 5.2 14 60 M M 0 17 40
4 73 35 54 -5 11 0 0.00 M M 1.3 9 30 M M 0 1 13 30
5 76 38 57 -1 8 0 0.00 M M 1.2 7 280 M M 0 1 10 270
6 76 50 63 5 2 0 T M M 4.8 21 360 M M 5 32 360
7 59 37 48 -9 17 0 0.00 M M 8.6 18 360 M M 5 24 360
8 59 30 45 -12 20 0 0.00 M M 4.9 16 270 M M 0 12 24 290
9 69 32 51 -6 14 0 0.00 M M 5.8 18 240 M M 2 26 230
10 77 41 59 3 6 0 0.00 M M 3.2 13 270 M M 1 20 220
11 69 53 61 5 4 0 0.01 M M 4.8 17 230 M M 7 1 28 230
12 67 43 55 0 10 0 0.10 M M 7.1 22 230 M M 9 12 38 220
13 61 37 49 -6 16 0 T M M 8.1 28 280 M M 5 40 280
14 65 31 48 -7 17 0 0.16 M M 7.2 28 270 M M 3 1 39 330
15 55 34 45 -9 20 0 0.00 M M 6.3 15 270 M M 3 1 22 280
16 63 38 51 -3 14 0 0.00 M M 7.8 22 290 M M 4 30 270
17 44 36 40 -13 25 0 0.00 M M 13.8 24 290 M M 7 36 330
18 46 33 40 -13 25 0 0.00 M M 13.0 23 320 M M 8 31 300
19 51 30 41 -11 24 0 0.00 M M 10.4 21 270 M M 1 31 260
20 62 26 44 -8 21 0 0.00 M M 6.5 17 250 M M 2 27 250
21 75 45 60 8 5 0 0.00 M M 8.1 22 210 M M 0 35 180
22 79 48 64 13 1 0 0.00 M M 7.1 20 190 M M 0 29 200
23 79 61 70 19 0 5 0.00 M M 9.2 23 190 M M 2 37 180
24 78 57 68 18 0 3 0.00 M M 7.7 18 190 M M 0 30 150
25 68 58 63 13 2 0 1.10 M M 6.7 15 180 M M 8 1 25 190
26 59 39 49 -1 16 0 0.19 M M 9.6 18 300 M M 6 1 29 20
27 53 33 43 -6 22 0 0.00 M M 7.4 16 80 M M 0 1 20 70
28 62 39 51 2 14 0 0.00 M M 6.0 14 60 M M 0 19 90
29 69 36 53 5 12 0 0.00 M M 4.8 13 120 M M 0 8 17 120
30 62 42 52 4 13 0 0.01 M M 5.3 10 130 M M 4 M M
31 60 56 58 10 7 0 0.18 M M 6.1 10 190 M M 10 1 18 230
================================================================================
SM 2034 1271 365 8 1.75 M 215.9 M 92
================================================================================
AV 65.6 41.0 7.0 FASTST M M 3 MAX(MPH)
MISC ----> # 28 280 40 280
================================================================================
NOTES:
# LAST OF SEVERAL OCCURRENCES
COLUMN 17 PEAK WIND IN M.P.H.
PRELIMINARY LOCAL CLIMATOLOGICAL DATA (WS FORM: F-6) , PAGE 2
STATION: LAFAYETTE IN
MONTH: OCTOBER
YEAR: 2022
LATITUDE: 40 25 N
LONGITUDE: 86 56 W
[TEMPERATURE DATA] [PRECIPITATION DATA] SYMBOLS USED IN COLUMN 16
AVERAGE MONTHLY: 53.3 TOTAL FOR MONTH: 1.75 1 = FOG OR MIST
DPTR FM NORMAL: -0.4 DPTR FM NORMAL: -1.16 2 = FOG REDUCING VISIBILITY
HIGHEST: 79 ON 23,22 GRTST 24HR 1.29 ON 25-26 TO 1/4 MILE OR LESS
LOWEST: 26 ON 20 3 = THUNDER
SNOW, ICE PELLETS, HAIL 4 = ICE PELLETS
TOTAL MONTH: M 5 = HAIL
GRTST 24HR M ON M 6 = FREEZING RAIN OR DRIZZLE
GRTST DEPTH: M ON M 7 = DUSTSTORM OR SANDSTORM:
VSBY 1/2 MILE OR LESS
8 = SMOKE OR HAZE
[NO. OF DAYS WITH] [WEATHER - DAYS WITH] 9 = BLOWING SNOW
X = TORNADO
MAX 32 OR BELOW: 0 0.01 INCH OR MORE: 7
MAX 90 OR ABOVE: 0 0.10 INCH OR MORE: 5
MIN 32 OR BELOW: 5 0.50 INCH OR MORE: 1
MIN 0 OR BELOW: 0 1.00 INCH OR MORE: 1
[HDD (BASE 65) ]
TOTAL THIS MO. 365 CLEAR (SCALE 0-3) 18
DPTR FM NORMAL 0 PTCLDY (SCALE 4-7) 11
TOTAL FM JUL 1 456 CLOUDY (SCALE 8-10) 2
DPTR FM NORMAL -3
[CDD (BASE 65) ]
TOTAL THIS MO. 8
DPTR FM NORMAL -8 [PRESSURE DATA]
TOTAL FM JAN 1 1111 HIGHEST SLP M ON M
DPTR FM NORMAL 228 LOWEST SLP 29.56 ON 25
[REMARKS]
#FINAL-10-22#