000
CXUS52 KTBW 170957
CF6LAL
PRELIMINARY LOCAL CLIMATOLOGICAL DATA (WS FORM: F-6)
STATION: LAKELAND LINDER
MONTH: JANUARY
YEAR: 2022
LATITUDE: 28 0 N
LONGITUDE: 82 3 W
TEMPERATURE IN F: :PCPN: SNOW: WIND :SUNSHINE: SKY :PK WND
================================================================================
1 2 3 4 5 6A 6B 7 8 9 10 11 12 13 14 15 16 17 18
12Z AVG MX 2MIN
DY MAX MIN AVG DEP HDD CDD WTR SNW DPTH SPD SPD DIR MIN PSBL S-S WX SPD DR
================================================================================
1 85 62 74 13 0 9 0.00 0.0 0 4.4 13 180 M M 4 12 17 180
2 85 67 76 15 0 11 0.00 0.0 0 8.5 13 210 M M 5 1 21 210
3 81 61 71 10 0 6 0.02 0.0 0 10.5 20 300 M M 3 28 300
4 74 45 60 0 5 0 0.00 0.0 0 6.4 10 70 M M 2 M M
5 73 59 66 6 0 1 0.00 0.0 0 4.5 10 330 M M 6 M M
6 74 50 62 2 3 0 0.00 0.0 0 1.6 7 220 M M 4 M M
7 78 52 65 5 0 0 0.00 0.0 0 5.5 18 90 M M 4 M M
8 79 57 68 8 0 3 0.00 0.0 0 9.2 16 90 M M 1 21 90
9 81 63 72 12 0 7 0.00 0.0 0 7.8 17 110 M M 3 18 130
10 82 60 71 11 0 6 0.00 0.0 0 4.6 16 30 M M 5 22 40
11 82 50 66 6 0 1 0.00 0.0 0 12.2 16 60 M M 4 25 50
12 73 50 62 2 3 0 0.00 0.0 0 6.5 13 80 M M 3 M M
13 73 55 64 4 1 0 0.00 0.0 0 5.2 14 310 M M 4 21 320
14 70 46 58 -2 7 0 0.00 0.0 0 4.4 12 290 M M 0 20 330
15 74 43 59 -1 6 0 0.00 0.0 0 3.3 15 140 M M 3 21 140
16 73 60 67 7 0 2 0.25 0.0 0 14.5 22 280 M M 7 13 32 170
17 63 55 59 -2 6 0 0.00 0.0 0 11.0 20 310 M M 7 29 300
18 61 38 50 -11 15 0 0.00 0.0 0 3.5 9 60 M M 0 M M
19 74 42 58 -3 7 0 0.00 0.0 0 3.5 9 150 M M 2 M M
20 80 49 65 4 0 0 0.00 0.0 0 3.9 15 210 M M 2 25 210
21 77 54 66 5 0 1 0.00 0.0 0 1.8 14 20 M M 2 M M
22 74 48 61 0 4 0 T 0.0 0 9.3 15 40 M M 10 17 10
23 53 43 48 -13 17 0 0.01 0.0 0 6.9 10 300 M M 8 1 M M
24 63 31 47 -14 18 0 0.00 0.0 0 2.1 7 300 M M 0 1 M M
25 61 46 54 -7 11 0 0.42 0.0 0 4.5 9 140 M M 8 1 M M
26 60 49 55 -6 10 0 0.16 0.0 0 8.0 12 30 M M 10 1 M M
27 71 57 64 3 1 0 0.01 0.0 0 10.9 14 20 M M 10 21 50
28 71 53 62 1 3 0 0.00 0.0 0 7.7 20 310 M M 6 1 27 310
29 67 40 54 -8 11 0 0.00 0.0 0 12.5 25 330 M M 2 38 310
30 57 30 44 -18 21 0 0.00 0.0 0 3.6 12 30 M M 0 M M
31 69 31 50 -12 15 0 0.00 0.0 0 1.2 7 270 M M 0 M M
================================================================================
SM 2238 1546 164 47 0.87 0.0 199.5 M 125
================================================================================
AV 72.2 49.9 6.4 FASTST M M 4 MAX(MPH)
MISC ----> 25 330 38 310
================================================================================
NOTES:
# LAST OF SEVERAL OCCURRENCES
COLUMN 17 PEAK WIND IN M.P.H.
PRELIMINARY LOCAL CLIMATOLOGICAL DATA (WS FORM: F-6) , PAGE 2
STATION: LAKELAND LINDER
MONTH: JANUARY
YEAR: 2022
LATITUDE: 28 0 N
LONGITUDE: 82 3 W
[TEMPERATURE DATA] [PRECIPITATION DATA] SYMBOLS USED IN COLUMN 16
AVERAGE MONTHLY: 61.0 TOTAL FOR MONTH: 0.87 1 = FOG OR MIST
DPTR FM NORMAL: -1.2 DPTR FM NORMAL: -2.12 2 = FOG REDUCING VISIBILITY
HIGHEST: 85 ON 2, 1 GRTST 24HR 0.81 ON 16-16 TO 1/4 MILE OR LESS
LOWEST: 30 ON 30 3 = THUNDER
SNOW, ICE PELLETS, HAIL 4 = ICE PELLETS
TOTAL MONTH: 0.0 INCH 5 = HAIL
GRTST 24HR 0.0 6 = FREEZING RAIN OR DRIZZLE
GRTST DEPTH: 0 7 = DUSTSTORM OR SANDSTORM:
VSBY 1/2 MILE OR LESS
8 = SMOKE OR HAZE
[NO. OF DAYS WITH] [WEATHER - DAYS WITH] 9 = BLOWING SNOW
X = TORNADO
MAX 32 OR BELOW: 0 0.01 INCH OR MORE: 6
MAX 90 OR ABOVE: 0 0.10 INCH OR MORE: 3
MIN 32 OR BELOW: 3 0.50 INCH OR MORE: 0
MIN 0 OR BELOW: 0 1.00 INCH OR MORE: 0
[HDD (BASE 65) ]
TOTAL THIS MO. 164 CLEAR (SCALE 0-3) 12
DPTR FM NORMAL 11 PTCLDY (SCALE 4-7) 15
TOTAL FM JUL 1 227 CLOUDY (SCALE 8-10) 4
DPTR FM NORMAL -116
[CDD (BASE 65) ]
TOTAL THIS MO. 47
DPTR FM NORMAL -10 [PRESSURE DATA]
TOTAL FM JAN 1 47 HIGHEST SLP M ON M
DPTR FM NORMAL -10 LOWEST SLP M ON M
[REMARKS]
#FINAL-01-22#