000
CXUS53 KGRR 010910
CF6LAN
PRELIMINARY LOCAL CLIMATOLOGICAL DATA (WS FORM: F-6)
STATION: LANSING
MONTH: JULY
YEAR: 2022
LATITUDE: 42 46 N
LONGITUDE: 84 36 W
TEMPERATURE IN F: :PCPN: SNOW: WIND :SUNSHINE: SKY :PK WND
================================================================================
1 2 3 4 5 6A 6B 7 8 9 10 11 12 13 14 15 16 17 18
12Z AVG MX 2MIN
DY MAX MIN AVG DEP HDD CDD WTR SNW DPTH SPD SPD DIR MIN PSBL S-S WX SPD DR
================================================================================
1 86 60 73 2 0 8 0.00 0.0 0 9.0 18 250 M M 2 24 250
2 85 56 71 0 0 6 0.00 0.0 0 5.9 16 310 M M 0 25 310
3 88 60 74 2 0 9 0.00 0.0 0 3.7 14 240 M M 2 23 270
4 91 64 78 6 0 13 0.15 0.0 0 6.4 16 160 M M 1 38 22 200
5 88 69 79 7 0 14 0.40 0.0 0 10.4 22 170 M M 7 13 31 170
6 77 62 70 -2 0 5 0.20 0.0 0 7.8 14 50 M M 7 1 18 50
7 86 59 73 1 0 8 0.00 0.0 0 2.3 9 270 M M 4 12 250
8 83 62 73 1 0 8 T 0.0 0 7.0 16 50 M M 5 1 22 20
9 82 53 68 -4 0 3 0.00 0.0 0 8.3 18 70 M M 0 25 70
10 84 49 67 -5 0 2 0.00 0.0 0 3.8 12 240 M M 0 15 220
11 83 64 74 2 0 9 0.06 0.0 0 11.1 28 250 M M 4 3 36 290
12 82 65 74 2 0 9 0.00 0.0 0 10.3 21 280 M M 3 29 270
13 79 61 70 -2 0 5 0.04 0.0 0 4.5 14 20 M M 4 1 19 30
14 83 56 70 -2 0 5 0.00 0.0 0 2.7 12 40 M M 2 1 14 50
15 80 60 70 -2 0 5 0.48 0.0 0 7.1 18 180 M M 5 1 25 190
16 84 66 75 3 0 10 0.00 0.0 0 3.1 10 50 M M 7 1 17 130
17 81 67 74 2 0 9 0.00 0.0 0 6.2 15 100 M M 7 128 20 100
18 90 64 77 5 0 12 0.00 0.0 0 7.3 15 270 M M 1 18 20 280
19 91 70 81 9 0 16 0.00 0.0 0 10.0 18 240 M M 1 25 230
20 92 73 83 11 0 18 T 0.0 0 16.3 32 250 M M 3 46 260
21 90 70 80 8 0 15 0.00 0.0 0 11.4 26 260 M M 2 35 260
22 91 67 79 7 0 14 0.00 0.0 0 9.4 18 290 M M 1 26 280
23 90 69 80 8 0 15 0.28 0.0 0 8.2 44 270 M M 3 13 60 270
24 86 68 77 5 0 12 0.68 0.0 0 11.0 29 240 M M 6 13 41 240
25 79 59 69 -3 0 4 0.00 0.0 0 7.3 20 300 M M 2 26 300
26 82 57 70 -2 0 5 0.00 0.0 0 1.1 9 250 M M 2 12 230
27 84 61 73 1 0 8 0.01 0.0 0 6.1 17 250 M M 5 18 25 260
28 80 64 72 0 0 7 T 0.0 0 11.5 24 260 M M 2 1 33 260
29 82 58 70 -2 0 5 0.00 0.0 0 9.6 20 280 M M 1 28 280
30 84 56 70 -2 0 5 0.00 0.0 0 4.0 14 270 M M 2 19 240
31 86 61 74 2 0 9 0.00 0.0 0 5.4 17 200 M M 3 22 200
================================================================================
SM 2629 1930 0 273 2.30 0.0 228.2 M 94
================================================================================
AV 84.8 62.3 7.4 FASTST M M 3 MAX(MPH)
MISC ----> 44 270 60 270
================================================================================
NOTES:
# LAST OF SEVERAL OCCURRENCES
COLUMN 17 PEAK WIND IN M.P.H.
PRELIMINARY LOCAL CLIMATOLOGICAL DATA (WS FORM: F-6) , PAGE 2
STATION: LANSING
MONTH: JULY
YEAR: 2022
LATITUDE: 42 46 N
LONGITUDE: 84 36 W
[TEMPERATURE DATA] [PRECIPITATION DATA] SYMBOLS USED IN COLUMN 16
AVERAGE MONTHLY: 73.5 TOTAL FOR MONTH: 2.30 1 = FOG OR MIST
DPTR FM NORMAL: 1.7 DPTR FM NORMAL: -0.64 2 = FOG REDUCING VISIBILITY
HIGHEST: 92 ON 20 GRTST 24HR 0.94 ON 23-24 TO 1/4 MILE OR LESS
LOWEST: 49 ON 10 3 = THUNDER
SNOW, ICE PELLETS, HAIL 4 = ICE PELLETS
TOTAL MONTH: 0.0 INCH 5 = HAIL
GRTST 24HR 0.0 6 = FREEZING RAIN OR DRIZZLE
GRTST DEPTH: 0 7 = DUSTSTORM OR SANDSTORM:
VSBY 1/2 MILE OR LESS
8 = SMOKE OR HAZE
[NO. OF DAYS WITH] [WEATHER - DAYS WITH] 9 = BLOWING SNOW
X = TORNADO
MAX 32 OR BELOW: 0 0.01 INCH OR MORE: 9
MAX 90 OR ABOVE: 7 0.10 INCH OR MORE: 6
MIN 32 OR BELOW: 0 0.50 INCH OR MORE: 1
MIN 0 OR BELOW: 0 1.00 INCH OR MORE: 0
[HDD (BASE 65) ]
TOTAL THIS MO. 0 CLEAR (SCALE 0-3) 18
DPTR FM NORMAL -10 PTCLDY (SCALE 4-7) 13
TOTAL FM JUL 1 0 CLOUDY (SCALE 8-10) 0
DPTR FM NORMAL 0
[CDD (BASE 65) ]
TOTAL THIS MO. 273
DPTR FM NORMAL 51 [PRESSURE DATA]
TOTAL FM JAN 1 588 HIGHEST SLP 30.22 ON 9
DPTR FM NORMAL 182 LOWEST SLP 29.48 ON 20
[REMARKS]
#FINAL-07-22#