000
CXUS53 KGRR 010910
CF6LAN
PRELIMINARY LOCAL CLIMATOLOGICAL DATA (WS FORM: F-6)
STATION: LANSING
MONTH: APRIL
YEAR: 2022
LATITUDE: 42 46 N
LONGITUDE: 84 36 W
TEMPERATURE IN F: :PCPN: SNOW: WIND :SUNSHINE: SKY :PK WND
================================================================================
1 2 3 4 5 6A 6B 7 8 9 10 11 12 13 14 15 16 17 18
12Z AVG MX 2MIN
DY MAX MIN AVG DEP HDD CDD WTR SNW DPTH SPD SPD DIR MIN PSBL S-S WX SPD DR
================================================================================
1 37 29 33 -8 32 0 T T 0 9.6 21 300 M M 9 8 29 320
2 45 25 35 -7 30 0 0.04 T 0 4.6 14 150 M M 5 18 17 160
3 48 34 41 -1 24 0 0.03 T 0 5.5 13 330 M M 9 18 18 330
4 45 34 40 -2 25 0 0.35 0.2 0 9.7 16 140 M M 9 18 21 130
5 59 40 50 7 15 0 0.00 0.0 0 5.8 14 60 M M 6 18 20 110
6 52 42 47 4 18 0 0.63 0.0 0 11.5 28 290 M M 9 18 36 290
7 48 39 44 0 21 0 0.01 T 0 11.0 21 240 M M 10 18 29 250
8 48 33 41 -3 24 0 0.34 T 0 9.6 22 260 M M 10 1 31 250
9 41 31 36 -8 29 0 T T 0 10.0 17 270 M M 9 1 24 290
10 58 26 42 -3 23 0 0.00 0.0 0 7.3 20 140 M M 0 1 29 140
11 69 44 57 12 8 0 0.00 0.0 0 12.2 23 260 M M 3 33 270
12 69 34 52 6 13 0 0.00 0.0 0 8.1 23 140 M M 1 31 130
13 68 57 63 17 2 0 0.43 0.0 0 12.2 21 210 M M 9 18 31 210
14 62 38 50 4 15 0 0.03 0.0 0 20.6 43 260 M M 4 18 58 250
15 50 41 46 -1 19 0 T 0.0 0 16.9 33 270 M M 8 50 250
16 43 28 36 -11 29 0 0.00 0.0 0 11.5 22 290 M M 5 30 260
17 47 30 39 -9 26 0 0.00 0.0 0 8.1 16 110 M M 4 24 120
18 37 32 35 -13 30 0 0.19 0.3 0 5.9 14 280 M M 8 1 19 280
19 45 33 39 -9 26 0 0.01 T 0 12.8 24 300 M M 9 1 38 290
20 54 26 40 -9 25 0 T 0.0 0 9.9 23 150 M M 4 31 160
21 65 44 55 6 10 0 0.14 0.0 0 14.3 32 260 M M 5 1 45 260
22 54 36 45 -5 20 0 0.51 0.0 0 9.8 22 150 M M 5 13 28 150
23 83 46 65 15 0 0 0.39 0.0 0 13.9 23 190 M M 2 13 30 220
24 81 66 74 24 0 9 0.36 0.0 0 14.3 45 250 M M 4 138 66 250
25 66 42 54 3 11 0 T 0.0 0 11.8 24 270 M M 8 32 260
26 45 35 40 -11 25 0 T T 0 13.6 28 270 M M 8 37 260
27 44 31 38 -14 27 0 0.00 0.0 0 7.8 17 310 M M 6 26 320
28 56 27 42 -10 23 0 0.00 0.0 0 6.5 14 110 M M 1 20 130
29 63 36 50 -2 15 0 0.00 0.0 0 10.5 17 130 M M 4 26 150
30 62 45 54 1 11 0 0.07 0.0 0 13.3 23 110 M M 6 3 32 110
================================================================================
SM 1644 1104 576 9 3.53 0.5 318.6 M 180
================================================================================
AV 54.8 36.8 10.6 FASTST M M 6 MAX(MPH)
MISC ----> 45 250 66 250
================================================================================
NOTES:
# LAST OF SEVERAL OCCURRENCES
COLUMN 17 PEAK WIND IN M.P.H.
PRELIMINARY LOCAL CLIMATOLOGICAL DATA (WS FORM: F-6) , PAGE 2
STATION: LANSING
MONTH: APRIL
YEAR: 2022
LATITUDE: 42 46 N
LONGITUDE: 84 36 W
[TEMPERATURE DATA] [PRECIPITATION DATA] SYMBOLS USED IN COLUMN 16
AVERAGE MONTHLY: 45.8 TOTAL FOR MONTH: 3.53 1 = FOG OR MIST
DPTR FM NORMAL: -1.2 DPTR FM NORMAL: 0.27 2 = FOG REDUCING VISIBILITY
HIGHEST: 83 ON 23 GRTST 24HR 0.90 ON 22-23 TO 1/4 MILE OR LESS
LOWEST: 25 ON 2 3 = THUNDER
SNOW, ICE PELLETS, HAIL 4 = ICE PELLETS
TOTAL MONTH: 0.5 INCH 5 = HAIL
GRTST 24HR 0.3 ON 18-18 6 = FREEZING RAIN OR DRIZZLE
GRTST DEPTH: 0 7 = DUSTSTORM OR SANDSTORM:
VSBY 1/2 MILE OR LESS
8 = SMOKE OR HAZE
[NO. OF DAYS WITH] [WEATHER - DAYS WITH] 9 = BLOWING SNOW
X = TORNADO
MAX 32 OR BELOW: 0 0.01 INCH OR MORE: 15
MAX 90 OR ABOVE: 0 0.10 INCH OR MORE: 9
MIN 32 OR BELOW: 10 0.50 INCH OR MORE: 2
MIN 0 OR BELOW: 0 1.00 INCH OR MORE: 0
[HDD (BASE 65) ]
TOTAL THIS MO. 576 CLEAR (SCALE 0-3) 5
DPTR FM NORMAL 32 PTCLDY (SCALE 4-7) 15
TOTAL FM JUL 1 5841 CLOUDY (SCALE 8-10) 10
DPTR FM NORMAL -481
[CDD (BASE 65) ]
TOTAL THIS MO. 9
DPTR FM NORMAL 5 [PRESSURE DATA]
TOTAL FM JAN 1 9 HIGHEST SLP 30.55 ON 22
DPTR FM NORMAL 4 LOWEST SLP 29.43 ON 14
[REMARKS]
#FINAL-04-22#